{"id":794,"date":"2024-06-22T16:47:50","date_gmt":"2024-06-22T09:47:50","guid":{"rendered":"https:\/\/omanivietnam.com\/?post_type=product&#038;p=794"},"modified":"2024-08-24T21:31:33","modified_gmt":"2024-08-24T14:31:33","slug":"ifm-igt205","status":"publish","type":"product","link":"https:\/\/sipin.com.vn\/index.php\/product\/ifm-igt205\/","title":{"rendered":"IFM IGT205"},"content":{"rendered":"<p>IFM IGT205<\/p>\n<p>IFM IGT205 l\u00e0 m\u1ed9t lo\u1ea1i c\u1ea3m bi\u1ebfn ti\u1ec7m c\u1eadn kh\u00f4ng ti\u1ebfp x\u00fac \u0111\u01b0\u1ee3c s\u1eed d\u1ee5ng \u0111\u1ec3 ph\u00e1t<br \/>\nhi\u1ec7n s\u1ef1 c\u00f3 m\u1eb7t ho\u1eb7c v\u1eafng m\u1eb7t c\u1ee7a c\u00e1c \u0111\u1ed1i t\u01b0\u1ee3ng kim lo\u1ea1i ho\u1eb7c phi kim lo\u1ea1i.<\/p>\n<p>Th\u00f4ng tin chi ti\u1ebft v\u1ec1 IFM IGT205<\/p>\n<table class=\"pd-table\">\n<tbody>\n<tr>\n<th class=\"pd-table-h1\" colspan=\"2\" scope=\"colgroup\">\u0110\u1eb6C T\u00cdNH S\u1ea2N PH\u1ea8M<\/th>\n<\/tr>\n<tr>\n<td>Thi\u1ebft k\u1ebf \u0111i\u1ec7n<\/td>\n<td>PNP \/ NPN<\/td>\n<\/tr>\n<tr>\n<td>Ch\u1ee9c n\u0103ng \u0111\u1ea7u ra<\/td>\n<td>M\u1edf th\u00f4ng th\u01b0\u1eddng<\/td>\n<\/tr>\n<tr>\n<td>Ph\u1ea1m vi c\u1ea3m bi\u1ebfn [mm]<\/td>\n<td>s\u1ed1 8<\/td>\n<\/tr>\n<tr>\n<td>K\u1ebft n\u1ed1i<\/td>\n<td>lo\u1ea1i ren<\/td>\n<\/tr>\n<tr>\n<td>K\u00edch th\u01b0\u1edbc [mm]<\/td>\n<td>M18 x 1 \/ L = 70<\/td>\n<\/tr>\n<tr>\n<th class=\"pd-table-h1\" colspan=\"2\" scope=\"colgroup\">\u1ee8NG D\u1ee4NG<\/th>\n<\/tr>\n<tr>\n<td>T\u00ednh n\u0103ng \u0111\u1eb7c bi\u1ec7t<\/td>\n<td>Ti\u1ebfp \u0111i\u1ec3m m\u1ea1 v\u00e0ng;\u00a0T\u0103ng ph\u1ea1m vi c\u1ea3m bi\u1ebfn;\u00a0H\u1ed7 tr\u1ee3thi\u1ebft l\u1eadp quang h\u1ecdc<\/td>\n<\/tr>\n<tr>\n<td>\u1ee8ng d\u1ee5ng<\/td>\n<td>Quy tr\u00ecnh l\u00e0m s\u1ea1ch th\u01b0\u1eddng xuy\u00ean<\/td>\n<\/tr>\n<tr>\n<th class=\"pd-table-h1\" colspan=\"2\" scope=\"colgroup\">D\u1eee LI\u1ec6U \u0110I\u1ec6N<\/th>\n<\/tr>\n<tr>\n<td>\u0110i\u1ec7n \u00e1p ho\u1ea1t \u0111\u1ed9ng [V]<\/td>\n<td>10 \u2026 36 DC<\/td>\n<\/tr>\n<tr>\n<td>L\u1edbp b\u1ea3o v\u1ec7<\/td>\n<td>II<\/td>\n<\/tr>\n<tr>\n<td>B\u1ea3o v\u1ec7 ph\u00e2n c\u1ef1c ng\u01b0\u1ee3c<\/td>\n<td>C\u00f3<\/td>\n<\/tr>\n<tr>\n<th class=\"pd-table-h1\" colspan=\"2\" scope=\"colgroup\">K\u1ebeT QU\u1ea2 \u0110\u1ea6U RA<\/th>\n<\/tr>\n<tr>\n<td>Thi\u1ebft k\u1ebf \u0111i\u1ec7n<\/td>\n<td>PNP \/ NPN<\/td>\n<\/tr>\n<tr>\n<td>Ch\u1ee9c n\u0103ng \u0111\u1ea7u ra<\/td>\n<td>M\u1edf th\u00f4ng th\u01b0\u1eddng<\/td>\n<\/tr>\n<tr>\n<td>T\u1ed1i \u0111a\u00a0\u0111\u1ea7u ra chuy\u1ec3n m\u1ea1ch s\u1ee5t \u00e1p DC [V]<\/td>\n<td>2,8<\/td>\n<\/tr>\n<tr>\n<td>D\u00f2ng t\u1ea3i t\u1ed1i thi\u1ec3u [mA]<\/td>\n<td>2;\u00a0(ch\u1ec9 trong ho\u1ea1t \u0111\u1ed9ng 2 d\u00e2y)<\/td>\n<\/tr>\n<tr>\n<td>T\u1ed1i \u0111a\u00a0d\u00f2ng \u0111i\u1ec7n r\u00f2 r\u1ec9 [mA]<\/td>\n<td>0,5;\u00a0(ch\u1ec9 trong ho\u1ea1t \u0111\u1ed9ng 2 d\u00e2y)<\/td>\n<\/tr>\n<tr>\n<td>\u0110\u00e1nh gi\u00e1 d\u00f2ng \u0111i\u1ec7n v\u0129nh vi\u1ec5n c\u1ee7a \u0111\u1ea7u ra chuy\u1ec3n m\u1ea1ch DC [mA]<\/td>\n<td>100<\/td>\n<\/tr>\n<tr>\n<td>Chuy\u1ec3n \u0111\u1ed5i t\u1ea7n s\u1ed1 DC [Hz]<\/td>\n<td>400<\/td>\n<\/tr>\n<tr>\n<td>B\u1ea3o v\u1ec7 ng\u1eafn m\u1ea1ch<\/td>\n<td>C\u00f3<\/td>\n<\/tr>\n<tr>\n<td>Lo\u1ea1i b\u1ea3o v\u1ec7 ng\u1eafn m\u1ea1ch<\/td>\n<td>Xung<\/td>\n<\/tr>\n<tr>\n<td>B\u1ea3o v\u1ec7 qu\u00e1 t\u1ea3i<\/td>\n<td>C\u00f3<\/td>\n<\/tr>\n<\/tbody>\n<\/table>\n<p>&nbsp;<\/p>\n<div id=\"tab-description\" class=\"woocommerce-Tabs-panel woocommerce-Tabs-panel--description panel entry-content wc-tab\" role=\"tabpanel\" aria-labelledby=\"tab-title-description\">\n<table class=\"woocommerce-product-attributes shop_attributes\">\n<tbody>\n<tr>\n<th class=\"pd-table-h1\" colspan=\"2\">Product characteristics<\/th>\n<\/tr>\n<tr>\n<td>Electrical design<\/td>\n<td>PNP\/NPN<\/td>\n<\/tr>\n<tr>\n<td>Output function<\/td>\n<td>normally open<\/td>\n<\/tr>\n<tr>\n<td>Sensing range [mm]<\/td>\n<td>8<\/td>\n<\/tr>\n<tr>\n<td>Housing<\/td>\n<td>threaded type<\/td>\n<\/tr>\n<tr>\n<td>Dimensions [mm]<\/td>\n<td>M18 x 1 \/ L = 70<\/td>\n<\/tr>\n<tr>\n<th class=\"pd-table-h1\" colspan=\"2\">Application<\/th>\n<\/tr>\n<tr>\n<td>Special feature<\/td>\n<td>Gold-plated contacts; Increased sensing range; Optical setting aid<\/td>\n<\/tr>\n<tr>\n<td>Application<\/td>\n<td>regular cleaning processes<\/td>\n<\/tr>\n<tr>\n<th class=\"pd-table-h1\" colspan=\"2\">Electrical data<\/th>\n<\/tr>\n<tr>\n<td>Operating voltage [V]<\/td>\n<td>10\u202636 DC<\/td>\n<\/tr>\n<tr>\n<td>Protection class<\/td>\n<td>II<\/td>\n<\/tr>\n<tr>\n<td>Reverse polarity protection<\/td>\n<td>yes<\/td>\n<\/tr>\n<tr>\n<th class=\"pd-table-h1\" colspan=\"2\">Outputs<\/th>\n<\/tr>\n<tr>\n<td>Electrical design<\/td>\n<td>PNP\/NPN<\/td>\n<\/tr>\n<tr>\n<td>Output function<\/td>\n<td>normally open<\/td>\n<\/tr>\n<tr>\n<td>Max. voltage drop switching output DC [V]<\/td>\n<td>2.8<\/td>\n<\/tr>\n<tr>\n<td>Minimum load current [mA]<\/td>\n<td>2; (only in 2-wire operation)<\/td>\n<\/tr>\n<tr>\n<td>Max. leakage current [mA]<\/td>\n<td>0.5; (only in 2-wire operation)<\/td>\n<\/tr>\n<tr>\n<td>Permanent current rating of switching output DC [mA]<\/td>\n<td>100<\/td>\n<\/tr>\n<tr>\n<td>Switching frequency DC [Hz]<\/td>\n<td>400<\/td>\n<\/tr>\n<tr>\n<td>Short-circuit protection<\/td>\n<td>yes<\/td>\n<\/tr>\n<tr>\n<td>Type of short-circuit protection<\/td>\n<td>pulsed<\/td>\n<\/tr>\n<tr>\n<td>Overload protection<\/td>\n<td>yes<\/td>\n<\/tr>\n<tr>\n<th class=\"pd-table-h1\" colspan=\"2\">Detection zone<\/th>\n<\/tr>\n<tr>\n<td>Sensing range [mm]<\/td>\n<td>8<\/td>\n<\/tr>\n<tr>\n<td>Operating distance [mm]<\/td>\n<td>0\u20266.48<\/td>\n<\/tr>\n<tr>\n<td>Increased sensing range<\/td>\n<td>yes<\/td>\n<\/tr>\n<tr>\n<th class=\"pd-table-h1\" colspan=\"2\">Accuracy \/ deviations<\/th>\n<\/tr>\n<tr>\n<td>Correction factor<\/td>\n<td>steel: 1 \/ stainless steel: 0.8 \/ brass: 0.5 \/ aluminium: 0.4 \/ copper: 0.3<\/td>\n<\/tr>\n<tr>\n<td>Hysteresis [% of Sr]<\/td>\n<td>1\u202620<\/td>\n<\/tr>\n<tr>\n<th class=\"pd-table-h1\" colspan=\"2\">Operating conditions<\/th>\n<\/tr>\n<tr>\n<td>Ambient temperature [\u00b0C]<\/td>\n<td>0\u2026100<\/td>\n<\/tr>\n<tr>\n<td>Protection<\/td>\n<td>IP 68; IP 69K; (\u201cCOP\u201d)<\/td>\n<\/tr>\n<tr>\n<th class=\"pd-table-h1\" colspan=\"2\">Mechanical data<\/th>\n<\/tr>\n<tr>\n<td>Weight [g]<\/td>\n<td>54.8<\/td>\n<\/tr>\n<tr>\n<td>Housing<\/td>\n<td>threaded type<\/td>\n<\/tr>\n<tr>\n<td>Mounting<\/td>\n<td>flush mountable<\/td>\n<\/tr>\n<tr>\n<td>Dimensions [mm]<\/td>\n<td>M18 x 1 \/ L = 70<\/td>\n<\/tr>\n<tr>\n<td>Thread designation<\/td>\n<td>M18 x 1<\/td>\n<\/tr>\n<tr>\n<td>Materials<\/td>\n<td>threaded sleeve: stainless steel (1.4404 \/ 316L); sensing face: PEEK; lock nuts: stainless steel<\/td>\n<\/tr>\n<tr>\n<th class=\"pd-table-h1\" colspan=\"2\">Displays \/ operating elements<\/th>\n<\/tr>\n<tr>\n<td>Display<\/td>\n<td>\n<table>\n<caption>\u00a0<\/caption>\n<colgroup class=\"pd-table-cols-2\">\n<col class=\"pd-table-col-1\" \/>\n<col class=\"pd-table-col-2\" \/><\/colgroup>\n<tbody>\n<tr>\n<td>switching status<\/td>\n<td>4 x 90\u00b0 LED, yellow<\/td>\n<\/tr>\n<tr>\n<td>setting aid<\/td>\n<td>1 x LED, red<\/td>\n<\/tr>\n<\/tbody>\n<\/table>\n<\/td>\n<\/tr>\n<tr>\n<td>Optical setting aid<\/td>\n<td>yes<\/td>\n<\/tr>\n<tr>\n<th class=\"pd-table-h1\" colspan=\"2\">Accessories<\/th>\n<\/tr>\n<tr>\n<td>Accessories (supplied)<\/td>\n<td>\n<table>\n<caption>\u00a0<\/caption>\n<colgroup class=\"pd-table-cols-1\">\n<col class=\"pd-table-col-1\" \/><\/colgroup>\n<tbody>\n<tr>\n<td>lock nuts: 2<\/td>\n<\/tr>\n<\/tbody>\n<\/table>\n<\/td>\n<\/tr>\n<tr>\n<th class=\"pd-table-h1\" colspan=\"2\">Remarks<\/th>\n<\/tr>\n<tr>\n<td>Pack quantity<\/td>\n<td>1 pcs.<\/td>\n<\/tr>\n<tr>\n<th class=\"pd-table-h1\" colspan=\"2\">Electrical connection \u2013 plug<\/th>\n<\/tr>\n<tr>\n<td><\/td>\n<td>Connector: 1 x M12; Contacts: gold-plated<\/td>\n<\/tr>\n<\/tbody>\n<\/table>\n<\/div>\n<div id=\"tab-additional_information\" class=\"woocommerce-Tabs-panel woocommerce-Tabs-panel--additional_information panel entry-content wc-tab\" role=\"tabpanel\" aria-labelledby=\"tab-title-additional_information\">\n<h2>Th\u00f4ng tin b\u1ed5 sung<\/h2>\n<table class=\"woocommerce-product-attributes shop_attributes\">\n<tbody>\n<tr class=\"woocommerce-product-attributes-item woocommerce-product-attributes-item--attribute_pa_brand\">\n<th class=\"woocommerce-product-attributes-item__label\">Th\u01b0\u01a1ng hi\u1ec7u<\/th>\n<td class=\"woocommerce-product-attributes-item__value\">\n<div>\n<p><a href=\"https:\/\/codienhaiau.com\/brand\/ifm\/\" rel=\"tag\">IFM<\/a><\/p>\n<\/div>\n<\/td>\n<\/tr>\n<tr class=\"woocommerce-product-attributes-item woocommerce-product-attributes-item--attribute_pa_thoi-gian-bao-hanh\">\n<th class=\"woocommerce-product-attributes-item__label\">Th\u1eddi gian b\u1ea3o h\u00e0nh<\/th>\n<td class=\"woocommerce-product-attributes-item__value\">\n<div>\n<p>5 N\u0103m<\/p>\n<\/div>\n<\/td>\n<\/tr>\n<tr class=\"woocommerce-product-attributes-item woocommerce-product-attributes-item--attribute_pa_dien-ap-ngo-vao\">\n<th class=\"woocommerce-product-attributes-item__label\">\u0110i\u1ec7n \u00e1p ng\u00f5 v\u00e0o<\/th>\n<td class=\"woocommerce-product-attributes-item__value\">\n<div>\n<p>12V<\/p>\n<\/div>\n<\/td>\n<\/tr>\n<tr class=\"woocommerce-product-attributes-item woocommerce-product-attributes-item--attribute_pa_khoang-cach-phat-hien\">\n<th class=\"woocommerce-product-attributes-item__label\">Kho\u1ea3ng c\u00e1ch ph\u00e1t hi\u1ec7n<\/th>\n<td class=\"woocommerce-product-attributes-item__value\">\n<div>\n<p>8mm<\/p>\n<\/div>\n<\/td>\n<\/tr>\n<tr class=\"woocommerce-product-attributes-item woocommerce-product-attributes-item--attribute_pa_ngo-ra\">\n<th class=\"woocommerce-product-attributes-item__label\">Ng\u00f5 ra<\/th>\n<td class=\"woocommerce-product-attributes-item__value\">\n<div>\n<p>NO, NPN, PNP<\/p>\n<\/div>\n<\/td>\n<\/tr>\n<\/tbody>\n<\/table>\n<\/div>\n<p>\u0110\u1ea1i l\u00fd IFM vietnam, IFM viet nam, IFM vietnam distributor, Ph\u00e2n ph\u1ed1i IFM t\u1ea1i vi\u1ec7t nam<\/p>\n<p>\u0110\u1ea1i l\u00fd IFM vietnam, IFM viet nam, IFM vietnam distributor, Ph\u00e2n ph\u1ed1i IFM t\u1ea1i vi\u1ec7t nam<\/p>\n<p>\u0110\u1ea1i l\u00fd IFM vietnam, IFM viet nam, IFM vietnam distributor, Ph\u00e2n ph\u1ed1i IFM t\u1ea1i vi\u1ec7t nam<\/p>\n<p>\u0110\u1ea1i l\u00fd IFM vietnam, IFM viet nam, IFM vietnam distributor, Ph\u00e2n ph\u1ed1i IFM t\u1ea1i vi\u1ec7t nam<\/p>\n<p>\u0110\u1ea1i l\u00fd IFM vietnam, IFM viet nam, IFM vietnam distributor, Ph\u00e2n ph\u1ed1i IFM t\u1ea1i vi\u1ec7t nam<\/p>\n","protected":false},"excerpt":{"rendered":"<p>IFM IGT205 IFM IGT205 l\u00e0 m\u1ed9t lo\u1ea1i c\u1ea3m bi\u1ebfn ti\u1ec7m c\u1eadn kh\u00f4ng ti\u1ebfp x\u00fac \u0111\u01b0\u1ee3c s\u1eed d\u1ee5ng \u0111\u1ec3 ph\u00e1t hi\u1ec7n s\u1ef1 c\u00f3 m\u1eb7t ho\u1eb7c v\u1eafng m\u1eb7t c\u1ee7a c\u00e1c \u0111\u1ed1i t\u01b0\u1ee3ng kim lo\u1ea1i ho\u1eb7c phi kim lo\u1ea1i. Th\u00f4ng tin chi ti\u1ebft v\u1ec1 IFM IGT205 \u0110\u1eb6C T\u00cdNH S\u1ea2N PH\u1ea8M Thi\u1ebft k\u1ebf \u0111i\u1ec7n&hellip; <\/p>\n","protected":false},"featured_media":795,"comment_status":"open","ping_status":"closed","template":"","meta":{"om_disable_all_campaigns":false,"_monsterinsights_skip_tracking":false,"_monsterinsights_sitenote_active":false,"_monsterinsights_sitenote_note":"","_monsterinsights_sitenote_category":0},"product_cat":[15],"product_tag":[88,166,165],"class_list":{"0":"post-794","1":"product","2":"type-product","3":"status-publish","4":"has-post-thumbnail","6":"product_cat-apex","7":"product_tag-cam-bien","8":"product_tag-dai-ly-ifm-viet-nam","9":"product_tag-ifm-viet-nam","11":"first","12":"instock","13":"shipping-taxable","14":"product-type-simple"},"aioseo_notices":[],"yoast_head":"<!-- This site is optimized with the Yoast SEO plugin v22.8 - https:\/\/yoast.com\/wordpress\/plugins\/seo\/ -->\n<title>IFM IGT205 - OMANI VI\u1ec6T NAM<\/title>\n<meta name=\"description\" content=\"C\u1ea3m bi\u1ebfn ti\u1ec7m c\u1eadn IFM IGT205 \u00b7 - Lo\u1ea1i c\u1ea3m bi\u1ebfn: C\u1ea3m bi\u1ebfn ti\u1ec7m c\u1eadn \u0111i\u1ec7n c\u1ea3m \u00b7 - S\u1ed1 ch\u00e2n: 4 \u00b7 - H\u00ecnh d\u1ea1ng: H\u00ecnh tr\u1ee5 tr\u00f2n \u00b7 - V\u1eadt li\u1ec7u: Th\u00e9p kh\u00f4ng g\u1ec9 \u00b7 - IP rating ..\" \/>\n<meta name=\"robots\" content=\"index, follow, max-snippet:-1, max-image-preview:large, max-video-preview:-1\" \/>\n<link rel=\"canonical\" href=\"https:\/\/sipin.com.vn\/index.php\/product\/ifm-igt205\/\" \/>\n<meta property=\"og:locale\" content=\"vi_VN\" \/>\n<meta property=\"og:type\" content=\"article\" \/>\n<meta property=\"og:title\" content=\"IFM IGT205 - OMANI VI\u1ec6T NAM\" \/>\n<meta property=\"og:description\" content=\"C\u1ea3m bi\u1ebfn ti\u1ec7m c\u1eadn IFM IGT205 \u00b7 - Lo\u1ea1i c\u1ea3m bi\u1ebfn: C\u1ea3m bi\u1ebfn ti\u1ec7m c\u1eadn \u0111i\u1ec7n c\u1ea3m \u00b7 - S\u1ed1 ch\u00e2n: 4 \u00b7 - H\u00ecnh d\u1ea1ng: H\u00ecnh tr\u1ee5 tr\u00f2n \u00b7 - V\u1eadt li\u1ec7u: Th\u00e9p kh\u00f4ng g\u1ec9 \u00b7 - IP rating ..\" \/>\n<meta property=\"og:url\" content=\"https:\/\/sipin.com.vn\/index.php\/product\/ifm-igt205\/\" \/>\n<meta property=\"og:site_name\" content=\"OMANI VI\u1ec6T NAM\" \/>\n<meta property=\"article:modified_time\" content=\"2024-08-24T14:31:33+00:00\" \/>\n<meta property=\"og:image\" content=\"https:\/\/sipin.com.vn\/wp-content\/uploads\/2024\/06\/IGT205.png\" \/>\n\t<meta property=\"og:image:width\" content=\"336\" \/>\n\t<meta property=\"og:image:height\" content=\"427\" \/>\n\t<meta property=\"og:image:type\" content=\"image\/png\" \/>\n<meta name=\"twitter:card\" content=\"summary_large_image\" \/>\n<meta name=\"twitter:label1\" content=\"\u01af\u1edbc t\u00ednh th\u1eddi gian \u0111\u1ecdc\" \/>\n\t<meta name=\"twitter:data1\" content=\"4 ph\u00fat\" \/>\n<script type=\"application\/ld+json\" class=\"yoast-schema-graph\">{\"@context\":\"https:\/\/schema.org\",\"@graph\":[{\"@type\":\"WebPage\",\"@id\":\"https:\/\/sipin.com.vn\/index.php\/product\/ifm-igt205\/\",\"url\":\"https:\/\/sipin.com.vn\/index.php\/product\/ifm-igt205\/\",\"name\":\"IFM IGT205 - OMANI VI\u1ec6T NAM\",\"isPartOf\":{\"@id\":\"https:\/\/sipin.com.vn\/#website\"},\"primaryImageOfPage\":{\"@id\":\"https:\/\/sipin.com.vn\/index.php\/product\/ifm-igt205\/#primaryimage\"},\"image\":{\"@id\":\"https:\/\/sipin.com.vn\/index.php\/product\/ifm-igt205\/#primaryimage\"},\"thumbnailUrl\":\"https:\/\/sipin.com.vn\/wp-content\/uploads\/2024\/06\/IGT205.png\",\"datePublished\":\"2024-06-22T09:47:50+00:00\",\"dateModified\":\"2024-08-24T14:31:33+00:00\",\"description\":\"C\u1ea3m bi\u1ebfn ti\u1ec7m c\u1eadn IFM IGT205 \u00b7 - Lo\u1ea1i c\u1ea3m bi\u1ebfn: C\u1ea3m bi\u1ebfn ti\u1ec7m c\u1eadn \u0111i\u1ec7n c\u1ea3m \u00b7 - S\u1ed1 ch\u00e2n: 4 \u00b7 - H\u00ecnh d\u1ea1ng: H\u00ecnh tr\u1ee5 tr\u00f2n \u00b7 - V\u1eadt li\u1ec7u: Th\u00e9p kh\u00f4ng g\u1ec9 \u00b7 - IP rating ..\",\"breadcrumb\":{\"@id\":\"https:\/\/sipin.com.vn\/index.php\/product\/ifm-igt205\/#breadcrumb\"},\"inLanguage\":\"vi\",\"potentialAction\":[{\"@type\":\"ReadAction\",\"target\":[\"https:\/\/sipin.com.vn\/index.php\/product\/ifm-igt205\/\"]}]},{\"@type\":\"ImageObject\",\"inLanguage\":\"vi\",\"@id\":\"https:\/\/sipin.com.vn\/index.php\/product\/ifm-igt205\/#primaryimage\",\"url\":\"https:\/\/sipin.com.vn\/wp-content\/uploads\/2024\/06\/IGT205.png\",\"contentUrl\":\"https:\/\/sipin.com.vn\/wp-content\/uploads\/2024\/06\/IGT205.png\",\"width\":336,\"height\":427},{\"@type\":\"BreadcrumbList\",\"@id\":\"https:\/\/sipin.com.vn\/index.php\/product\/ifm-igt205\/#breadcrumb\",\"itemListElement\":[{\"@type\":\"ListItem\",\"position\":1,\"name\":\"Home\",\"item\":\"https:\/\/sipin.com.vn\/\"},{\"@type\":\"ListItem\",\"position\":2,\"name\":\"S\u1ea2N PH\u1ea8M\",\"item\":\"https:\/\/sipin.com.vn\/index.php\/cua-hang\/\"},{\"@type\":\"ListItem\",\"position\":3,\"name\":\"IFM IGT205\"}]},{\"@type\":\"WebSite\",\"@id\":\"https:\/\/sipin.com.vn\/#website\",\"url\":\"https:\/\/sipin.com.vn\/\",\"name\":\"OMANI VI\u1ec6T NAM\",\"description\":\"Nh\u00e0 ph\u00e2n ph\u1ed1i thi\u1ebft b\u1ecb kh\u00ed n\u00e9n v\u00e0 thi\u1ebft b\u1ecb t\u1ef1 \u0111\u1ed9ng h\u00f3a trong c\u00f4ng nghi\u1ec7p\",\"publisher\":{\"@id\":\"https:\/\/sipin.com.vn\/#\/schema\/person\/0ad398a980dc3fd696111c2c5c8fa897\"},\"potentialAction\":[{\"@type\":\"SearchAction\",\"target\":{\"@type\":\"EntryPoint\",\"urlTemplate\":\"https:\/\/sipin.com.vn\/?s={search_term_string}\"},\"query-input\":\"required name=search_term_string\"}],\"inLanguage\":\"vi\"},{\"@type\":[\"Person\",\"Organization\"],\"@id\":\"https:\/\/sipin.com.vn\/#\/schema\/person\/0ad398a980dc3fd696111c2c5c8fa897\",\"name\":\"Nguy\u1ec5n V\u0103n Kh\u00e1nh\",\"image\":{\"@type\":\"ImageObject\",\"inLanguage\":\"vi\",\"@id\":\"https:\/\/sipin.com.vn\/#\/schema\/person\/image\/\",\"url\":\"https:\/\/sipin.com.vn\/wp-content\/uploads\/2024\/06\/logo-1024x1024.png\",\"contentUrl\":\"https:\/\/sipin.com.vn\/wp-content\/uploads\/2024\/06\/logo-1024x1024.png\",\"width\":1024,\"height\":1024,\"caption\":\"Nguy\u1ec5n V\u0103n Kh\u00e1nh\"},\"logo\":{\"@id\":\"https:\/\/sipin.com.vn\/#\/schema\/person\/image\/\"},\"sameAs\":[\"https:\/\/sipin.com.vn\"]}]}<\/script>\n<!-- \/ Yoast SEO plugin. -->","yoast_head_json":{"title":"IFM IGT205 - OMANI VI\u1ec6T NAM","description":"C\u1ea3m bi\u1ebfn ti\u1ec7m c\u1eadn IFM IGT205 \u00b7 - Lo\u1ea1i c\u1ea3m bi\u1ebfn: C\u1ea3m bi\u1ebfn ti\u1ec7m c\u1eadn \u0111i\u1ec7n c\u1ea3m \u00b7 - S\u1ed1 ch\u00e2n: 4 \u00b7 - H\u00ecnh d\u1ea1ng: H\u00ecnh tr\u1ee5 tr\u00f2n \u00b7 - V\u1eadt li\u1ec7u: Th\u00e9p kh\u00f4ng g\u1ec9 \u00b7 - IP rating ..","robots":{"index":"index","follow":"follow","max-snippet":"max-snippet:-1","max-image-preview":"max-image-preview:large","max-video-preview":"max-video-preview:-1"},"canonical":"https:\/\/sipin.com.vn\/index.php\/product\/ifm-igt205\/","og_locale":"vi_VN","og_type":"article","og_title":"IFM IGT205 - OMANI VI\u1ec6T NAM","og_description":"C\u1ea3m bi\u1ebfn ti\u1ec7m c\u1eadn IFM IGT205 \u00b7 - Lo\u1ea1i c\u1ea3m bi\u1ebfn: C\u1ea3m bi\u1ebfn ti\u1ec7m c\u1eadn \u0111i\u1ec7n c\u1ea3m \u00b7 - S\u1ed1 ch\u00e2n: 4 \u00b7 - H\u00ecnh d\u1ea1ng: H\u00ecnh tr\u1ee5 tr\u00f2n \u00b7 - V\u1eadt li\u1ec7u: Th\u00e9p kh\u00f4ng g\u1ec9 \u00b7 - IP rating ..","og_url":"https:\/\/sipin.com.vn\/index.php\/product\/ifm-igt205\/","og_site_name":"OMANI VI\u1ec6T NAM","article_modified_time":"2024-08-24T14:31:33+00:00","og_image":[{"width":336,"height":427,"url":"https:\/\/sipin.com.vn\/wp-content\/uploads\/2024\/06\/IGT205.png","type":"image\/png"}],"twitter_card":"summary_large_image","twitter_misc":{"\u01af\u1edbc t\u00ednh th\u1eddi gian \u0111\u1ecdc":"4 ph\u00fat"},"schema":{"@context":"https:\/\/schema.org","@graph":[{"@type":"WebPage","@id":"https:\/\/sipin.com.vn\/index.php\/product\/ifm-igt205\/","url":"https:\/\/sipin.com.vn\/index.php\/product\/ifm-igt205\/","name":"IFM IGT205 - OMANI VI\u1ec6T NAM","isPartOf":{"@id":"https:\/\/sipin.com.vn\/#website"},"primaryImageOfPage":{"@id":"https:\/\/sipin.com.vn\/index.php\/product\/ifm-igt205\/#primaryimage"},"image":{"@id":"https:\/\/sipin.com.vn\/index.php\/product\/ifm-igt205\/#primaryimage"},"thumbnailUrl":"https:\/\/sipin.com.vn\/wp-content\/uploads\/2024\/06\/IGT205.png","datePublished":"2024-06-22T09:47:50+00:00","dateModified":"2024-08-24T14:31:33+00:00","description":"C\u1ea3m bi\u1ebfn ti\u1ec7m c\u1eadn IFM IGT205 \u00b7 - Lo\u1ea1i c\u1ea3m bi\u1ebfn: C\u1ea3m bi\u1ebfn ti\u1ec7m c\u1eadn \u0111i\u1ec7n c\u1ea3m \u00b7 - S\u1ed1 ch\u00e2n: 4 \u00b7 - H\u00ecnh d\u1ea1ng: H\u00ecnh tr\u1ee5 tr\u00f2n \u00b7 - V\u1eadt li\u1ec7u: Th\u00e9p kh\u00f4ng g\u1ec9 \u00b7 - IP rating ..","breadcrumb":{"@id":"https:\/\/sipin.com.vn\/index.php\/product\/ifm-igt205\/#breadcrumb"},"inLanguage":"vi","potentialAction":[{"@type":"ReadAction","target":["https:\/\/sipin.com.vn\/index.php\/product\/ifm-igt205\/"]}]},{"@type":"ImageObject","inLanguage":"vi","@id":"https:\/\/sipin.com.vn\/index.php\/product\/ifm-igt205\/#primaryimage","url":"https:\/\/sipin.com.vn\/wp-content\/uploads\/2024\/06\/IGT205.png","contentUrl":"https:\/\/sipin.com.vn\/wp-content\/uploads\/2024\/06\/IGT205.png","width":336,"height":427},{"@type":"BreadcrumbList","@id":"https:\/\/sipin.com.vn\/index.php\/product\/ifm-igt205\/#breadcrumb","itemListElement":[{"@type":"ListItem","position":1,"name":"Home","item":"https:\/\/sipin.com.vn\/"},{"@type":"ListItem","position":2,"name":"S\u1ea2N PH\u1ea8M","item":"https:\/\/sipin.com.vn\/index.php\/cua-hang\/"},{"@type":"ListItem","position":3,"name":"IFM IGT205"}]},{"@type":"WebSite","@id":"https:\/\/sipin.com.vn\/#website","url":"https:\/\/sipin.com.vn\/","name":"OMANI VI\u1ec6T NAM","description":"Nh\u00e0 ph\u00e2n ph\u1ed1i thi\u1ebft b\u1ecb kh\u00ed n\u00e9n v\u00e0 thi\u1ebft b\u1ecb t\u1ef1 \u0111\u1ed9ng h\u00f3a trong c\u00f4ng nghi\u1ec7p","publisher":{"@id":"https:\/\/sipin.com.vn\/#\/schema\/person\/0ad398a980dc3fd696111c2c5c8fa897"},"potentialAction":[{"@type":"SearchAction","target":{"@type":"EntryPoint","urlTemplate":"https:\/\/sipin.com.vn\/?s={search_term_string}"},"query-input":"required name=search_term_string"}],"inLanguage":"vi"},{"@type":["Person","Organization"],"@id":"https:\/\/sipin.com.vn\/#\/schema\/person\/0ad398a980dc3fd696111c2c5c8fa897","name":"Nguy\u1ec5n V\u0103n Kh\u00e1nh","image":{"@type":"ImageObject","inLanguage":"vi","@id":"https:\/\/sipin.com.vn\/#\/schema\/person\/image\/","url":"https:\/\/sipin.com.vn\/wp-content\/uploads\/2024\/06\/logo-1024x1024.png","contentUrl":"https:\/\/sipin.com.vn\/wp-content\/uploads\/2024\/06\/logo-1024x1024.png","width":1024,"height":1024,"caption":"Nguy\u1ec5n V\u0103n Kh\u00e1nh"},"logo":{"@id":"https:\/\/sipin.com.vn\/#\/schema\/person\/image\/"},"sameAs":["https:\/\/sipin.com.vn"]}]}},"_links":{"self":[{"href":"https:\/\/sipin.com.vn\/index.php\/wp-json\/wp\/v2\/product\/794","targetHints":{"allow":["GET"]}}],"collection":[{"href":"https:\/\/sipin.com.vn\/index.php\/wp-json\/wp\/v2\/product"}],"about":[{"href":"https:\/\/sipin.com.vn\/index.php\/wp-json\/wp\/v2\/types\/product"}],"replies":[{"embeddable":true,"href":"https:\/\/sipin.com.vn\/index.php\/wp-json\/wp\/v2\/comments?post=794"}],"wp:featuredmedia":[{"embeddable":true,"href":"https:\/\/sipin.com.vn\/index.php\/wp-json\/wp\/v2\/media\/795"}],"wp:attachment":[{"href":"https:\/\/sipin.com.vn\/index.php\/wp-json\/wp\/v2\/media?parent=794"}],"wp:term":[{"taxonomy":"product_cat","embeddable":true,"href":"https:\/\/sipin.com.vn\/index.php\/wp-json\/wp\/v2\/product_cat?post=794"},{"taxonomy":"product_tag","embeddable":true,"href":"https:\/\/sipin.com.vn\/index.php\/wp-json\/wp\/v2\/product_tag?post=794"}],"curies":[{"name":"wp","href":"https:\/\/api.w.org\/{rel}","templated":true}]}}