{"id":4623,"date":"2025-12-18T23:31:50","date_gmt":"2025-12-18T16:31:50","guid":{"rendered":"https:\/\/sipin.com.vn\/?post_type=product&#038;p=4623"},"modified":"2025-12-18T23:31:50","modified_gmt":"2025-12-18T16:31:50","slug":"mitsubishi-hg-sr152j","status":"publish","type":"product","link":"https:\/\/sipin.com.vn\/index.php\/product\/mitsubishi-hg-sr152j\/","title":{"rendered":"MITSUBISHI HG-SR152J"},"content":{"rendered":"<p>MITSUBISHI HG-SR152J<\/p>\n<h2 class=\"title-product item_name\">\u0110\u1ed9ng c\u01a1 Servo Mitsubishi HG-SR152J<\/h2>\n<h3>1. \u0110\u1ed9ng c\u01a1 Servo\u00a0HG-SR152J:<\/h3>\n<div>C\u00f4ng su\u1ea5t \u0111\u1ed9ng c\u01a1 : 1.5kW<br \/>\n\u0110i\u1ec7n \u00e1p \u0111\u1ecbnh m\u1ee9c : 200VAC<br \/>\nD\u00f2ng \u0111i\u1ec7n \u0111\u1ecbnh m\u1ee9c : 9.4 A<br \/>\nMomen \u0111\u1ecbnh m\u1ee9c : 7.2 Nm<br \/>\nMomen t\u1edbi h\u1ea1n : 21.5 Nm<br \/>\nQu\u00e1n t\u00ednh tr\u1ee5c : 16.0 [10^(-4) kgm2] T\u1ed1c \u0111\u1ed9 \u0111\u1ecbnh m\u1ee9c : 2000 rmp<br \/>\nT\u1ed1c \u0111\u1ed9 t\u1ed1i \u0111a : 3000 rmp<br \/>\nKh\u00f4ng c\u00f3 phanh<br \/>\n\u0110\u1ed9 ph\u00e2n gi\u1ea3i encoder : 22 bit<br \/>\n\u0110\u1ea1t ti\u00eau chu\u1ea9n IP65<\/div>\n<h3>2. C\u00e1c m\u00e3 h\u00e0ng t\u01b0\u01a1ng \u0111\u01b0\u01a1ng \u0110\u1ed9ng c\u01a1 Servo\u00a0HG-SR152J:<\/h3>\n<div>\n<div class=\"x11i5rnm xat24cr x1mh8g0r x1vvkbs xtlvy1s x126k92a\"><\/div>\n<div class=\"x11i5rnm xat24cr x1mh8g0r x1vvkbs xtlvy1s x126k92a\">\n<div dir=\"auto\">HG-SR102<br \/>\nHG-SR102B<br \/>\nHG-SR102BJ<br \/>\nHG-SR102J<br \/>\nHG-SR121<br \/>\nHG-SR121B<br \/>\nHG-SR152<br \/>\nHG-SR152B<br \/>\nHG-SR152BJ<br \/>\nHG-SR152J<br \/>\nHG-SR201<br \/>\nHG-SR201B<br \/>\nHG-SR201BJ<br \/>\nHG-SR201K<br \/>\nHG-SR201J<br \/>\nHG-SR202<br \/>\nHG-SR202B<br \/>\nHG-SR202BG1<br \/>\nHG-SR202BG1H<br \/>\nHG-SR202BJ<br \/>\nHG-SR202BJK<br \/>\nHG-SR202BK<br \/>\nHG-SR202J<br \/>\nHG-SR202JK<br \/>\nHG-SR202K<br \/>\nHG-SR301<br \/>\nHG-SR301B<\/div>\n<\/div>\n<\/div>\n","protected":false},"excerpt":{"rendered":"<p>MITSUBISHI HG-SR152J \u0110\u1ed9ng c\u01a1 Servo Mitsubishi HG-SR152J 1. \u0110\u1ed9ng c\u01a1 Servo\u00a0HG-SR152J: C\u00f4ng su\u1ea5t \u0111\u1ed9ng c\u01a1 : 1.5kW \u0110i\u1ec7n \u00e1p \u0111\u1ecbnh m\u1ee9c : 200VAC D\u00f2ng \u0111i\u1ec7n \u0111\u1ecbnh m\u1ee9c : 9.4 A Momen \u0111\u1ecbnh m\u1ee9c : 7.2 Nm Momen t\u1edbi h\u1ea1n : 21.5 Nm Qu\u00e1n t\u00ednh tr\u1ee5c : 16.0 [10^(-4) kgm2] T\u1ed1c&hellip; <\/p>\n","protected":false},"featured_media":4624,"comment_status":"open","ping_status":"closed","template":"","meta":{"om_disable_all_campaigns":false,"_monsterinsights_skip_tracking":false,"_monsterinsights_sitenote_active":false,"_monsterinsights_sitenote_note":"","_monsterinsights_sitenote_category":0},"product_cat":[749],"product_tag":[158,120,157],"class_list":{"0":"post-4623","1":"product","2":"type-product","3":"status-publish","4":"has-post-thumbnail","6":"product_cat-mitsubishi","7":"product_tag-dai-ly-mitsubishi-viet-nam","8":"product_tag-dong-co","9":"product_tag-mitsubishi-viet-nam","11":"first","12":"instock","13":"shipping-taxable","14":"product-type-simple"},"aioseo_notices":[],"yoast_head":"<!-- This site is optimized with the Yoast SEO plugin v22.8 - https:\/\/yoast.com\/wordpress\/plugins\/seo\/ -->\n<title>MITSUBISHI HG-SR152J - OMANI VI\u1ec6T NAM<\/title>\n<meta name=\"description\" content=\"MITSUBISHI HG-SR152J Motor servo\" \/>\n<meta name=\"robots\" content=\"index, follow, max-snippet:-1, max-image-preview:large, max-video-preview:-1\" \/>\n<link rel=\"canonical\" href=\"https:\/\/sipin.com.vn\/index.php\/product\/mitsubishi-hg-sr152j\/\" \/>\n<meta property=\"og:locale\" content=\"vi_VN\" \/>\n<meta property=\"og:type\" content=\"article\" \/>\n<meta property=\"og:title\" content=\"MITSUBISHI HG-SR152J - OMANI VI\u1ec6T NAM\" \/>\n<meta property=\"og:description\" content=\"MITSUBISHI HG-SR152J Motor servo\" \/>\n<meta property=\"og:url\" content=\"https:\/\/sipin.com.vn\/index.php\/product\/mitsubishi-hg-sr152j\/\" \/>\n<meta property=\"og:site_name\" content=\"OMANI VI\u1ec6T NAM\" \/>\n<meta property=\"og:image\" content=\"https:\/\/sipin.com.vn\/wp-content\/uploads\/2025\/12\/HG-SR152J.png\" \/>\n\t<meta property=\"og:image:width\" content=\"561\" \/>\n\t<meta property=\"og:image:height\" content=\"490\" \/>\n\t<meta property=\"og:image:type\" content=\"image\/png\" \/>\n<meta name=\"twitter:card\" content=\"summary_large_image\" \/>\n<meta name=\"twitter:label1\" content=\"\u01af\u1edbc t\u00ednh th\u1eddi gian \u0111\u1ecdc\" \/>\n\t<meta name=\"twitter:data1\" content=\"1 ph\u00fat\" \/>\n<script type=\"application\/ld+json\" class=\"yoast-schema-graph\">{\"@context\":\"https:\/\/schema.org\",\"@graph\":[{\"@type\":\"WebPage\",\"@id\":\"https:\/\/sipin.com.vn\/index.php\/product\/mitsubishi-hg-sr152j\/\",\"url\":\"https:\/\/sipin.com.vn\/index.php\/product\/mitsubishi-hg-sr152j\/\",\"name\":\"MITSUBISHI HG-SR152J - OMANI VI\u1ec6T NAM\",\"isPartOf\":{\"@id\":\"https:\/\/sipin.com.vn\/#website\"},\"primaryImageOfPage\":{\"@id\":\"https:\/\/sipin.com.vn\/index.php\/product\/mitsubishi-hg-sr152j\/#primaryimage\"},\"image\":{\"@id\":\"https:\/\/sipin.com.vn\/index.php\/product\/mitsubishi-hg-sr152j\/#primaryimage\"},\"thumbnailUrl\":\"https:\/\/sipin.com.vn\/wp-content\/uploads\/2025\/12\/HG-SR152J.png\",\"datePublished\":\"2025-12-18T16:31:50+00:00\",\"dateModified\":\"2025-12-18T16:31:50+00:00\",\"description\":\"MITSUBISHI HG-SR152J Motor servo\",\"breadcrumb\":{\"@id\":\"https:\/\/sipin.com.vn\/index.php\/product\/mitsubishi-hg-sr152j\/#breadcrumb\"},\"inLanguage\":\"vi\",\"potentialAction\":[{\"@type\":\"ReadAction\",\"target\":[\"https:\/\/sipin.com.vn\/index.php\/product\/mitsubishi-hg-sr152j\/\"]}]},{\"@type\":\"ImageObject\",\"inLanguage\":\"vi\",\"@id\":\"https:\/\/sipin.com.vn\/index.php\/product\/mitsubishi-hg-sr152j\/#primaryimage\",\"url\":\"https:\/\/sipin.com.vn\/wp-content\/uploads\/2025\/12\/HG-SR152J.png\",\"contentUrl\":\"https:\/\/sipin.com.vn\/wp-content\/uploads\/2025\/12\/HG-SR152J.png\",\"width\":561,\"height\":490},{\"@type\":\"BreadcrumbList\",\"@id\":\"https:\/\/sipin.com.vn\/index.php\/product\/mitsubishi-hg-sr152j\/#breadcrumb\",\"itemListElement\":[{\"@type\":\"ListItem\",\"position\":1,\"name\":\"Home\",\"item\":\"https:\/\/sipin.com.vn\/\"},{\"@type\":\"ListItem\",\"position\":2,\"name\":\"S\u1ea2N PH\u1ea8M\",\"item\":\"https:\/\/sipin.com.vn\/index.php\/cua-hang\/\"},{\"@type\":\"ListItem\",\"position\":3,\"name\":\"MITSUBISHI HG-SR152J\"}]},{\"@type\":\"WebSite\",\"@id\":\"https:\/\/sipin.com.vn\/#website\",\"url\":\"https:\/\/sipin.com.vn\/\",\"name\":\"OMANI VI\u1ec6T NAM\",\"description\":\"Nh\u00e0 ph\u00e2n ph\u1ed1i thi\u1ebft b\u1ecb kh\u00ed n\u00e9n v\u00e0 thi\u1ebft b\u1ecb t\u1ef1 \u0111\u1ed9ng h\u00f3a trong c\u00f4ng nghi\u1ec7p\",\"publisher\":{\"@id\":\"https:\/\/sipin.com.vn\/#\/schema\/person\/0ad398a980dc3fd696111c2c5c8fa897\"},\"potentialAction\":[{\"@type\":\"SearchAction\",\"target\":{\"@type\":\"EntryPoint\",\"urlTemplate\":\"https:\/\/sipin.com.vn\/?s={search_term_string}\"},\"query-input\":\"required name=search_term_string\"}],\"inLanguage\":\"vi\"},{\"@type\":[\"Person\",\"Organization\"],\"@id\":\"https:\/\/sipin.com.vn\/#\/schema\/person\/0ad398a980dc3fd696111c2c5c8fa897\",\"name\":\"Nguy\u1ec5n V\u0103n Kh\u00e1nh\",\"image\":{\"@type\":\"ImageObject\",\"inLanguage\":\"vi\",\"@id\":\"https:\/\/sipin.com.vn\/#\/schema\/person\/image\/\",\"url\":\"https:\/\/sipin.com.vn\/wp-content\/uploads\/2024\/06\/logo-1024x1024.png\",\"contentUrl\":\"https:\/\/sipin.com.vn\/wp-content\/uploads\/2024\/06\/logo-1024x1024.png\",\"width\":1024,\"height\":1024,\"caption\":\"Nguy\u1ec5n V\u0103n Kh\u00e1nh\"},\"logo\":{\"@id\":\"https:\/\/sipin.com.vn\/#\/schema\/person\/image\/\"},\"sameAs\":[\"https:\/\/sipin.com.vn\"]}]}<\/script>\n<!-- \/ Yoast SEO plugin. -->","yoast_head_json":{"title":"MITSUBISHI HG-SR152J - OMANI VI\u1ec6T NAM","description":"MITSUBISHI HG-SR152J Motor servo","robots":{"index":"index","follow":"follow","max-snippet":"max-snippet:-1","max-image-preview":"max-image-preview:large","max-video-preview":"max-video-preview:-1"},"canonical":"https:\/\/sipin.com.vn\/index.php\/product\/mitsubishi-hg-sr152j\/","og_locale":"vi_VN","og_type":"article","og_title":"MITSUBISHI HG-SR152J - OMANI VI\u1ec6T NAM","og_description":"MITSUBISHI HG-SR152J Motor servo","og_url":"https:\/\/sipin.com.vn\/index.php\/product\/mitsubishi-hg-sr152j\/","og_site_name":"OMANI VI\u1ec6T NAM","og_image":[{"width":561,"height":490,"url":"https:\/\/sipin.com.vn\/wp-content\/uploads\/2025\/12\/HG-SR152J.png","type":"image\/png"}],"twitter_card":"summary_large_image","twitter_misc":{"\u01af\u1edbc t\u00ednh th\u1eddi gian \u0111\u1ecdc":"1 ph\u00fat"},"schema":{"@context":"https:\/\/schema.org","@graph":[{"@type":"WebPage","@id":"https:\/\/sipin.com.vn\/index.php\/product\/mitsubishi-hg-sr152j\/","url":"https:\/\/sipin.com.vn\/index.php\/product\/mitsubishi-hg-sr152j\/","name":"MITSUBISHI HG-SR152J - OMANI VI\u1ec6T NAM","isPartOf":{"@id":"https:\/\/sipin.com.vn\/#website"},"primaryImageOfPage":{"@id":"https:\/\/sipin.com.vn\/index.php\/product\/mitsubishi-hg-sr152j\/#primaryimage"},"image":{"@id":"https:\/\/sipin.com.vn\/index.php\/product\/mitsubishi-hg-sr152j\/#primaryimage"},"thumbnailUrl":"https:\/\/sipin.com.vn\/wp-content\/uploads\/2025\/12\/HG-SR152J.png","datePublished":"2025-12-18T16:31:50+00:00","dateModified":"2025-12-18T16:31:50+00:00","description":"MITSUBISHI HG-SR152J Motor servo","breadcrumb":{"@id":"https:\/\/sipin.com.vn\/index.php\/product\/mitsubishi-hg-sr152j\/#breadcrumb"},"inLanguage":"vi","potentialAction":[{"@type":"ReadAction","target":["https:\/\/sipin.com.vn\/index.php\/product\/mitsubishi-hg-sr152j\/"]}]},{"@type":"ImageObject","inLanguage":"vi","@id":"https:\/\/sipin.com.vn\/index.php\/product\/mitsubishi-hg-sr152j\/#primaryimage","url":"https:\/\/sipin.com.vn\/wp-content\/uploads\/2025\/12\/HG-SR152J.png","contentUrl":"https:\/\/sipin.com.vn\/wp-content\/uploads\/2025\/12\/HG-SR152J.png","width":561,"height":490},{"@type":"BreadcrumbList","@id":"https:\/\/sipin.com.vn\/index.php\/product\/mitsubishi-hg-sr152j\/#breadcrumb","itemListElement":[{"@type":"ListItem","position":1,"name":"Home","item":"https:\/\/sipin.com.vn\/"},{"@type":"ListItem","position":2,"name":"S\u1ea2N PH\u1ea8M","item":"https:\/\/sipin.com.vn\/index.php\/cua-hang\/"},{"@type":"ListItem","position":3,"name":"MITSUBISHI HG-SR152J"}]},{"@type":"WebSite","@id":"https:\/\/sipin.com.vn\/#website","url":"https:\/\/sipin.com.vn\/","name":"OMANI VI\u1ec6T NAM","description":"Nh\u00e0 ph\u00e2n ph\u1ed1i thi\u1ebft b\u1ecb kh\u00ed n\u00e9n v\u00e0 thi\u1ebft b\u1ecb t\u1ef1 \u0111\u1ed9ng h\u00f3a trong c\u00f4ng nghi\u1ec7p","publisher":{"@id":"https:\/\/sipin.com.vn\/#\/schema\/person\/0ad398a980dc3fd696111c2c5c8fa897"},"potentialAction":[{"@type":"SearchAction","target":{"@type":"EntryPoint","urlTemplate":"https:\/\/sipin.com.vn\/?s={search_term_string}"},"query-input":"required name=search_term_string"}],"inLanguage":"vi"},{"@type":["Person","Organization"],"@id":"https:\/\/sipin.com.vn\/#\/schema\/person\/0ad398a980dc3fd696111c2c5c8fa897","name":"Nguy\u1ec5n V\u0103n Kh\u00e1nh","image":{"@type":"ImageObject","inLanguage":"vi","@id":"https:\/\/sipin.com.vn\/#\/schema\/person\/image\/","url":"https:\/\/sipin.com.vn\/wp-content\/uploads\/2024\/06\/logo-1024x1024.png","contentUrl":"https:\/\/sipin.com.vn\/wp-content\/uploads\/2024\/06\/logo-1024x1024.png","width":1024,"height":1024,"caption":"Nguy\u1ec5n V\u0103n Kh\u00e1nh"},"logo":{"@id":"https:\/\/sipin.com.vn\/#\/schema\/person\/image\/"},"sameAs":["https:\/\/sipin.com.vn"]}]}},"_links":{"self":[{"href":"https:\/\/sipin.com.vn\/index.php\/wp-json\/wp\/v2\/product\/4623","targetHints":{"allow":["GET"]}}],"collection":[{"href":"https:\/\/sipin.com.vn\/index.php\/wp-json\/wp\/v2\/product"}],"about":[{"href":"https:\/\/sipin.com.vn\/index.php\/wp-json\/wp\/v2\/types\/product"}],"replies":[{"embeddable":true,"href":"https:\/\/sipin.com.vn\/index.php\/wp-json\/wp\/v2\/comments?post=4623"}],"wp:featuredmedia":[{"embeddable":true,"href":"https:\/\/sipin.com.vn\/index.php\/wp-json\/wp\/v2\/media\/4624"}],"wp:attachment":[{"href":"https:\/\/sipin.com.vn\/index.php\/wp-json\/wp\/v2\/media?parent=4623"}],"wp:term":[{"taxonomy":"product_cat","embeddable":true,"href":"https:\/\/sipin.com.vn\/index.php\/wp-json\/wp\/v2\/product_cat?post=4623"},{"taxonomy":"product_tag","embeddable":true,"href":"https:\/\/sipin.com.vn\/index.php\/wp-json\/wp\/v2\/product_tag?post=4623"}],"curies":[{"name":"wp","href":"https:\/\/api.w.org\/{rel}","templated":true}]}}