{"id":4370,"date":"2025-09-05T21:01:22","date_gmt":"2025-09-05T14:01:22","guid":{"rendered":"https:\/\/sipin.com.vn\/?post_type=product&#038;p=4370"},"modified":"2025-09-05T21:01:22","modified_gmt":"2025-09-05T14:01:22","slug":"union-up300s24","status":"publish","type":"product","link":"https:\/\/sipin.com.vn\/index.php\/product\/union-up300s24\/","title":{"rendered":"UNION UP300S24"},"content":{"rendered":"<p>UNION UP300S24<\/p>\n<div>\n<table border=\"1\" summary=\"\">\n<tbody>\n<tr class=\" xans-record-\">\n<th scope=\"row\">M\u00e3 h\u00e0ng<\/th>\n<td>UP300S24 24V 12.5A<\/td>\n<\/tr>\n<tr class=\" xans-record-\">\n<th scope=\"row\">Nh\u00e0 s\u1ea3n xu\u1ea5t<\/th>\n<td>UNION<\/td>\n<\/tr>\n<tr class=\" xans-record-\">\n<th scope=\"row\">N\u01b0\u1edbc s\u1ea3n xu\u1ea5t<\/th>\n<td>H\u00e0n Qu\u1ed1c<\/td>\n<\/tr>\n<\/tbody>\n<\/table>\n<\/div>\n<div><\/div>\n<div>\n<p>300W 1 k\u00eanh<\/p>\n<\/div>\n<div>\n<p>OUTPUT = 24V \/ 12.5A<\/p>\n<\/div>\n<div>INPUT = AC100 ~ 120V \/ 200 ~ 240V \u0110\u1ea7u ra \u0111\u01a1n Ngu\u1ed3n \u0111i\u1ec7n<\/div>\n<div><\/div>\n<div>\n<div>M\u1ed9t s\u1ed1 d\u00f2ng UNION:<\/div>\n<div>\n<table border=\"0\" cellspacing=\"0\" cellpadding=\"0\">\n<colgroup>\n<col width=\"99\" \/><\/colgroup>\n<tbody>\n<tr>\n<td class=\"xl65\" width=\"99\" height=\"19\">UP15S05<\/td>\n<\/tr>\n<tr>\n<td class=\"xl65\" height=\"19\">UP15S09<\/td>\n<\/tr>\n<tr>\n<td class=\"xl65\" height=\"19\">UP15S12<\/td>\n<\/tr>\n<tr>\n<td class=\"xl65\" height=\"19\">UP15S15<\/td>\n<\/tr>\n<tr>\n<td class=\"xl65\" height=\"19\">UP15S24<\/td>\n<\/tr>\n<tr>\n<td class=\"xl65\" height=\"19\">UP30S05<\/td>\n<\/tr>\n<tr>\n<td class=\"xl65\" height=\"19\">UP30S09<\/td>\n<\/tr>\n<tr>\n<td class=\"xl65\" height=\"19\">UP30S12<\/td>\n<\/tr>\n<tr>\n<td class=\"xl65\" height=\"19\">UP30S15<\/td>\n<\/tr>\n<tr>\n<td class=\"xl65\" height=\"19\">UP30S24<\/td>\n<\/tr>\n<tr>\n<td class=\"xl65\" height=\"19\">UP50S05<\/td>\n<\/tr>\n<tr>\n<td class=\"xl65\" height=\"19\">UP50S09<\/td>\n<\/tr>\n<tr>\n<td class=\"xl65\" height=\"19\">UP50S12<\/td>\n<\/tr>\n<tr>\n<td class=\"xl65\" height=\"19\">UP50S15<\/td>\n<\/tr>\n<tr>\n<td class=\"xl65\" height=\"19\">UP50S24<\/td>\n<\/tr>\n<tr>\n<td class=\"xl65\" height=\"19\">UP75S05<\/td>\n<\/tr>\n<tr>\n<td class=\"xl65\" height=\"19\">UP75S12<\/td>\n<\/tr>\n<tr>\n<td class=\"xl65\" height=\"19\">UP75S15<\/td>\n<\/tr>\n<tr>\n<td class=\"xl65\" height=\"19\">UP75S24<\/td>\n<\/tr>\n<tr>\n<td class=\"xl65\" height=\"19\">UP100S12<\/td>\n<\/tr>\n<tr>\n<td class=\"xl65\" height=\"19\">UP100S15<\/td>\n<\/tr>\n<tr>\n<td class=\"xl65\" height=\"19\">UP100S24<\/td>\n<\/tr>\n<tr>\n<td class=\"xl65\" height=\"19\">UP150S05<\/td>\n<\/tr>\n<tr>\n<td class=\"xl65\" height=\"19\">UP150S12<\/td>\n<\/tr>\n<tr>\n<td class=\"xl65\" height=\"19\">UP150S15<\/td>\n<\/tr>\n<tr>\n<td class=\"xl65\" height=\"19\">UP150S24<\/td>\n<\/tr>\n<tr>\n<td class=\"xl65\" height=\"19\">UP200S12<\/td>\n<\/tr>\n<tr>\n<td class=\"xl65\" height=\"19\">UP200S15<\/td>\n<\/tr>\n<tr>\n<td class=\"xl65\" height=\"19\">UP200S24<\/td>\n<\/tr>\n<tr>\n<td class=\"xl65\" height=\"19\">UP220S12<\/td>\n<\/tr>\n<tr>\n<td class=\"xl65\" height=\"19\">UP220S15<\/td>\n<\/tr>\n<tr>\n<td class=\"xl65\" height=\"19\">UP220S24<\/td>\n<\/tr>\n<tr>\n<td class=\"xl65\" height=\"19\">UP300S12<\/td>\n<\/tr>\n<tr>\n<td class=\"xl65\" height=\"19\">UP300S24<\/td>\n<\/tr>\n<tr>\n<td class=\"xl65\" height=\"19\">UP400S12<\/td>\n<\/tr>\n<tr>\n<td class=\"xl65\" height=\"19\">UP400S24<\/td>\n<\/tr>\n<tr>\n<td class=\"xl65\" height=\"19\">UP500S12<\/td>\n<\/tr>\n<tr>\n<td class=\"xl65\" height=\"19\">UP500S24<\/td>\n<\/tr>\n<tr>\n<td class=\"xl65\" height=\"19\">UP600S12<\/td>\n<\/tr>\n<tr>\n<td class=\"xl65\" height=\"19\">UP600S24<\/td>\n<\/tr>\n<tr>\n<td class=\"xl65\" height=\"19\">UP750S12<\/td>\n<\/tr>\n<tr>\n<td class=\"xl65\" height=\"19\">UP750S24<\/td>\n<\/tr>\n<tr>\n<td class=\"xl65\" height=\"19\">UP850S12<\/td>\n<\/tr>\n<tr>\n<td class=\"xl65\" height=\"19\">UP850S24<\/td>\n<\/tr>\n<tr>\n<td class=\"xl65\" height=\"19\">UP1000S12<\/td>\n<\/tr>\n<tr>\n<td class=\"xl65\" height=\"19\">UP1000S24<\/td>\n<\/tr>\n<tr>\n<td class=\"xl65\" height=\"19\">UP1200S12<\/td>\n<\/tr>\n<tr>\n<td class=\"xl65\" height=\"19\">UP1200S24<\/td>\n<\/tr>\n<tr>\n<td class=\"xl65\" height=\"19\">UP1500S24<\/td>\n<\/tr>\n<\/tbody>\n<\/table>\n<\/div>\n<\/div>\n","protected":false},"excerpt":{"rendered":"<p>UNION UP300S24 M\u00e3 h\u00e0ng UP300S24 24V 12.5A Nh\u00e0 s\u1ea3n xu\u1ea5t UNION N\u01b0\u1edbc s\u1ea3n xu\u1ea5t H\u00e0n Qu\u1ed1c 300W 1 k\u00eanh OUTPUT = 24V \/ 12.5A INPUT = AC100 ~ 120V \/ 200 ~ 240V \u0110\u1ea7u ra \u0111\u01a1n Ngu\u1ed3n \u0111i\u1ec7n M\u1ed9t s\u1ed1 d\u00f2ng UNION: UP15S05 UP15S09 UP15S12 UP15S15 UP15S24 UP30S05 UP30S09 UP30S12&hellip; <\/p>\n","protected":false},"featured_media":4371,"comment_status":"open","ping_status":"closed","template":"","meta":{"om_disable_all_campaigns":false,"_monsterinsights_skip_tracking":false,"_monsterinsights_sitenote_active":false,"_monsterinsights_sitenote_note":"","_monsterinsights_sitenote_category":0},"product_cat":[890],"product_tag":[221,374,373],"class_list":{"0":"post-4370","1":"product","2":"type-product","3":"status-publish","4":"has-post-thumbnail","6":"product_cat-union","7":"product_tag-bo-nguon","8":"product_tag-dai-ly-union-viet-nam","9":"product_tag-union-viet-nam","11":"first","12":"instock","13":"shipping-taxable","14":"product-type-simple"},"aioseo_notices":[],"yoast_head":"<!-- This site is optimized with the Yoast SEO plugin v22.8 - https:\/\/yoast.com\/wordpress\/plugins\/seo\/ -->\n<title>UNION UP300S24 - OMANI VI\u1ec6T NAM<\/title>\n<meta name=\"description\" content=\"UNION UP300S24 Power Supply\" \/>\n<meta name=\"robots\" content=\"index, follow, max-snippet:-1, max-image-preview:large, max-video-preview:-1\" \/>\n<link rel=\"canonical\" href=\"https:\/\/sipin.com.vn\/index.php\/product\/union-up300s24\/\" \/>\n<meta property=\"og:locale\" content=\"vi_VN\" \/>\n<meta property=\"og:type\" content=\"article\" \/>\n<meta property=\"og:title\" content=\"UNION UP300S24 - OMANI VI\u1ec6T NAM\" \/>\n<meta property=\"og:description\" content=\"UNION UP300S24 Power Supply\" \/>\n<meta property=\"og:url\" content=\"https:\/\/sipin.com.vn\/index.php\/product\/union-up300s24\/\" \/>\n<meta property=\"og:site_name\" content=\"OMANI VI\u1ec6T NAM\" \/>\n<meta property=\"og:image\" content=\"https:\/\/sipin.com.vn\/wp-content\/uploads\/2025\/09\/UP300S24.png\" \/>\n\t<meta property=\"og:image:width\" content=\"678\" \/>\n\t<meta property=\"og:image:height\" content=\"364\" \/>\n\t<meta property=\"og:image:type\" content=\"image\/png\" \/>\n<meta name=\"twitter:card\" content=\"summary_large_image\" \/>\n<meta name=\"twitter:label1\" content=\"\u01af\u1edbc t\u00ednh th\u1eddi gian \u0111\u1ecdc\" \/>\n\t<meta name=\"twitter:data1\" content=\"1 ph\u00fat\" \/>\n<script type=\"application\/ld+json\" class=\"yoast-schema-graph\">{\"@context\":\"https:\/\/schema.org\",\"@graph\":[{\"@type\":\"WebPage\",\"@id\":\"https:\/\/sipin.com.vn\/index.php\/product\/union-up300s24\/\",\"url\":\"https:\/\/sipin.com.vn\/index.php\/product\/union-up300s24\/\",\"name\":\"UNION UP300S24 - OMANI VI\u1ec6T NAM\",\"isPartOf\":{\"@id\":\"https:\/\/sipin.com.vn\/#website\"},\"primaryImageOfPage\":{\"@id\":\"https:\/\/sipin.com.vn\/index.php\/product\/union-up300s24\/#primaryimage\"},\"image\":{\"@id\":\"https:\/\/sipin.com.vn\/index.php\/product\/union-up300s24\/#primaryimage\"},\"thumbnailUrl\":\"https:\/\/sipin.com.vn\/wp-content\/uploads\/2025\/09\/UP300S24.png\",\"datePublished\":\"2025-09-05T14:01:22+00:00\",\"dateModified\":\"2025-09-05T14:01:22+00:00\",\"description\":\"UNION UP300S24 Power Supply\",\"breadcrumb\":{\"@id\":\"https:\/\/sipin.com.vn\/index.php\/product\/union-up300s24\/#breadcrumb\"},\"inLanguage\":\"vi\",\"potentialAction\":[{\"@type\":\"ReadAction\",\"target\":[\"https:\/\/sipin.com.vn\/index.php\/product\/union-up300s24\/\"]}]},{\"@type\":\"ImageObject\",\"inLanguage\":\"vi\",\"@id\":\"https:\/\/sipin.com.vn\/index.php\/product\/union-up300s24\/#primaryimage\",\"url\":\"https:\/\/sipin.com.vn\/wp-content\/uploads\/2025\/09\/UP300S24.png\",\"contentUrl\":\"https:\/\/sipin.com.vn\/wp-content\/uploads\/2025\/09\/UP300S24.png\",\"width\":678,\"height\":364},{\"@type\":\"BreadcrumbList\",\"@id\":\"https:\/\/sipin.com.vn\/index.php\/product\/union-up300s24\/#breadcrumb\",\"itemListElement\":[{\"@type\":\"ListItem\",\"position\":1,\"name\":\"Home\",\"item\":\"https:\/\/sipin.com.vn\/\"},{\"@type\":\"ListItem\",\"position\":2,\"name\":\"S\u1ea2N PH\u1ea8M\",\"item\":\"https:\/\/sipin.com.vn\/index.php\/cua-hang\/\"},{\"@type\":\"ListItem\",\"position\":3,\"name\":\"UNION UP300S24\"}]},{\"@type\":\"WebSite\",\"@id\":\"https:\/\/sipin.com.vn\/#website\",\"url\":\"https:\/\/sipin.com.vn\/\",\"name\":\"OMANI VI\u1ec6T NAM\",\"description\":\"Nh\u00e0 ph\u00e2n ph\u1ed1i thi\u1ebft b\u1ecb kh\u00ed n\u00e9n v\u00e0 thi\u1ebft b\u1ecb t\u1ef1 \u0111\u1ed9ng h\u00f3a trong c\u00f4ng nghi\u1ec7p\",\"publisher\":{\"@id\":\"https:\/\/sipin.com.vn\/#\/schema\/person\/0ad398a980dc3fd696111c2c5c8fa897\"},\"potentialAction\":[{\"@type\":\"SearchAction\",\"target\":{\"@type\":\"EntryPoint\",\"urlTemplate\":\"https:\/\/sipin.com.vn\/?s={search_term_string}\"},\"query-input\":\"required name=search_term_string\"}],\"inLanguage\":\"vi\"},{\"@type\":[\"Person\",\"Organization\"],\"@id\":\"https:\/\/sipin.com.vn\/#\/schema\/person\/0ad398a980dc3fd696111c2c5c8fa897\",\"name\":\"Nguy\u1ec5n V\u0103n Kh\u00e1nh\",\"image\":{\"@type\":\"ImageObject\",\"inLanguage\":\"vi\",\"@id\":\"https:\/\/sipin.com.vn\/#\/schema\/person\/image\/\",\"url\":\"https:\/\/sipin.com.vn\/wp-content\/uploads\/2024\/06\/logo-1024x1024.png\",\"contentUrl\":\"https:\/\/sipin.com.vn\/wp-content\/uploads\/2024\/06\/logo-1024x1024.png\",\"width\":1024,\"height\":1024,\"caption\":\"Nguy\u1ec5n V\u0103n Kh\u00e1nh\"},\"logo\":{\"@id\":\"https:\/\/sipin.com.vn\/#\/schema\/person\/image\/\"},\"sameAs\":[\"https:\/\/sipin.com.vn\"]}]}<\/script>\n<!-- \/ Yoast SEO plugin. -->","yoast_head_json":{"title":"UNION UP300S24 - OMANI VI\u1ec6T NAM","description":"UNION UP300S24 Power Supply","robots":{"index":"index","follow":"follow","max-snippet":"max-snippet:-1","max-image-preview":"max-image-preview:large","max-video-preview":"max-video-preview:-1"},"canonical":"https:\/\/sipin.com.vn\/index.php\/product\/union-up300s24\/","og_locale":"vi_VN","og_type":"article","og_title":"UNION UP300S24 - OMANI VI\u1ec6T NAM","og_description":"UNION UP300S24 Power Supply","og_url":"https:\/\/sipin.com.vn\/index.php\/product\/union-up300s24\/","og_site_name":"OMANI VI\u1ec6T NAM","og_image":[{"width":678,"height":364,"url":"https:\/\/sipin.com.vn\/wp-content\/uploads\/2025\/09\/UP300S24.png","type":"image\/png"}],"twitter_card":"summary_large_image","twitter_misc":{"\u01af\u1edbc t\u00ednh th\u1eddi gian \u0111\u1ecdc":"1 ph\u00fat"},"schema":{"@context":"https:\/\/schema.org","@graph":[{"@type":"WebPage","@id":"https:\/\/sipin.com.vn\/index.php\/product\/union-up300s24\/","url":"https:\/\/sipin.com.vn\/index.php\/product\/union-up300s24\/","name":"UNION UP300S24 - OMANI VI\u1ec6T NAM","isPartOf":{"@id":"https:\/\/sipin.com.vn\/#website"},"primaryImageOfPage":{"@id":"https:\/\/sipin.com.vn\/index.php\/product\/union-up300s24\/#primaryimage"},"image":{"@id":"https:\/\/sipin.com.vn\/index.php\/product\/union-up300s24\/#primaryimage"},"thumbnailUrl":"https:\/\/sipin.com.vn\/wp-content\/uploads\/2025\/09\/UP300S24.png","datePublished":"2025-09-05T14:01:22+00:00","dateModified":"2025-09-05T14:01:22+00:00","description":"UNION UP300S24 Power Supply","breadcrumb":{"@id":"https:\/\/sipin.com.vn\/index.php\/product\/union-up300s24\/#breadcrumb"},"inLanguage":"vi","potentialAction":[{"@type":"ReadAction","target":["https:\/\/sipin.com.vn\/index.php\/product\/union-up300s24\/"]}]},{"@type":"ImageObject","inLanguage":"vi","@id":"https:\/\/sipin.com.vn\/index.php\/product\/union-up300s24\/#primaryimage","url":"https:\/\/sipin.com.vn\/wp-content\/uploads\/2025\/09\/UP300S24.png","contentUrl":"https:\/\/sipin.com.vn\/wp-content\/uploads\/2025\/09\/UP300S24.png","width":678,"height":364},{"@type":"BreadcrumbList","@id":"https:\/\/sipin.com.vn\/index.php\/product\/union-up300s24\/#breadcrumb","itemListElement":[{"@type":"ListItem","position":1,"name":"Home","item":"https:\/\/sipin.com.vn\/"},{"@type":"ListItem","position":2,"name":"S\u1ea2N PH\u1ea8M","item":"https:\/\/sipin.com.vn\/index.php\/cua-hang\/"},{"@type":"ListItem","position":3,"name":"UNION UP300S24"}]},{"@type":"WebSite","@id":"https:\/\/sipin.com.vn\/#website","url":"https:\/\/sipin.com.vn\/","name":"OMANI VI\u1ec6T NAM","description":"Nh\u00e0 ph\u00e2n ph\u1ed1i thi\u1ebft b\u1ecb kh\u00ed n\u00e9n v\u00e0 thi\u1ebft b\u1ecb t\u1ef1 \u0111\u1ed9ng h\u00f3a trong c\u00f4ng nghi\u1ec7p","publisher":{"@id":"https:\/\/sipin.com.vn\/#\/schema\/person\/0ad398a980dc3fd696111c2c5c8fa897"},"potentialAction":[{"@type":"SearchAction","target":{"@type":"EntryPoint","urlTemplate":"https:\/\/sipin.com.vn\/?s={search_term_string}"},"query-input":"required name=search_term_string"}],"inLanguage":"vi"},{"@type":["Person","Organization"],"@id":"https:\/\/sipin.com.vn\/#\/schema\/person\/0ad398a980dc3fd696111c2c5c8fa897","name":"Nguy\u1ec5n V\u0103n Kh\u00e1nh","image":{"@type":"ImageObject","inLanguage":"vi","@id":"https:\/\/sipin.com.vn\/#\/schema\/person\/image\/","url":"https:\/\/sipin.com.vn\/wp-content\/uploads\/2024\/06\/logo-1024x1024.png","contentUrl":"https:\/\/sipin.com.vn\/wp-content\/uploads\/2024\/06\/logo-1024x1024.png","width":1024,"height":1024,"caption":"Nguy\u1ec5n V\u0103n Kh\u00e1nh"},"logo":{"@id":"https:\/\/sipin.com.vn\/#\/schema\/person\/image\/"},"sameAs":["https:\/\/sipin.com.vn"]}]}},"_links":{"self":[{"href":"https:\/\/sipin.com.vn\/index.php\/wp-json\/wp\/v2\/product\/4370","targetHints":{"allow":["GET"]}}],"collection":[{"href":"https:\/\/sipin.com.vn\/index.php\/wp-json\/wp\/v2\/product"}],"about":[{"href":"https:\/\/sipin.com.vn\/index.php\/wp-json\/wp\/v2\/types\/product"}],"replies":[{"embeddable":true,"href":"https:\/\/sipin.com.vn\/index.php\/wp-json\/wp\/v2\/comments?post=4370"}],"wp:featuredmedia":[{"embeddable":true,"href":"https:\/\/sipin.com.vn\/index.php\/wp-json\/wp\/v2\/media\/4371"}],"wp:attachment":[{"href":"https:\/\/sipin.com.vn\/index.php\/wp-json\/wp\/v2\/media?parent=4370"}],"wp:term":[{"taxonomy":"product_cat","embeddable":true,"href":"https:\/\/sipin.com.vn\/index.php\/wp-json\/wp\/v2\/product_cat?post=4370"},{"taxonomy":"product_tag","embeddable":true,"href":"https:\/\/sipin.com.vn\/index.php\/wp-json\/wp\/v2\/product_tag?post=4370"}],"curies":[{"name":"wp","href":"https:\/\/api.w.org\/{rel}","templated":true}]}}