{"id":4215,"date":"2025-07-27T19:42:03","date_gmt":"2025-07-27T12:42:03","guid":{"rendered":"https:\/\/sipin.com.vn\/?post_type=product&#038;p=4215"},"modified":"2025-07-27T19:42:03","modified_gmt":"2025-07-27T12:42:03","slug":"nordson-339695","status":"publish","type":"product","link":"https:\/\/sipin.com.vn\/index.php\/product\/nordson-339695\/","title":{"rendered":"NORDSON 339695"},"content":{"rendered":"<p>NORDSON 339695<\/p>\n<p>Nordson Surebead Saturn Nozzle straight<br \/>\nDiameter: 0.20 mm \/ 0.008 inch<\/p>\n<p>Nozzle \u00a0339695<\/p>\n<p>b\u00e9p phun\u00a0339695<\/p>\n<p>Nordon\u00a0339695<\/p>\n<p>Glue filter 1007038<\/p>\n<p>Hot melt sistemler\u00a01007038<\/p>\n<p>Glue filter 1007374<\/p>\n<p>Van l\u1ecdc keo\u00a0\u00a01007038<\/p>\n<p>Van l\u1ecdc keo\u00a01007374<\/p>\n<p>S\u1ea3n ph\u1ea9m c\u00f9ng lo\u1ea1i:<\/p>\n<p>O-ring 940172<\/p>\n<p>Plastic hose 972657<\/p>\n<p>O-ring 238711<\/p>\n<p>Insulation 1017307<\/p>\n<p>Lamp 1080959<\/p>\n<p>Screen 1017892<\/p>\n<p>Nozzle 322008<\/p>\n<p><span lang=\"NL\">Nozzle 322318<\/span><\/p>\n<p><span lang=\"NL\">Nozzle 322320<\/span><\/p>\n<p><span lang=\"NL\">Nozzle 322414<\/span><\/p>\n<p><span lang=\"NL\">Nozzle 322416<\/span><\/p>\n<p><span lang=\"NL\">Nozzle 1011010<\/span><\/p>\n<p><span lang=\"NL\">Screen 1025885<\/span><\/p>\n<p><span lang=\"NL\">Hinge 1049528<\/span><\/p>\n<p><span lang=\"NL\">Filter 274989<\/span><\/p>\n<p><span lang=\"NL\">Filter 1023267<\/span><\/p>\n<p><span lang=\"NL\">Service parts 120415<\/span><\/p>\n<p><span lang=\"NL\">Heating cartridge 1054673<\/span><\/p>\n<p><span lang=\"NL\">Filter 1007235<\/span><\/p>\n<p><span lang=\"NL\">Nozzle 238026<\/span><\/p>\n<p><span lang=\"NL\">Nozzle 238054<\/span><\/p>\n<p><span lang=\"NL\">Nozzle 238055<\/span><\/p>\n<p><span lang=\"NL\">Filter 1031236<\/span><\/p>\n<p><span lang=\"NL\">EL. Solenoid vavle 1069207<\/span><\/p>\n<p><span lang=\"NL\">Solenoid vavle 1093650<\/span><\/p>\n<p><span lang=\"NL\">Heating cartridge 938124<\/span><\/p>\n<p><span lang=\"NL\">Heater 160123<\/span><\/p>\n<p><span lang=\"NL\">Nozzle 710591<\/span><\/p>\n<p><span lang=\"NL\">Nozzle 131998<\/span><\/p>\n<p><span lang=\"NL\">Nozzle 940172 165794<\/span><\/p>\n<p><span lang=\"NL\">Cable 1051279<\/span><\/p>\n<p><span lang=\"NL\">Service parts 1099366<\/span><\/p>\n<p><span lang=\"NL\">Service parts 1051794<\/span><\/p>\n<p>Plastic hose 274794<\/p>\n<p>Plastic hose 274796<\/p>\n<p><span lang=\"NL\">Service parts 144906<\/span><\/p>\n<p><span lang=\"NL\">Hotmelt gun 8503640<\/span><\/p>\n<p><span lang=\"NL\">Hotmelt gun 8503761<\/span><\/p>\n<p><span lang=\"NL\">Hotmelt gun 8514037<\/span><\/p>\n<p><span lang=\"NL\">Hotmelt gun 1075983<\/span><\/p>\n<p><span lang=\"NL\">Hotmelt gun 1054948<\/span><\/p>\n<p><span lang=\"NL\">Hotmelt gun 1057398<\/span><\/p>\n<p><span lang=\"NL\">Adjustment disc 234428<\/span><\/p>\n<p><span lang=\"NL\">Pipe nipple 973002<\/span><\/p>\n<p><span lang=\"NL\">Radial seal 10x22x7 (mm)<\/span><\/p>\n<p>Radial seal 25 x 47 x 7(mm)<\/p>\n<p>Nordson 1015820<\/p>\n<p>Nordson 1011016<\/p>\n<p>Nordson 238528<\/p>\n<p>Nordson 8503591<\/p>\n<p>Nordson 1007374<\/p>\n<p>Nordson 7012338<\/p>\n<p>Nordson 7007025<\/p>\n<p>Nordson 322120<\/p>\n<p>Nordson 7007021<\/p>\n<p>Nordson 7023457<\/p>\n<p>Nordson 7014757<\/p>\n<p>Nordson 1007373<\/p>\n<p>Nordson 1011014<\/p>\n<p>Nordson 1011032<\/p>\n<p>Nordson 1007231<\/p>\n<p>Nordson 1007373<\/p>\n<p>Nordson 1052925<\/p>\n<p>Nordson 1011016<\/p>\n<p>Nordson 1015820<\/p>\n<p>Nordson 322216<\/p>\n<p>Nordson 1052925<\/p>\n<p>Nordson 274796D<\/p>\n<p>Nordson 47-0015-065V<\/p>\n<p>Nordson E169497<\/p>\n","protected":false},"excerpt":{"rendered":"<p>NORDSON 339695 Nordson Surebead Saturn Nozzle straight Diameter: 0.20 mm \/ 0.008 inch Nozzle \u00a0339695 b\u00e9p phun\u00a0339695 Nordon\u00a0339695 Glue filter 1007038 Hot melt sistemler\u00a01007038 Glue filter 1007374 Van l\u1ecdc keo\u00a0\u00a01007038 Van l\u1ecdc keo\u00a01007374 S\u1ea3n ph\u1ea9m c\u00f9ng lo\u1ea1i: O-ring 940172 Plastic hose 972657 O-ring 238711 Insulation 1017307 Lamp 1080959 Screen 1017892&hellip; <\/p>\n","protected":false},"featured_media":4216,"comment_status":"open","ping_status":"closed","template":"","meta":{"om_disable_all_campaigns":false,"_monsterinsights_skip_tracking":false,"_monsterinsights_sitenote_active":false,"_monsterinsights_sitenote_note":"","_monsterinsights_sitenote_category":0},"product_cat":[726],"product_tag":[280,279,538],"class_list":{"0":"post-4215","1":"product","2":"type-product","3":"status-publish","4":"has-post-thumbnail","6":"product_cat-nordson","7":"product_tag-dai-ly-nordson-viet-nam","8":"product_tag-nordson-viet-nam","9":"product_tag-thiet-bi-phun-khi","11":"first","12":"instock","13":"shipping-taxable","14":"product-type-simple"},"aioseo_notices":[],"yoast_head":"<!-- This site is optimized with the Yoast SEO plugin v22.8 - https:\/\/yoast.com\/wordpress\/plugins\/seo\/ -->\n<title>NORDSON 339695 - OMANI VI\u1ec6T NAM<\/title>\n<meta name=\"description\" content=\"NORDSON 339695 Precision Nozzle\" \/>\n<meta name=\"robots\" content=\"index, follow, max-snippet:-1, max-image-preview:large, max-video-preview:-1\" \/>\n<link rel=\"canonical\" href=\"https:\/\/sipin.com.vn\/index.php\/product\/nordson-339695\/\" \/>\n<meta property=\"og:locale\" content=\"vi_VN\" \/>\n<meta property=\"og:type\" content=\"article\" \/>\n<meta property=\"og:title\" content=\"NORDSON 339695 - OMANI VI\u1ec6T NAM\" \/>\n<meta property=\"og:description\" content=\"NORDSON 339695 Precision Nozzle\" \/>\n<meta property=\"og:url\" content=\"https:\/\/sipin.com.vn\/index.php\/product\/nordson-339695\/\" \/>\n<meta property=\"og:site_name\" content=\"OMANI VI\u1ec6T NAM\" \/>\n<meta property=\"og:image\" content=\"https:\/\/sipin.com.vn\/wp-content\/uploads\/2025\/07\/339695.png\" \/>\n\t<meta property=\"og:image:width\" content=\"448\" \/>\n\t<meta property=\"og:image:height\" content=\"555\" \/>\n\t<meta property=\"og:image:type\" content=\"image\/png\" \/>\n<meta name=\"twitter:card\" content=\"summary_large_image\" \/>\n<meta name=\"twitter:label1\" content=\"\u01af\u1edbc t\u00ednh th\u1eddi gian \u0111\u1ecdc\" \/>\n\t<meta name=\"twitter:data1\" content=\"2 ph\u00fat\" \/>\n<script type=\"application\/ld+json\" class=\"yoast-schema-graph\">{\"@context\":\"https:\/\/schema.org\",\"@graph\":[{\"@type\":\"WebPage\",\"@id\":\"https:\/\/sipin.com.vn\/index.php\/product\/nordson-339695\/\",\"url\":\"https:\/\/sipin.com.vn\/index.php\/product\/nordson-339695\/\",\"name\":\"NORDSON 339695 - OMANI VI\u1ec6T NAM\",\"isPartOf\":{\"@id\":\"https:\/\/sipin.com.vn\/#website\"},\"primaryImageOfPage\":{\"@id\":\"https:\/\/sipin.com.vn\/index.php\/product\/nordson-339695\/#primaryimage\"},\"image\":{\"@id\":\"https:\/\/sipin.com.vn\/index.php\/product\/nordson-339695\/#primaryimage\"},\"thumbnailUrl\":\"https:\/\/sipin.com.vn\/wp-content\/uploads\/2025\/07\/339695.png\",\"datePublished\":\"2025-07-27T12:42:03+00:00\",\"dateModified\":\"2025-07-27T12:42:03+00:00\",\"description\":\"NORDSON 339695 Precision Nozzle\",\"breadcrumb\":{\"@id\":\"https:\/\/sipin.com.vn\/index.php\/product\/nordson-339695\/#breadcrumb\"},\"inLanguage\":\"vi\",\"potentialAction\":[{\"@type\":\"ReadAction\",\"target\":[\"https:\/\/sipin.com.vn\/index.php\/product\/nordson-339695\/\"]}]},{\"@type\":\"ImageObject\",\"inLanguage\":\"vi\",\"@id\":\"https:\/\/sipin.com.vn\/index.php\/product\/nordson-339695\/#primaryimage\",\"url\":\"https:\/\/sipin.com.vn\/wp-content\/uploads\/2025\/07\/339695.png\",\"contentUrl\":\"https:\/\/sipin.com.vn\/wp-content\/uploads\/2025\/07\/339695.png\",\"width\":448,\"height\":555},{\"@type\":\"BreadcrumbList\",\"@id\":\"https:\/\/sipin.com.vn\/index.php\/product\/nordson-339695\/#breadcrumb\",\"itemListElement\":[{\"@type\":\"ListItem\",\"position\":1,\"name\":\"Home\",\"item\":\"https:\/\/sipin.com.vn\/\"},{\"@type\":\"ListItem\",\"position\":2,\"name\":\"S\u1ea2N PH\u1ea8M\",\"item\":\"https:\/\/sipin.com.vn\/index.php\/cua-hang\/\"},{\"@type\":\"ListItem\",\"position\":3,\"name\":\"NORDSON 339695\"}]},{\"@type\":\"WebSite\",\"@id\":\"https:\/\/sipin.com.vn\/#website\",\"url\":\"https:\/\/sipin.com.vn\/\",\"name\":\"OMANI VI\u1ec6T NAM\",\"description\":\"Nh\u00e0 ph\u00e2n ph\u1ed1i thi\u1ebft b\u1ecb kh\u00ed n\u00e9n v\u00e0 thi\u1ebft b\u1ecb t\u1ef1 \u0111\u1ed9ng h\u00f3a trong c\u00f4ng nghi\u1ec7p\",\"publisher\":{\"@id\":\"https:\/\/sipin.com.vn\/#\/schema\/person\/0ad398a980dc3fd696111c2c5c8fa897\"},\"potentialAction\":[{\"@type\":\"SearchAction\",\"target\":{\"@type\":\"EntryPoint\",\"urlTemplate\":\"https:\/\/sipin.com.vn\/?s={search_term_string}\"},\"query-input\":\"required name=search_term_string\"}],\"inLanguage\":\"vi\"},{\"@type\":[\"Person\",\"Organization\"],\"@id\":\"https:\/\/sipin.com.vn\/#\/schema\/person\/0ad398a980dc3fd696111c2c5c8fa897\",\"name\":\"Nguy\u1ec5n V\u0103n Kh\u00e1nh\",\"image\":{\"@type\":\"ImageObject\",\"inLanguage\":\"vi\",\"@id\":\"https:\/\/sipin.com.vn\/#\/schema\/person\/image\/\",\"url\":\"https:\/\/sipin.com.vn\/wp-content\/uploads\/2024\/06\/logo-1024x1024.png\",\"contentUrl\":\"https:\/\/sipin.com.vn\/wp-content\/uploads\/2024\/06\/logo-1024x1024.png\",\"width\":1024,\"height\":1024,\"caption\":\"Nguy\u1ec5n V\u0103n Kh\u00e1nh\"},\"logo\":{\"@id\":\"https:\/\/sipin.com.vn\/#\/schema\/person\/image\/\"},\"sameAs\":[\"https:\/\/sipin.com.vn\"]}]}<\/script>\n<!-- \/ Yoast SEO plugin. -->","yoast_head_json":{"title":"NORDSON 339695 - OMANI VI\u1ec6T NAM","description":"NORDSON 339695 Precision Nozzle","robots":{"index":"index","follow":"follow","max-snippet":"max-snippet:-1","max-image-preview":"max-image-preview:large","max-video-preview":"max-video-preview:-1"},"canonical":"https:\/\/sipin.com.vn\/index.php\/product\/nordson-339695\/","og_locale":"vi_VN","og_type":"article","og_title":"NORDSON 339695 - OMANI VI\u1ec6T NAM","og_description":"NORDSON 339695 Precision Nozzle","og_url":"https:\/\/sipin.com.vn\/index.php\/product\/nordson-339695\/","og_site_name":"OMANI VI\u1ec6T NAM","og_image":[{"width":448,"height":555,"url":"https:\/\/sipin.com.vn\/wp-content\/uploads\/2025\/07\/339695.png","type":"image\/png"}],"twitter_card":"summary_large_image","twitter_misc":{"\u01af\u1edbc t\u00ednh th\u1eddi gian \u0111\u1ecdc":"2 ph\u00fat"},"schema":{"@context":"https:\/\/schema.org","@graph":[{"@type":"WebPage","@id":"https:\/\/sipin.com.vn\/index.php\/product\/nordson-339695\/","url":"https:\/\/sipin.com.vn\/index.php\/product\/nordson-339695\/","name":"NORDSON 339695 - OMANI VI\u1ec6T NAM","isPartOf":{"@id":"https:\/\/sipin.com.vn\/#website"},"primaryImageOfPage":{"@id":"https:\/\/sipin.com.vn\/index.php\/product\/nordson-339695\/#primaryimage"},"image":{"@id":"https:\/\/sipin.com.vn\/index.php\/product\/nordson-339695\/#primaryimage"},"thumbnailUrl":"https:\/\/sipin.com.vn\/wp-content\/uploads\/2025\/07\/339695.png","datePublished":"2025-07-27T12:42:03+00:00","dateModified":"2025-07-27T12:42:03+00:00","description":"NORDSON 339695 Precision Nozzle","breadcrumb":{"@id":"https:\/\/sipin.com.vn\/index.php\/product\/nordson-339695\/#breadcrumb"},"inLanguage":"vi","potentialAction":[{"@type":"ReadAction","target":["https:\/\/sipin.com.vn\/index.php\/product\/nordson-339695\/"]}]},{"@type":"ImageObject","inLanguage":"vi","@id":"https:\/\/sipin.com.vn\/index.php\/product\/nordson-339695\/#primaryimage","url":"https:\/\/sipin.com.vn\/wp-content\/uploads\/2025\/07\/339695.png","contentUrl":"https:\/\/sipin.com.vn\/wp-content\/uploads\/2025\/07\/339695.png","width":448,"height":555},{"@type":"BreadcrumbList","@id":"https:\/\/sipin.com.vn\/index.php\/product\/nordson-339695\/#breadcrumb","itemListElement":[{"@type":"ListItem","position":1,"name":"Home","item":"https:\/\/sipin.com.vn\/"},{"@type":"ListItem","position":2,"name":"S\u1ea2N PH\u1ea8M","item":"https:\/\/sipin.com.vn\/index.php\/cua-hang\/"},{"@type":"ListItem","position":3,"name":"NORDSON 339695"}]},{"@type":"WebSite","@id":"https:\/\/sipin.com.vn\/#website","url":"https:\/\/sipin.com.vn\/","name":"OMANI VI\u1ec6T NAM","description":"Nh\u00e0 ph\u00e2n ph\u1ed1i thi\u1ebft b\u1ecb kh\u00ed n\u00e9n v\u00e0 thi\u1ebft b\u1ecb t\u1ef1 \u0111\u1ed9ng h\u00f3a trong c\u00f4ng nghi\u1ec7p","publisher":{"@id":"https:\/\/sipin.com.vn\/#\/schema\/person\/0ad398a980dc3fd696111c2c5c8fa897"},"potentialAction":[{"@type":"SearchAction","target":{"@type":"EntryPoint","urlTemplate":"https:\/\/sipin.com.vn\/?s={search_term_string}"},"query-input":"required name=search_term_string"}],"inLanguage":"vi"},{"@type":["Person","Organization"],"@id":"https:\/\/sipin.com.vn\/#\/schema\/person\/0ad398a980dc3fd696111c2c5c8fa897","name":"Nguy\u1ec5n V\u0103n Kh\u00e1nh","image":{"@type":"ImageObject","inLanguage":"vi","@id":"https:\/\/sipin.com.vn\/#\/schema\/person\/image\/","url":"https:\/\/sipin.com.vn\/wp-content\/uploads\/2024\/06\/logo-1024x1024.png","contentUrl":"https:\/\/sipin.com.vn\/wp-content\/uploads\/2024\/06\/logo-1024x1024.png","width":1024,"height":1024,"caption":"Nguy\u1ec5n V\u0103n Kh\u00e1nh"},"logo":{"@id":"https:\/\/sipin.com.vn\/#\/schema\/person\/image\/"},"sameAs":["https:\/\/sipin.com.vn"]}]}},"_links":{"self":[{"href":"https:\/\/sipin.com.vn\/index.php\/wp-json\/wp\/v2\/product\/4215","targetHints":{"allow":["GET"]}}],"collection":[{"href":"https:\/\/sipin.com.vn\/index.php\/wp-json\/wp\/v2\/product"}],"about":[{"href":"https:\/\/sipin.com.vn\/index.php\/wp-json\/wp\/v2\/types\/product"}],"replies":[{"embeddable":true,"href":"https:\/\/sipin.com.vn\/index.php\/wp-json\/wp\/v2\/comments?post=4215"}],"wp:featuredmedia":[{"embeddable":true,"href":"https:\/\/sipin.com.vn\/index.php\/wp-json\/wp\/v2\/media\/4216"}],"wp:attachment":[{"href":"https:\/\/sipin.com.vn\/index.php\/wp-json\/wp\/v2\/media?parent=4215"}],"wp:term":[{"taxonomy":"product_cat","embeddable":true,"href":"https:\/\/sipin.com.vn\/index.php\/wp-json\/wp\/v2\/product_cat?post=4215"},{"taxonomy":"product_tag","embeddable":true,"href":"https:\/\/sipin.com.vn\/index.php\/wp-json\/wp\/v2\/product_tag?post=4215"}],"curies":[{"name":"wp","href":"https:\/\/api.w.org\/{rel}","templated":true}]}}