{"id":3880,"date":"2025-05-23T22:18:14","date_gmt":"2025-05-23T15:18:14","guid":{"rendered":"https:\/\/sipin.com.vn\/?post_type=product&#038;p=3880"},"modified":"2025-05-23T22:18:14","modified_gmt":"2025-05-23T15:18:14","slug":"mitsubishi-fx3u-64mt-es-a","status":"publish","type":"product","link":"https:\/\/sipin.com.vn\/index.php\/product\/mitsubishi-fx3u-64mt-es-a\/","title":{"rendered":"MITSUBISHI FX3U-64MT\/ES-A"},"content":{"rendered":"<p>MITSUBISHI FX3U-64MT\/ES-A<\/p>\n<p>MITSUBISHI FX3U-64MR\/ES-A<\/p>\n<p>B\u00f4\u0323 CPU v\u01a1\u0301i 64 \u0111\u1ea7u v\u00e0o \u0111\u1ea7u ra: 32 \u0111\u00e2\u0300u va\u0300o va\u0300 32 \u0111\u00e2\u0300u ra relay<br \/>\nNgu\u1ed3n c\u1ea5p: 100VAC-240VAC, C\u00f4ng su\u1ea5t: 45W<br \/>\nB\u1ed9 nh\u1edb ch\u01b0\u01a1ng tr\u00ecnh: 64.000 Steps<br \/>\nT\u00edch h\u1ee3p \u0111\u1ed3ng h\u1ed3 th\u1eddi gian th\u1ef1c, B\u1ed9 \u0111\u1ebfm: 235, Timer: 512<br \/>\nT\u00edch h\u1ee3p c\u1ed5ng th\u00f4ng RS232C, RS485<\/p>\n<p>Ph\u1ea7n m\u1ec1m l\u1eadp tr\u00ecnh PLC Mitsubishi GX-Developer<\/p>\n<p>FX3U CPU t\u01b0\u01a1ng th\u00edch v\u1edbi c\u00e1c module m\u1edf r\u1ed9ng c\u1ee7a d\u00f2ng FX2N hi\u1ec7n t\u1ea1i c\u0169ng nh\u01b0 module m\u1edf r\u1ed9ng FX3U ADP m\u1edbi v\u00e0 c\u00f3 th\u1ec3 \u0111\u01b0\u1ee3c s\u1eed d\u1ee5ng nh\u01b0 l\u00e0 m\u1ed9t thay th\u1ebf cho FX2N series<br \/>\nC\u00e1p k\u1ebft n\u1ed1i: FX-USB-AW, USB-SC09, USB-SC09<br \/>\nXu\u1ea5t x\u1ee9: Mitsubishi<\/p>\n<h2 class=\"title-product item_name\">PLC Mitsubishi FX3U-64MT\/ES-A<\/h2>\n<h3>1. PLC\u00a0FX3U-64MR\/ES-A:<\/h3>\n<div>\n<p>T\u00ean s\u1ea3n ph\u1ea9m PLC FX3U-64MR\/ES-A<br \/>\nD\u00f2ng s\u1ea3n ph\u1ea9m FX3U Series<br \/>\nS\u1ed1 \u0111\u1ea7u I\/O 64<br \/>\nD\u1ea3i \u0111i\u1ec7n \u00e1p 100 \u2192 240 V ac<br \/>\nKi\u1ec3u \u0111\u1ea7u ra Relay<br \/>\nS\u1ed1 \u0111\u1ea7u ra 32<br \/>\nS\u1ed1 \u0111\u1ea7u v\u00e0o 32<br \/>\nKi\u1ec3u \u0111\u1ea7u v\u00e0o Sink\/Source<br \/>\nT\u00edn hi\u1ec7u \u0111i\u1ec7n \u00e1p \u0111\u1ea7u v\u00e0o 24V DC \u00b110%<br \/>\nKi\u1ec3u l\u1eafp \u0111\u1eb7t DIN Rail<br \/>\nTh\u1eddi gian \u0111\u00e1p \u1ee9ng 0.065 \u03bcs<br \/>\nDung l\u01b0\u1ee3ng ch\u01b0\u01a1ng tr\u00ecnh 64000 Steps<br \/>\nNg\u00f4n ng\u1eef l\u1eadp tr\u00ecnh Ladder Logic<br \/>\nNhi\u1ec7t \u0111\u1ed9 ho\u1ea1t \u0111\u1ed9ng t\u1ed1i \u0111a +55\u00b0C<br \/>\nB\u1ed9 nh\u1edb 64000 Steps<br \/>\nGiao di\u1ec7n l\u1eadp tr\u00ecnh Computer, HMI<br \/>\nNhi\u1ec7t \u0111\u1ed9 ho\u1ea1t \u0111\u1ed9ng t\u1ed1i thi\u1ec3u 0 \u00b0 C<br \/>\nKi\u1ec3u k\u1ebft n\u1ed1i USB, RS232C, RS485<br \/>\nC\u00e1p k\u1ebft n\u1ed1i FX-USB-AW, USB-SC09, USB-SC09-FX<br \/>\n\u0110i\u1ec7n n\u0103ng ti\u00eau th\u1ee5 45W<br \/>\nK\u00edch th\u01b0\u1edbc WxHxD 220x90x86 mm<br \/>\nD\u00f2ng \u0111i\u1ec7n \u0111\u1ea7u ra 800 mA<br \/>\nTr\u1ecdng l\u01b0\u1ee3ng 1.0 kg<\/p>\n<h3>2. C\u00e1c m\u00e3 h\u00e0ng t\u01b0\u01a1ng \u0111\u01b0\u01a1ng PLC FX3U-64MT\/ES-A:<\/h3>\n<p>FX3U-128MR\/ES-A<br \/>\nFX3U-128MT\/ES-A<br \/>\nFX3U-128MT\/ESS<br \/>\nFX3U-16DT-SEY<br \/>\nFX3U-16MR\/DS<br \/>\nFX3U-16MR\/ES-A<br \/>\nFX3U-16MT<br \/>\nFX3U-16MT\/DS<br \/>\nFX3U-16MT\/DSS<br \/>\nFX3U-16MT\/ES-A<br \/>\nFX3U-16MT\/ESS<br \/>\nFX3U-1PSU-5V<br \/>\nFX3U-20SSC-H<br \/>\nFX3U-232ADP-MB<br \/>\nFX3U-232-BD<br \/>\nFX3U-2HC<br \/>\nFX3U-2HSY-ADP<br \/>\nFX3U-32BL<br \/>\nFX3U-32MR\/DS<br \/>\nFX3U-32MR\/ES-A<br \/>\nFX3U-32MT\/DS<br \/>\nFX3U-32MT\/DSS<br \/>\nFX3U-32MT\/ES-A<br \/>\nFX3U-32MT\/ESS<br \/>\nFX3U-3A-ADP<br \/>\nFX3U-422-BD<br \/>\nFX3U-485ADP-MB<\/p>\n<\/div>\n","protected":false},"excerpt":{"rendered":"<p>MITSUBISHI FX3U-64MT\/ES-A MITSUBISHI FX3U-64MR\/ES-A B\u00f4\u0323 CPU v\u01a1\u0301i 64 \u0111\u1ea7u v\u00e0o \u0111\u1ea7u ra: 32 \u0111\u00e2\u0300u va\u0300o va\u0300 32 \u0111\u00e2\u0300u ra relay Ngu\u1ed3n c\u1ea5p: 100VAC-240VAC, C\u00f4ng su\u1ea5t: 45W B\u1ed9 nh\u1edb ch\u01b0\u01a1ng tr\u00ecnh: 64.000 Steps T\u00edch h\u1ee3p \u0111\u1ed3ng h\u1ed3 th\u1eddi gian th\u1ef1c, B\u1ed9 \u0111\u1ebfm: 235, Timer: 512 T\u00edch h\u1ee3p c\u1ed5ng th\u00f4ng RS232C, RS485&hellip; <\/p>\n","protected":false},"featured_media":3881,"comment_status":"open","ping_status":"closed","template":"","meta":{"om_disable_all_campaigns":false,"_monsterinsights_skip_tracking":false,"_monsterinsights_sitenote_active":false,"_monsterinsights_sitenote_note":"","_monsterinsights_sitenote_category":0},"product_cat":[749],"product_tag":[167,158,157],"class_list":{"0":"post-3880","1":"product","2":"type-product","3":"status-publish","4":"has-post-thumbnail","6":"product_cat-mitsubishi","7":"product_tag-bo-dieu-khien","8":"product_tag-dai-ly-mitsubishi-viet-nam","9":"product_tag-mitsubishi-viet-nam","11":"first","12":"instock","13":"shipping-taxable","14":"product-type-simple"},"aioseo_notices":[],"yoast_head":"<!-- This site is optimized with the Yoast SEO plugin v22.8 - https:\/\/yoast.com\/wordpress\/plugins\/seo\/ -->\n<title>MITSUBISHI FX3U-64MT\/ES-A - OMANI VI\u1ec6T NAM<\/title>\n<meta name=\"description\" content=\"MITSUBISHI FX3U-64MT\/ES-A Programmble Logic Controller PLC\" \/>\n<meta name=\"robots\" content=\"index, follow, max-snippet:-1, max-image-preview:large, max-video-preview:-1\" \/>\n<link rel=\"canonical\" href=\"https:\/\/sipin.com.vn\/index.php\/product\/mitsubishi-fx3u-64mt-es-a\/\" \/>\n<meta property=\"og:locale\" content=\"vi_VN\" \/>\n<meta property=\"og:type\" content=\"article\" \/>\n<meta property=\"og:title\" content=\"MITSUBISHI FX3U-64MT\/ES-A - OMANI VI\u1ec6T NAM\" \/>\n<meta property=\"og:description\" content=\"MITSUBISHI FX3U-64MT\/ES-A Programmble Logic Controller PLC\" \/>\n<meta property=\"og:url\" content=\"https:\/\/sipin.com.vn\/index.php\/product\/mitsubishi-fx3u-64mt-es-a\/\" \/>\n<meta property=\"og:site_name\" content=\"OMANI VI\u1ec6T NAM\" \/>\n<meta property=\"og:image\" content=\"https:\/\/sipin.com.vn\/wp-content\/uploads\/2025\/05\/FX3U-64MT-ES-A.png\" \/>\n\t<meta property=\"og:image:width\" content=\"473\" \/>\n\t<meta property=\"og:image:height\" content=\"496\" \/>\n\t<meta property=\"og:image:type\" content=\"image\/png\" \/>\n<meta name=\"twitter:card\" content=\"summary_large_image\" \/>\n<meta name=\"twitter:label1\" content=\"\u01af\u1edbc t\u00ednh th\u1eddi gian \u0111\u1ecdc\" \/>\n\t<meta name=\"twitter:data1\" content=\"2 ph\u00fat\" \/>\n<script type=\"application\/ld+json\" class=\"yoast-schema-graph\">{\"@context\":\"https:\/\/schema.org\",\"@graph\":[{\"@type\":\"WebPage\",\"@id\":\"https:\/\/sipin.com.vn\/index.php\/product\/mitsubishi-fx3u-64mt-es-a\/\",\"url\":\"https:\/\/sipin.com.vn\/index.php\/product\/mitsubishi-fx3u-64mt-es-a\/\",\"name\":\"MITSUBISHI FX3U-64MT\/ES-A - OMANI VI\u1ec6T NAM\",\"isPartOf\":{\"@id\":\"https:\/\/sipin.com.vn\/#website\"},\"primaryImageOfPage\":{\"@id\":\"https:\/\/sipin.com.vn\/index.php\/product\/mitsubishi-fx3u-64mt-es-a\/#primaryimage\"},\"image\":{\"@id\":\"https:\/\/sipin.com.vn\/index.php\/product\/mitsubishi-fx3u-64mt-es-a\/#primaryimage\"},\"thumbnailUrl\":\"https:\/\/sipin.com.vn\/wp-content\/uploads\/2025\/05\/FX3U-64MT-ES-A.png\",\"datePublished\":\"2025-05-23T15:18:14+00:00\",\"dateModified\":\"2025-05-23T15:18:14+00:00\",\"description\":\"MITSUBISHI FX3U-64MT\/ES-A Programmble Logic Controller PLC\",\"breadcrumb\":{\"@id\":\"https:\/\/sipin.com.vn\/index.php\/product\/mitsubishi-fx3u-64mt-es-a\/#breadcrumb\"},\"inLanguage\":\"vi\",\"potentialAction\":[{\"@type\":\"ReadAction\",\"target\":[\"https:\/\/sipin.com.vn\/index.php\/product\/mitsubishi-fx3u-64mt-es-a\/\"]}]},{\"@type\":\"ImageObject\",\"inLanguage\":\"vi\",\"@id\":\"https:\/\/sipin.com.vn\/index.php\/product\/mitsubishi-fx3u-64mt-es-a\/#primaryimage\",\"url\":\"https:\/\/sipin.com.vn\/wp-content\/uploads\/2025\/05\/FX3U-64MT-ES-A.png\",\"contentUrl\":\"https:\/\/sipin.com.vn\/wp-content\/uploads\/2025\/05\/FX3U-64MT-ES-A.png\",\"width\":473,\"height\":496},{\"@type\":\"BreadcrumbList\",\"@id\":\"https:\/\/sipin.com.vn\/index.php\/product\/mitsubishi-fx3u-64mt-es-a\/#breadcrumb\",\"itemListElement\":[{\"@type\":\"ListItem\",\"position\":1,\"name\":\"Home\",\"item\":\"https:\/\/sipin.com.vn\/\"},{\"@type\":\"ListItem\",\"position\":2,\"name\":\"S\u1ea2N PH\u1ea8M\",\"item\":\"https:\/\/sipin.com.vn\/index.php\/cua-hang\/\"},{\"@type\":\"ListItem\",\"position\":3,\"name\":\"MITSUBISHI FX3U-64MT\/ES-A\"}]},{\"@type\":\"WebSite\",\"@id\":\"https:\/\/sipin.com.vn\/#website\",\"url\":\"https:\/\/sipin.com.vn\/\",\"name\":\"OMANI VI\u1ec6T NAM\",\"description\":\"Nh\u00e0 ph\u00e2n ph\u1ed1i thi\u1ebft b\u1ecb kh\u00ed n\u00e9n v\u00e0 thi\u1ebft b\u1ecb t\u1ef1 \u0111\u1ed9ng h\u00f3a trong c\u00f4ng nghi\u1ec7p\",\"publisher\":{\"@id\":\"https:\/\/sipin.com.vn\/#\/schema\/person\/0ad398a980dc3fd696111c2c5c8fa897\"},\"potentialAction\":[{\"@type\":\"SearchAction\",\"target\":{\"@type\":\"EntryPoint\",\"urlTemplate\":\"https:\/\/sipin.com.vn\/?s={search_term_string}\"},\"query-input\":\"required name=search_term_string\"}],\"inLanguage\":\"vi\"},{\"@type\":[\"Person\",\"Organization\"],\"@id\":\"https:\/\/sipin.com.vn\/#\/schema\/person\/0ad398a980dc3fd696111c2c5c8fa897\",\"name\":\"Nguy\u1ec5n V\u0103n Kh\u00e1nh\",\"image\":{\"@type\":\"ImageObject\",\"inLanguage\":\"vi\",\"@id\":\"https:\/\/sipin.com.vn\/#\/schema\/person\/image\/\",\"url\":\"https:\/\/sipin.com.vn\/wp-content\/uploads\/2024\/06\/logo-1024x1024.png\",\"contentUrl\":\"https:\/\/sipin.com.vn\/wp-content\/uploads\/2024\/06\/logo-1024x1024.png\",\"width\":1024,\"height\":1024,\"caption\":\"Nguy\u1ec5n V\u0103n Kh\u00e1nh\"},\"logo\":{\"@id\":\"https:\/\/sipin.com.vn\/#\/schema\/person\/image\/\"},\"sameAs\":[\"https:\/\/sipin.com.vn\"]}]}<\/script>\n<!-- \/ Yoast SEO plugin. -->","yoast_head_json":{"title":"MITSUBISHI FX3U-64MT\/ES-A - OMANI VI\u1ec6T NAM","description":"MITSUBISHI FX3U-64MT\/ES-A Programmble Logic Controller PLC","robots":{"index":"index","follow":"follow","max-snippet":"max-snippet:-1","max-image-preview":"max-image-preview:large","max-video-preview":"max-video-preview:-1"},"canonical":"https:\/\/sipin.com.vn\/index.php\/product\/mitsubishi-fx3u-64mt-es-a\/","og_locale":"vi_VN","og_type":"article","og_title":"MITSUBISHI FX3U-64MT\/ES-A - OMANI VI\u1ec6T NAM","og_description":"MITSUBISHI FX3U-64MT\/ES-A Programmble Logic Controller PLC","og_url":"https:\/\/sipin.com.vn\/index.php\/product\/mitsubishi-fx3u-64mt-es-a\/","og_site_name":"OMANI VI\u1ec6T NAM","og_image":[{"width":473,"height":496,"url":"https:\/\/sipin.com.vn\/wp-content\/uploads\/2025\/05\/FX3U-64MT-ES-A.png","type":"image\/png"}],"twitter_card":"summary_large_image","twitter_misc":{"\u01af\u1edbc t\u00ednh th\u1eddi gian \u0111\u1ecdc":"2 ph\u00fat"},"schema":{"@context":"https:\/\/schema.org","@graph":[{"@type":"WebPage","@id":"https:\/\/sipin.com.vn\/index.php\/product\/mitsubishi-fx3u-64mt-es-a\/","url":"https:\/\/sipin.com.vn\/index.php\/product\/mitsubishi-fx3u-64mt-es-a\/","name":"MITSUBISHI FX3U-64MT\/ES-A - OMANI VI\u1ec6T NAM","isPartOf":{"@id":"https:\/\/sipin.com.vn\/#website"},"primaryImageOfPage":{"@id":"https:\/\/sipin.com.vn\/index.php\/product\/mitsubishi-fx3u-64mt-es-a\/#primaryimage"},"image":{"@id":"https:\/\/sipin.com.vn\/index.php\/product\/mitsubishi-fx3u-64mt-es-a\/#primaryimage"},"thumbnailUrl":"https:\/\/sipin.com.vn\/wp-content\/uploads\/2025\/05\/FX3U-64MT-ES-A.png","datePublished":"2025-05-23T15:18:14+00:00","dateModified":"2025-05-23T15:18:14+00:00","description":"MITSUBISHI FX3U-64MT\/ES-A Programmble Logic Controller PLC","breadcrumb":{"@id":"https:\/\/sipin.com.vn\/index.php\/product\/mitsubishi-fx3u-64mt-es-a\/#breadcrumb"},"inLanguage":"vi","potentialAction":[{"@type":"ReadAction","target":["https:\/\/sipin.com.vn\/index.php\/product\/mitsubishi-fx3u-64mt-es-a\/"]}]},{"@type":"ImageObject","inLanguage":"vi","@id":"https:\/\/sipin.com.vn\/index.php\/product\/mitsubishi-fx3u-64mt-es-a\/#primaryimage","url":"https:\/\/sipin.com.vn\/wp-content\/uploads\/2025\/05\/FX3U-64MT-ES-A.png","contentUrl":"https:\/\/sipin.com.vn\/wp-content\/uploads\/2025\/05\/FX3U-64MT-ES-A.png","width":473,"height":496},{"@type":"BreadcrumbList","@id":"https:\/\/sipin.com.vn\/index.php\/product\/mitsubishi-fx3u-64mt-es-a\/#breadcrumb","itemListElement":[{"@type":"ListItem","position":1,"name":"Home","item":"https:\/\/sipin.com.vn\/"},{"@type":"ListItem","position":2,"name":"S\u1ea2N PH\u1ea8M","item":"https:\/\/sipin.com.vn\/index.php\/cua-hang\/"},{"@type":"ListItem","position":3,"name":"MITSUBISHI FX3U-64MT\/ES-A"}]},{"@type":"WebSite","@id":"https:\/\/sipin.com.vn\/#website","url":"https:\/\/sipin.com.vn\/","name":"OMANI VI\u1ec6T NAM","description":"Nh\u00e0 ph\u00e2n ph\u1ed1i thi\u1ebft b\u1ecb kh\u00ed n\u00e9n v\u00e0 thi\u1ebft b\u1ecb t\u1ef1 \u0111\u1ed9ng h\u00f3a trong c\u00f4ng nghi\u1ec7p","publisher":{"@id":"https:\/\/sipin.com.vn\/#\/schema\/person\/0ad398a980dc3fd696111c2c5c8fa897"},"potentialAction":[{"@type":"SearchAction","target":{"@type":"EntryPoint","urlTemplate":"https:\/\/sipin.com.vn\/?s={search_term_string}"},"query-input":"required name=search_term_string"}],"inLanguage":"vi"},{"@type":["Person","Organization"],"@id":"https:\/\/sipin.com.vn\/#\/schema\/person\/0ad398a980dc3fd696111c2c5c8fa897","name":"Nguy\u1ec5n V\u0103n Kh\u00e1nh","image":{"@type":"ImageObject","inLanguage":"vi","@id":"https:\/\/sipin.com.vn\/#\/schema\/person\/image\/","url":"https:\/\/sipin.com.vn\/wp-content\/uploads\/2024\/06\/logo-1024x1024.png","contentUrl":"https:\/\/sipin.com.vn\/wp-content\/uploads\/2024\/06\/logo-1024x1024.png","width":1024,"height":1024,"caption":"Nguy\u1ec5n V\u0103n Kh\u00e1nh"},"logo":{"@id":"https:\/\/sipin.com.vn\/#\/schema\/person\/image\/"},"sameAs":["https:\/\/sipin.com.vn"]}]}},"_links":{"self":[{"href":"https:\/\/sipin.com.vn\/index.php\/wp-json\/wp\/v2\/product\/3880","targetHints":{"allow":["GET"]}}],"collection":[{"href":"https:\/\/sipin.com.vn\/index.php\/wp-json\/wp\/v2\/product"}],"about":[{"href":"https:\/\/sipin.com.vn\/index.php\/wp-json\/wp\/v2\/types\/product"}],"replies":[{"embeddable":true,"href":"https:\/\/sipin.com.vn\/index.php\/wp-json\/wp\/v2\/comments?post=3880"}],"wp:featuredmedia":[{"embeddable":true,"href":"https:\/\/sipin.com.vn\/index.php\/wp-json\/wp\/v2\/media\/3881"}],"wp:attachment":[{"href":"https:\/\/sipin.com.vn\/index.php\/wp-json\/wp\/v2\/media?parent=3880"}],"wp:term":[{"taxonomy":"product_cat","embeddable":true,"href":"https:\/\/sipin.com.vn\/index.php\/wp-json\/wp\/v2\/product_cat?post=3880"},{"taxonomy":"product_tag","embeddable":true,"href":"https:\/\/sipin.com.vn\/index.php\/wp-json\/wp\/v2\/product_tag?post=3880"}],"curies":[{"name":"wp","href":"https:\/\/api.w.org\/{rel}","templated":true}]}}