{"id":3659,"date":"2025-04-24T20:46:19","date_gmt":"2025-04-24T13:46:19","guid":{"rendered":"https:\/\/omanivietnam.com\/?post_type=product&#038;p=3659"},"modified":"2025-04-24T20:47:05","modified_gmt":"2025-04-24T13:47:05","slug":"ifm-o5d100","status":"publish","type":"product","link":"https:\/\/sipin.com.vn\/index.php\/product\/ifm-o5d100\/","title":{"rendered":"IFM O5D100"},"content":{"rendered":"<p>IFM O5D100<\/p>\n<p class=\"LC20lb MBeuO DKV0Md\">Laser sensors &#8211; O5D100<\/p>\n<table class=\"woocommerce-product-attributes shop_attributes\">\n<tbody>\n<tr>\n<th class=\"pd-table-h1\" colspan=\"2\">Product characteristics<\/th>\n<\/tr>\n<tr>\n<td>Type of light<\/td>\n<td>red light<\/td>\n<\/tr>\n<tr>\n<td>Communication interface<\/td>\n<td>IO-Link<\/td>\n<\/tr>\n<tr>\n<td>Laser protection class<\/td>\n<td>2<\/td>\n<\/tr>\n<tr>\n<td>Housing<\/td>\n<td>rectangular<\/td>\n<\/tr>\n<tr>\n<td>Dimensions [mm]<\/td>\n<td>56 x 18.2 x 46.8<\/td>\n<\/tr>\n<tr>\n<th class=\"pd-table-h1\" colspan=\"2\">Application<\/th>\n<\/tr>\n<tr>\n<td>Special feature<\/td>\n<td>Background suppression<\/td>\n<\/tr>\n<tr>\n<th class=\"pd-table-h1\" colspan=\"2\">Electrical data<\/th>\n<\/tr>\n<tr>\n<td>Operating voltage [V]<\/td>\n<td>10\u202630 DC; (\u201csupply class 2\u201d to cULus)<\/td>\n<\/tr>\n<tr>\n<td>Current consumption [mA]<\/td>\n<td>75; (24 V)<\/td>\n<\/tr>\n<tr>\n<td>Protection class<\/td>\n<td>III<\/td>\n<\/tr>\n<tr>\n<td>Reverse polarity protection<\/td>\n<td>yes<\/td>\n<\/tr>\n<tr>\n<td>Type of light<\/td>\n<td>red light<\/td>\n<\/tr>\n<tr>\n<td>Wave length [nm]<\/td>\n<td>650<\/td>\n<\/tr>\n<tr>\n<td>Typ. lifetime [h]<\/td>\n<td>50000<\/td>\n<\/tr>\n<tr>\n<th class=\"pd-table-h1\" colspan=\"2\">Inputs \/ outputs<\/th>\n<\/tr>\n<tr>\n<td>Number of inputs and outputs<\/td>\n<td>Number of digital outputs: 2<\/td>\n<\/tr>\n<tr>\n<th class=\"pd-table-h1\" colspan=\"2\">Outputs<\/th>\n<\/tr>\n<tr>\n<td>Total number of outputs<\/td>\n<td>2<\/td>\n<\/tr>\n<tr>\n<td>Electrical design<\/td>\n<td>PNP<\/td>\n<\/tr>\n<tr>\n<td>Number of digital outputs<\/td>\n<td>2<\/td>\n<\/tr>\n<tr>\n<td>Output function<\/td>\n<td>normally open \/ normally closed; (complementary)<\/td>\n<\/tr>\n<tr>\n<td>Max. current load per output [mA]<\/td>\n<td>100<\/td>\n<\/tr>\n<tr>\n<td>Switching frequency DC [Hz]<\/td>\n<td>11<\/td>\n<\/tr>\n<tr>\n<td>Short-circuit protection<\/td>\n<td>yes<\/td>\n<\/tr>\n<tr>\n<td>Type of short-circuit protection<\/td>\n<td>pulsed<\/td>\n<\/tr>\n<tr>\n<td>Overload protection<\/td>\n<td>yes<\/td>\n<\/tr>\n<tr>\n<th class=\"pd-table-h1\" colspan=\"2\">Detection zone<\/th>\n<\/tr>\n<tr>\n<td>Max. light spot diameter [mm]<\/td>\n<td>5<\/td>\n<\/tr>\n<tr>\n<td>Light spot dimensions refer to<\/td>\n<td>2 m<\/td>\n<\/tr>\n<tr>\n<td>Detection range hysteresis [%]<\/td>\n<td>&lt; 2.5<\/td>\n<\/tr>\n<tr>\n<td>Note on monitoring range hysteresis<\/td>\n<td>\n<table>\n<caption>\u00a0<\/caption>\n<colgroup class=\"pd-table-cols-1\">\n<col class=\"pd-table-col-1\" \/><\/colgroup>\n<tbody>\n<tr>\n<td>black 6% remission<\/td>\n<\/tr>\n<\/tbody>\n<\/table>\n<\/td>\n<\/tr>\n<tr>\n<td>Background suppression available<\/td>\n<td>yes<\/td>\n<\/tr>\n<tr>\n<td>Background suppression [m]<\/td>\n<td>&lt; 20<\/td>\n<\/tr>\n<tr>\n<th class=\"pd-table-h1\" colspan=\"2\">Measuring\/setting range<\/th>\n<\/tr>\n<tr>\n<td>Measuring range [m]<\/td>\n<td>0.03\u20262<\/td>\n<\/tr>\n<tr>\n<td>Sampling rate [Hz]<\/td>\n<td>33<\/td>\n<\/tr>\n<tr>\n<th class=\"pd-table-h1\" colspan=\"2\">Interfaces<\/th>\n<\/tr>\n<tr>\n<td>Communication interface<\/td>\n<td>IO-Link<\/td>\n<\/tr>\n<tr>\n<td>Transmission type<\/td>\n<td>COM2 (38,4 kBaud)<\/td>\n<\/tr>\n<tr>\n<td>IO-Link revision<\/td>\n<td>1.1<\/td>\n<\/tr>\n<tr>\n<td>SDCI standard<\/td>\n<td>IEC 61131-9<\/td>\n<\/tr>\n<tr>\n<td>Profiles<\/td>\n<td>Smart Sensor: Sensor Identification; Binary Data Channel; Process Value; Sensor Diagnosis<\/td>\n<\/tr>\n<tr>\n<td>SIO mode<\/td>\n<td>yes<\/td>\n<\/tr>\n<tr>\n<td>Process data analogue<\/td>\n<td>1<\/td>\n<\/tr>\n<tr>\n<td>Process data binary<\/td>\n<td>1<\/td>\n<\/tr>\n<tr>\n<td>Min. process cycle time [ms]<\/td>\n<td>6.6<\/td>\n<\/tr>\n<tr>\n<td>Supported DeviceIDs<\/td>\n<td>\n<table>\n<caption>\u00a0<\/caption>\n<colgroup class=\"pd-table-cols-2\">\n<col class=\"pd-table-col-1\" \/>\n<col class=\"pd-table-col-2\" \/><\/colgroup>\n<tbody>\n<tr>\n<td>Type of operation<\/td>\n<td>DeviceID<\/td>\n<\/tr>\n<tr>\n<td>Default<\/td>\n<td>372<\/td>\n<\/tr>\n<\/tbody>\n<\/table>\n<\/td>\n<\/tr>\n<tr>\n<th class=\"pd-table-h1\" colspan=\"2\">Operating conditions<\/th>\n<\/tr>\n<tr>\n<td>Ambient temperature [\u00b0C]<\/td>\n<td>-25\u202660<\/td>\n<\/tr>\n<tr>\n<td>Note on ambient temperature<\/td>\n<td>\n<table>\n<caption>\u00a0<\/caption>\n<colgroup class=\"pd-table-cols-1\">\n<col class=\"pd-table-col-1\" \/><\/colgroup>\n<tbody>\n<tr>\n<td>at ta &lt; -10 \u00b0C warm-up is necessary, laser is off<\/td>\n<\/tr>\n<\/tbody>\n<\/table>\n<\/td>\n<\/tr>\n<tr>\n<td>Protection<\/td>\n<td>IP 65; IP 67<\/td>\n<\/tr>\n<tr>\n<td>Max. immunity to extraneous light [klx]<\/td>\n<td>10; (on the object)<\/td>\n<\/tr>\n<tr>\n<th class=\"pd-table-h1\" colspan=\"2\">Mechanical data<\/th>\n<\/tr>\n<tr>\n<td>Weight [g]<\/td>\n<td>85<\/td>\n<\/tr>\n<tr>\n<td>Housing<\/td>\n<td>rectangular<\/td>\n<\/tr>\n<tr>\n<td>Dimensions [mm]<\/td>\n<td>56 x 18.2 x 46.8<\/td>\n<\/tr>\n<tr>\n<td>Materials<\/td>\n<td>housing: PA; bezel: stainless steel; operator interface: TPU; lens: PMMA<\/td>\n<\/tr>\n<tr>\n<td>Lens alignment<\/td>\n<td>side lens<\/td>\n<\/tr>\n<tr>\n<th class=\"pd-table-h1\" colspan=\"2\">Displays \/ operating elements<\/th>\n<\/tr>\n<tr>\n<td>Display<\/td>\n<td>\n<table>\n<caption>\u00a0<\/caption>\n<colgroup class=\"pd-table-cols-2\">\n<col class=\"pd-table-col-1\" \/>\n<col class=\"pd-table-col-2\" \/><\/colgroup>\n<tbody>\n<tr>\n<td>switching status<\/td>\n<td>LED, yellow switching output PIN 4<\/td>\n<\/tr>\n<tr>\n<td>operation<\/td>\n<td>LED, green<\/td>\n<\/tr>\n<tr>\n<td>Display<\/td>\n<td>alphanumeric display, 3-digit<\/td>\n<\/tr>\n<\/tbody>\n<\/table>\n<\/td>\n<\/tr>\n<tr>\n<td>Display unit<\/td>\n<td>cm<\/td>\n<\/tr>\n<tr>\n<th class=\"pd-table-h1\" colspan=\"2\">Remarks<\/th>\n<\/tr>\n<tr>\n<td>Pack quantity<\/td>\n<td>1 pcs.<\/td>\n<\/tr>\n<tr>\n<th class=\"pd-table-h1\" colspan=\"2\">Electrical connection<\/th>\n<\/tr>\n<tr>\n<td>Connection<\/td>\n<td>Connector: 1 x M12<\/td>\n<\/tr>\n<\/tbody>\n<\/table>\n<p>&nbsp;<\/p>\n","protected":false},"excerpt":{"rendered":"<p>IFM O5D100 Laser sensors &#8211; O5D100 Product characteristics Type of light red light Communication interface IO-Link Laser protection class 2 Housing rectangular Dimensions [mm] 56 x 18.2 x 46.8 Application Special feature Background suppression Electrical data Operating voltage [V] 10\u202630 DC; (\u201csupply class 2\u201d to cULus) Current consumption [mA] 75;&hellip; <\/p>\n","protected":false},"featured_media":3660,"comment_status":"open","ping_status":"closed","template":"","meta":{"om_disable_all_campaigns":false,"_monsterinsights_skip_tracking":false,"_monsterinsights_sitenote_active":false,"_monsterinsights_sitenote_note":"","_monsterinsights_sitenote_category":0},"product_cat":[15],"product_tag":[88,166,165],"class_list":{"0":"post-3659","1":"product","2":"type-product","3":"status-publish","4":"has-post-thumbnail","6":"product_cat-apex","7":"product_tag-cam-bien","8":"product_tag-dai-ly-ifm-viet-nam","9":"product_tag-ifm-viet-nam","11":"first","12":"instock","13":"shipping-taxable","14":"product-type-simple"},"aioseo_notices":[],"yoast_head":"<!-- This site is optimized with the Yoast SEO plugin v22.8 - https:\/\/yoast.com\/wordpress\/plugins\/seo\/ -->\n<title>IFM O5D100 - OMANI VI\u1ec6T NAM<\/title>\n<meta name=\"description\" content=\"IFM O5D100 Laser sensors\" \/>\n<meta name=\"robots\" content=\"index, follow, max-snippet:-1, max-image-preview:large, max-video-preview:-1\" \/>\n<link rel=\"canonical\" href=\"https:\/\/sipin.com.vn\/index.php\/product\/ifm-o5d100\/\" \/>\n<meta property=\"og:locale\" content=\"vi_VN\" \/>\n<meta property=\"og:type\" content=\"article\" \/>\n<meta property=\"og:title\" content=\"IFM O5D100 - OMANI VI\u1ec6T NAM\" \/>\n<meta property=\"og:description\" content=\"IFM O5D100 Laser sensors\" \/>\n<meta property=\"og:url\" content=\"https:\/\/sipin.com.vn\/index.php\/product\/ifm-o5d100\/\" \/>\n<meta property=\"og:site_name\" content=\"OMANI VI\u1ec6T NAM\" \/>\n<meta property=\"article:modified_time\" content=\"2025-04-24T13:47:05+00:00\" \/>\n<meta property=\"og:image\" content=\"https:\/\/sipin.com.vn\/wp-content\/uploads\/2025\/04\/O5D100.png\" \/>\n\t<meta property=\"og:image:width\" content=\"619\" \/>\n\t<meta property=\"og:image:height\" content=\"607\" \/>\n\t<meta property=\"og:image:type\" content=\"image\/png\" \/>\n<meta name=\"twitter:card\" content=\"summary_large_image\" \/>\n<meta name=\"twitter:label1\" content=\"\u01af\u1edbc t\u00ednh th\u1eddi gian \u0111\u1ecdc\" \/>\n\t<meta name=\"twitter:data1\" content=\"2 ph\u00fat\" \/>\n<script type=\"application\/ld+json\" class=\"yoast-schema-graph\">{\"@context\":\"https:\/\/schema.org\",\"@graph\":[{\"@type\":\"WebPage\",\"@id\":\"https:\/\/sipin.com.vn\/index.php\/product\/ifm-o5d100\/\",\"url\":\"https:\/\/sipin.com.vn\/index.php\/product\/ifm-o5d100\/\",\"name\":\"IFM O5D100 - OMANI VI\u1ec6T NAM\",\"isPartOf\":{\"@id\":\"https:\/\/sipin.com.vn\/#website\"},\"primaryImageOfPage\":{\"@id\":\"https:\/\/sipin.com.vn\/index.php\/product\/ifm-o5d100\/#primaryimage\"},\"image\":{\"@id\":\"https:\/\/sipin.com.vn\/index.php\/product\/ifm-o5d100\/#primaryimage\"},\"thumbnailUrl\":\"https:\/\/sipin.com.vn\/wp-content\/uploads\/2025\/04\/O5D100.png\",\"datePublished\":\"2025-04-24T13:46:19+00:00\",\"dateModified\":\"2025-04-24T13:47:05+00:00\",\"description\":\"IFM O5D100 Laser sensors\",\"breadcrumb\":{\"@id\":\"https:\/\/sipin.com.vn\/index.php\/product\/ifm-o5d100\/#breadcrumb\"},\"inLanguage\":\"vi\",\"potentialAction\":[{\"@type\":\"ReadAction\",\"target\":[\"https:\/\/sipin.com.vn\/index.php\/product\/ifm-o5d100\/\"]}]},{\"@type\":\"ImageObject\",\"inLanguage\":\"vi\",\"@id\":\"https:\/\/sipin.com.vn\/index.php\/product\/ifm-o5d100\/#primaryimage\",\"url\":\"https:\/\/sipin.com.vn\/wp-content\/uploads\/2025\/04\/O5D100.png\",\"contentUrl\":\"https:\/\/sipin.com.vn\/wp-content\/uploads\/2025\/04\/O5D100.png\",\"width\":619,\"height\":607},{\"@type\":\"BreadcrumbList\",\"@id\":\"https:\/\/sipin.com.vn\/index.php\/product\/ifm-o5d100\/#breadcrumb\",\"itemListElement\":[{\"@type\":\"ListItem\",\"position\":1,\"name\":\"Home\",\"item\":\"https:\/\/sipin.com.vn\/\"},{\"@type\":\"ListItem\",\"position\":2,\"name\":\"S\u1ea2N PH\u1ea8M\",\"item\":\"https:\/\/sipin.com.vn\/index.php\/cua-hang\/\"},{\"@type\":\"ListItem\",\"position\":3,\"name\":\"IFM O5D100\"}]},{\"@type\":\"WebSite\",\"@id\":\"https:\/\/sipin.com.vn\/#website\",\"url\":\"https:\/\/sipin.com.vn\/\",\"name\":\"OMANI VI\u1ec6T NAM\",\"description\":\"Nh\u00e0 ph\u00e2n ph\u1ed1i thi\u1ebft b\u1ecb kh\u00ed n\u00e9n v\u00e0 thi\u1ebft b\u1ecb t\u1ef1 \u0111\u1ed9ng h\u00f3a trong c\u00f4ng nghi\u1ec7p\",\"publisher\":{\"@id\":\"https:\/\/sipin.com.vn\/#\/schema\/person\/0ad398a980dc3fd696111c2c5c8fa897\"},\"potentialAction\":[{\"@type\":\"SearchAction\",\"target\":{\"@type\":\"EntryPoint\",\"urlTemplate\":\"https:\/\/sipin.com.vn\/?s={search_term_string}\"},\"query-input\":\"required name=search_term_string\"}],\"inLanguage\":\"vi\"},{\"@type\":[\"Person\",\"Organization\"],\"@id\":\"https:\/\/sipin.com.vn\/#\/schema\/person\/0ad398a980dc3fd696111c2c5c8fa897\",\"name\":\"Nguy\u1ec5n V\u0103n Kh\u00e1nh\",\"image\":{\"@type\":\"ImageObject\",\"inLanguage\":\"vi\",\"@id\":\"https:\/\/sipin.com.vn\/#\/schema\/person\/image\/\",\"url\":\"https:\/\/sipin.com.vn\/wp-content\/uploads\/2024\/06\/logo-1024x1024.png\",\"contentUrl\":\"https:\/\/sipin.com.vn\/wp-content\/uploads\/2024\/06\/logo-1024x1024.png\",\"width\":1024,\"height\":1024,\"caption\":\"Nguy\u1ec5n V\u0103n Kh\u00e1nh\"},\"logo\":{\"@id\":\"https:\/\/sipin.com.vn\/#\/schema\/person\/image\/\"},\"sameAs\":[\"https:\/\/sipin.com.vn\"]}]}<\/script>\n<!-- \/ Yoast SEO plugin. -->","yoast_head_json":{"title":"IFM O5D100 - OMANI VI\u1ec6T NAM","description":"IFM O5D100 Laser sensors","robots":{"index":"index","follow":"follow","max-snippet":"max-snippet:-1","max-image-preview":"max-image-preview:large","max-video-preview":"max-video-preview:-1"},"canonical":"https:\/\/sipin.com.vn\/index.php\/product\/ifm-o5d100\/","og_locale":"vi_VN","og_type":"article","og_title":"IFM O5D100 - OMANI VI\u1ec6T NAM","og_description":"IFM O5D100 Laser sensors","og_url":"https:\/\/sipin.com.vn\/index.php\/product\/ifm-o5d100\/","og_site_name":"OMANI VI\u1ec6T NAM","article_modified_time":"2025-04-24T13:47:05+00:00","og_image":[{"width":619,"height":607,"url":"https:\/\/sipin.com.vn\/wp-content\/uploads\/2025\/04\/O5D100.png","type":"image\/png"}],"twitter_card":"summary_large_image","twitter_misc":{"\u01af\u1edbc t\u00ednh th\u1eddi gian \u0111\u1ecdc":"2 ph\u00fat"},"schema":{"@context":"https:\/\/schema.org","@graph":[{"@type":"WebPage","@id":"https:\/\/sipin.com.vn\/index.php\/product\/ifm-o5d100\/","url":"https:\/\/sipin.com.vn\/index.php\/product\/ifm-o5d100\/","name":"IFM O5D100 - OMANI VI\u1ec6T NAM","isPartOf":{"@id":"https:\/\/sipin.com.vn\/#website"},"primaryImageOfPage":{"@id":"https:\/\/sipin.com.vn\/index.php\/product\/ifm-o5d100\/#primaryimage"},"image":{"@id":"https:\/\/sipin.com.vn\/index.php\/product\/ifm-o5d100\/#primaryimage"},"thumbnailUrl":"https:\/\/sipin.com.vn\/wp-content\/uploads\/2025\/04\/O5D100.png","datePublished":"2025-04-24T13:46:19+00:00","dateModified":"2025-04-24T13:47:05+00:00","description":"IFM O5D100 Laser sensors","breadcrumb":{"@id":"https:\/\/sipin.com.vn\/index.php\/product\/ifm-o5d100\/#breadcrumb"},"inLanguage":"vi","potentialAction":[{"@type":"ReadAction","target":["https:\/\/sipin.com.vn\/index.php\/product\/ifm-o5d100\/"]}]},{"@type":"ImageObject","inLanguage":"vi","@id":"https:\/\/sipin.com.vn\/index.php\/product\/ifm-o5d100\/#primaryimage","url":"https:\/\/sipin.com.vn\/wp-content\/uploads\/2025\/04\/O5D100.png","contentUrl":"https:\/\/sipin.com.vn\/wp-content\/uploads\/2025\/04\/O5D100.png","width":619,"height":607},{"@type":"BreadcrumbList","@id":"https:\/\/sipin.com.vn\/index.php\/product\/ifm-o5d100\/#breadcrumb","itemListElement":[{"@type":"ListItem","position":1,"name":"Home","item":"https:\/\/sipin.com.vn\/"},{"@type":"ListItem","position":2,"name":"S\u1ea2N PH\u1ea8M","item":"https:\/\/sipin.com.vn\/index.php\/cua-hang\/"},{"@type":"ListItem","position":3,"name":"IFM O5D100"}]},{"@type":"WebSite","@id":"https:\/\/sipin.com.vn\/#website","url":"https:\/\/sipin.com.vn\/","name":"OMANI VI\u1ec6T NAM","description":"Nh\u00e0 ph\u00e2n ph\u1ed1i thi\u1ebft b\u1ecb kh\u00ed n\u00e9n v\u00e0 thi\u1ebft b\u1ecb t\u1ef1 \u0111\u1ed9ng h\u00f3a trong c\u00f4ng nghi\u1ec7p","publisher":{"@id":"https:\/\/sipin.com.vn\/#\/schema\/person\/0ad398a980dc3fd696111c2c5c8fa897"},"potentialAction":[{"@type":"SearchAction","target":{"@type":"EntryPoint","urlTemplate":"https:\/\/sipin.com.vn\/?s={search_term_string}"},"query-input":"required name=search_term_string"}],"inLanguage":"vi"},{"@type":["Person","Organization"],"@id":"https:\/\/sipin.com.vn\/#\/schema\/person\/0ad398a980dc3fd696111c2c5c8fa897","name":"Nguy\u1ec5n V\u0103n Kh\u00e1nh","image":{"@type":"ImageObject","inLanguage":"vi","@id":"https:\/\/sipin.com.vn\/#\/schema\/person\/image\/","url":"https:\/\/sipin.com.vn\/wp-content\/uploads\/2024\/06\/logo-1024x1024.png","contentUrl":"https:\/\/sipin.com.vn\/wp-content\/uploads\/2024\/06\/logo-1024x1024.png","width":1024,"height":1024,"caption":"Nguy\u1ec5n V\u0103n Kh\u00e1nh"},"logo":{"@id":"https:\/\/sipin.com.vn\/#\/schema\/person\/image\/"},"sameAs":["https:\/\/sipin.com.vn"]}]}},"_links":{"self":[{"href":"https:\/\/sipin.com.vn\/index.php\/wp-json\/wp\/v2\/product\/3659","targetHints":{"allow":["GET"]}}],"collection":[{"href":"https:\/\/sipin.com.vn\/index.php\/wp-json\/wp\/v2\/product"}],"about":[{"href":"https:\/\/sipin.com.vn\/index.php\/wp-json\/wp\/v2\/types\/product"}],"replies":[{"embeddable":true,"href":"https:\/\/sipin.com.vn\/index.php\/wp-json\/wp\/v2\/comments?post=3659"}],"wp:featuredmedia":[{"embeddable":true,"href":"https:\/\/sipin.com.vn\/index.php\/wp-json\/wp\/v2\/media\/3660"}],"wp:attachment":[{"href":"https:\/\/sipin.com.vn\/index.php\/wp-json\/wp\/v2\/media?parent=3659"}],"wp:term":[{"taxonomy":"product_cat","embeddable":true,"href":"https:\/\/sipin.com.vn\/index.php\/wp-json\/wp\/v2\/product_cat?post=3659"},{"taxonomy":"product_tag","embeddable":true,"href":"https:\/\/sipin.com.vn\/index.php\/wp-json\/wp\/v2\/product_tag?post=3659"}],"curies":[{"name":"wp","href":"https:\/\/api.w.org\/{rel}","templated":true}]}}