{"id":3637,"date":"2025-04-21T21:45:31","date_gmt":"2025-04-21T14:45:31","guid":{"rendered":"https:\/\/omanivietnam.com\/?post_type=product&#038;p=3637"},"modified":"2025-04-21T21:45:31","modified_gmt":"2025-04-21T14:45:31","slug":"festo-lr-d-mini","status":"publish","type":"product","link":"https:\/\/sipin.com.vn\/index.php\/product\/festo-lr-d-mini\/","title":{"rendered":"FESTO LR-D-MINI"},"content":{"rendered":"<p>FESTO LR-D-MINI<\/p>\n<p>FESTO LR-D-MINI+DPA-63-16<\/p>\n<p id=\"main-headline\" class=\"main-headline\">Pressure regulator LR, LRS<\/p>\n<p><strong>LR-1\/4-D-MINI-MPA ( LR-1\/4-D-MINI )\u00a0 \u00a0<\/strong><\/p>\n<div class=\"copytext promo-text product-summary__promo-text\">Sturdy control valve with or without safety lock against unauthorized adjustment.<\/div>\n<ul class=\"text-list product-summary__list\">\n<li>Lockable design<\/li>\n<li>Two pressure gauge connections for different installation options<\/li>\n<li>Micro, mini, midi size: directly actuated diaphragm regulator<\/li>\n<li>Maxi size: piloted piston regulating valve, diaphragm regulator LRS-DI<\/li>\n<li>Optional return flow option for venting from output 2 to input 1<\/li>\n<li>With optional pressure gauge<\/li>\n<li>Size: micro, mini, midi, maxi<\/li>\n<\/ul>\n<p>C\u00e1c m\u00e3 h\u00e0ng t\u01b0\u01a1ng t\u1ef1<\/p>\n<table width=\"478\">\n<tbody>\n<tr>\n<td width=\"239\">162582 LR-x-D-7-MINI<\/td>\n<td width=\"239\">159624 LR-x-D-MINI<\/td>\n<\/tr>\n<tr>\n<td width=\"239\">162583 LR-\u00bc-D-7-MINI<\/td>\n<td width=\"239\">159625 LR-\u00bc-D-MINI<\/td>\n<\/tr>\n<tr>\n<td width=\"239\">162584 LR-y-D-7-MINI<\/td>\n<td width=\"239\">162580 LR-y-D-MINI<\/td>\n<\/tr>\n<tr>\n<td width=\"239\">186453 LR-\u00bc-D-7-MIDI<\/td>\n<td width=\"239\">186451 LR-\u00bc-D-MIDI<\/td>\n<\/tr>\n<tr>\n<td width=\"239\">162585 LR-y-D-7-MIDI<\/td>\n<td width=\"239\">159580 LR-y-D-MIDI<\/td>\n<\/tr>\n<tr>\n<td width=\"239\">162586 LR-\u00bd-D-7-MIDI<\/td>\n<td width=\"239\">159581 LR-\u00bd-D-MIDI<\/td>\n<\/tr>\n<tr>\n<td width=\"239\">162587 LR-\u00be-D-7-MIDI<\/td>\n<td width=\"239\">162581 LR-\u00be-D-MIDI<\/td>\n<\/tr>\n<tr>\n<td width=\"239\">186457 LR-\u00bd-D-7-MAXI<\/td>\n<td width=\"239\">186455 LR-\u00bd-D-MAXI<\/td>\n<\/tr>\n<tr>\n<td width=\"239\">162588 LR-\u00be-D-7-MAXI<\/td>\n<td width=\"239\">159626 LR-\u00be-D-MAXI<\/td>\n<\/tr>\n<tr>\n<td width=\"239\">162589 LR-1-D-7-MAXI<\/td>\n<td width=\"239\">159627 LR-1-D-MAXI<\/td>\n<\/tr>\n<tr>\n<td><\/td>\n<td><\/td>\n<\/tr>\n<tr>\n<td width=\"239\">162598 LR-x-D-7-O-MINI1)<\/td>\n<td width=\"239\">162590 LR-x-D-O-MINI1)<\/td>\n<\/tr>\n<tr>\n<td width=\"239\">162599 LR-\u00bc-D-7-O-MINI1)<\/td>\n<td width=\"239\">162591 LR-\u00bc-D-O-MINI1)<\/td>\n<\/tr>\n<tr>\n<td width=\"239\">162600 LR-y-D-7-O-MINI1)<\/td>\n<td width=\"239\">162592 LR-y-D-O-MINI1)<\/td>\n<\/tr>\n<tr>\n<td width=\"239\">186452 LR-\u00bc-D-O-MIDI1)<\/td>\n<td width=\"239\">186454 LR-\u00bc-D-7-O-MIDI1)<\/td>\n<\/tr>\n<tr>\n<td width=\"239\">162601 LR-y-D-7-O-MIDI1)<\/td>\n<td width=\"239\">162593 LR-y-D-O-MIDI1)<\/td>\n<\/tr>\n<tr>\n<td width=\"239\">162602 LR-\u00bd-D-7-O-MIDI1)<\/td>\n<td width=\"239\">162594 LR-\u00bd-D-O-MIDI1)<\/td>\n<\/tr>\n<tr>\n<td width=\"239\">162603 LR-\u00be-D-7-O-MIDI1)<\/td>\n<td width=\"239\">162595 LR-\u00be-D-O-MIDI1)<\/td>\n<\/tr>\n<tr>\n<td width=\"239\">186458 LR-\u00bd-D-7-O-MAXI1)<\/td>\n<td width=\"239\">186456 LR-\u00bd-D-O-MAXI1)<\/td>\n<\/tr>\n<tr>\n<td width=\"239\">162604 LR-\u00be-D-7-O-MAXI1)<\/td>\n<td width=\"239\">162596 LR-\u00be-D-O-MAXI1)<\/td>\n<\/tr>\n<tr>\n<td width=\"239\">162605 LR-1-D-7-O-MAXI1)<\/td>\n<td width=\"239\">162597 LR-1-D-O-MAXI1)<\/td>\n<\/tr>\n<tr>\n<td width=\"239\">526262 LR-M5-D-O-7-MICRO<\/td>\n<td width=\"239\">526261 LR-M5-D-7-MICRO<\/td>\n<\/tr>\n<tr>\n<td width=\"239\">534181 LR-M7-D-O-7-MICRO-B<\/td>\n<td width=\"239\">534180 LR-M7-D-7-MICRO-B<\/td>\n<\/tr>\n<tr>\n<td width=\"239\">526264 LR-x-D-O-7-MICRO<\/td>\n<td width=\"239\">526263 LR-x-D-7-MICRO<\/td>\n<\/tr>\n<tr>\n<td><\/td>\n<td><\/td>\n<\/tr>\n<tr>\n<td width=\"239\">526270 LR-QS4-D-O-7-MICRO<\/td>\n<td width=\"239\">526269 LR-QS4-D-7-MICRO<\/td>\n<\/tr>\n<tr>\n<td width=\"239\">526272 LR-QS6-D-O-7-MICRO<\/td>\n<td width=\"239\">526271 LR-QS6-D-7-MICRO<\/td>\n<\/tr>\n<tr>\n<td width=\"239\">192299 LR-x-D-7-I-MINI<\/td>\n<td width=\"239\">192298 LR-x-D-I-MINI<\/td>\n<\/tr>\n<tr>\n<td width=\"239\">192301 LR-\u00bc-D-7-I-MINI<\/td>\n<td width=\"239\">192300 LR-\u00bc-D-I-MINI<\/td>\n<\/tr>\n<tr>\n<td width=\"239\">192303 LR-y-D-7-I-MINI<\/td>\n<td width=\"239\">192302 LR-y-D-I-MINI<\/td>\n<\/tr>\n<tr>\n<td width=\"239\">192311 LR-\u00bc-D-7-I-MIDI<\/td>\n<td width=\"239\">192310 LR-\u00bc-D-I-MIDI<\/td>\n<\/tr>\n<tr>\n<td width=\"239\">192313 LR-y-D-7-I-MIDI<\/td>\n<td width=\"239\">192312 LR-y-D-I-MIDI<\/td>\n<\/tr>\n<tr>\n<td width=\"239\">192315 LR-\u00bd-D-7-I-MIDI<\/td>\n<td width=\"239\">192314 LR-\u00bd-D-I-MIDI<\/td>\n<\/tr>\n<tr>\n<td width=\"239\">192317 LR-\u00be-D-7-I-MIDI<\/td>\n<td width=\"239\">192316 LR-\u00be-D-I-MIDI<\/td>\n<\/tr>\n<tr>\n<td><\/td>\n<td><\/td>\n<\/tr>\n<tr>\n<td width=\"239\">192305 LR-x-D-7-O-I-MINI1)<\/td>\n<td width=\"239\">192304 LR-x-D-O-I-MINI1)<\/td>\n<\/tr>\n<tr>\n<td width=\"239\">192307 LR-\u00bc-D-7-O-I-MINI1)<\/td>\n<td width=\"239\">192306 LR-\u00bc-D-O-I-MINI1)<\/td>\n<\/tr>\n<tr>\n<td width=\"239\">192309 LR-y-D-7-O-I-MINI1)<\/td>\n<td width=\"239\">192308 LR-y-D-O-I-MINI1)<\/td>\n<\/tr>\n<tr>\n<td width=\"239\">192319 LR-\u00bc-D-7-O-I-MIDI1)<\/td>\n<td width=\"239\">192318 LR-\u00bc-D-O-I-MIDI1)<\/td>\n<\/tr>\n<tr>\n<td width=\"239\">192321 LR-y-D-7-O-I-MIDI1)<\/td>\n<td width=\"239\">192320 LR-y-D-O-I-MIDI1)<\/td>\n<\/tr>\n<tr>\n<td width=\"239\">192323 LR-\u00bd-D-7-O-I-MIDI1)<\/td>\n<td width=\"239\">192322 LR-\u00bd-D-O-I-MIDI1)<\/td>\n<\/tr>\n<tr>\n<td width=\"239\">192325 LR-\u00be-D-7-O-I-MIDI1)<\/td>\n<td width=\"239\">192324 LR-\u00be-D-O-I-MIDI1)<\/td>\n<\/tr>\n<tr>\n<td width=\"239\">192358 LR-\u00bd-D-7-DI-MAXI<\/td>\n<td width=\"239\">192356 LR-\u00bd-D-DI-MAXI<\/td>\n<\/tr>\n<tr>\n<td width=\"239\">192362 LR-\u00be-D-7-DI-MAXI<\/td>\n<td width=\"239\">192360 LR-\u00be-D-DI-MAXI<\/td>\n<\/tr>\n<tr>\n<td width=\"239\">192366 LR-1-D-7-DI-MAXI<\/td>\n<td width=\"239\">192364 LR-1-D-DI-MAXI<\/td>\n<\/tr>\n<tr>\n<td><\/td>\n<td><\/td>\n<\/tr>\n<tr>\n<td width=\"239\">192359 LR-\u00bd-D-7-O-DI-MAXI1)<\/td>\n<td width=\"239\">192357 LR-\u00bd-D-O-DI-MAXI1)<\/td>\n<\/tr>\n<tr>\n<td width=\"239\">192363 LR-\u00be-D-7-O-DI-MAXI1)<\/td>\n<td width=\"239\">192361 LR-\u00be-D-O-DI-MAXI1)<\/td>\n<\/tr>\n<tr>\n<td width=\"239\">192367 LR-1-D-7-O-DI-MAXI1)<\/td>\n<td width=\"239\">192365 LR-1-D-O-DI-MAXI1)<\/td>\n<\/tr>\n<tr>\n<td width=\"239\">194606 LRS-x-D-7-MINI<\/td>\n<td width=\"239\">194602 LRS-x-D-MINI<\/td>\n<\/tr>\n<tr>\n<td width=\"239\">194614 LRS-\u00bc-D-7-MINI<\/td>\n<td width=\"239\">194610 LRS-\u00bc-D-MINI<\/td>\n<\/tr>\n<tr>\n<td width=\"239\">194622 LRS-y-D-7-MINI<\/td>\n<td width=\"239\">194618 LRS-y-D-MINI<\/td>\n<\/tr>\n<tr>\n<td width=\"239\">194630 LRS-\u00bc-D-7-MIDI<\/td>\n<td width=\"239\">194626 LRS-\u00bc-D-MIDI<\/td>\n<\/tr>\n<tr>\n<td width=\"239\">194638 LRS-y-D-7-MIDI<\/td>\n<td width=\"239\">194634 LRS-y-D-MIDI<\/td>\n<\/tr>\n<tr>\n<td width=\"239\">194646 LRS-\u00bd-D-7-MIDI<\/td>\n<td width=\"239\">194642 LRS-\u00bd-D-MIDI<\/td>\n<\/tr>\n<tr>\n<td width=\"239\">194656 LRS-\u00be-D-7-MIDI<\/td>\n<td width=\"239\">194650 LRS-\u00be-D-MIDI<\/td>\n<\/tr>\n<tr>\n<td width=\"239\">194660 LRS-\u00bd-D-7-MAXI<\/td>\n<td width=\"239\">194658 LRS-\u00bd-D-MAXI<\/td>\n<\/tr>\n<tr>\n<td width=\"239\">194662 LRS-\u00be-D-7-MAXI<\/td>\n<td width=\"239\">194664 LRS-\u00be-D-MAXI<\/td>\n<\/tr>\n<tr>\n<td width=\"239\">194668 LRS-1-D-7-MAXI<\/td>\n<td width=\"239\">194666 LRS-1-D-MAXI<\/td>\n<\/tr>\n<tr>\n<td><\/td>\n<td><\/td>\n<\/tr>\n<tr>\n<td width=\"239\">194608 LRS-x-D-7-O-MINI<\/td>\n<td width=\"239\">194604 LRS-x-D-O-MINI<\/td>\n<\/tr>\n<tr>\n<td width=\"239\">194616 LRS-\u00bc-D-7-O-MINI<\/td>\n<td width=\"239\">194612 LRS-\u00bc-D-O-MINI<\/td>\n<\/tr>\n<tr>\n<td width=\"239\">194624 LRS-y-D-7-O-MINI<\/td>\n<td width=\"239\">194620 LRS-y-D-O-MINI<\/td>\n<\/tr>\n<tr>\n<td width=\"239\">194632 LRS-\u00bc-D-7-O-MIDI<\/td>\n<td width=\"239\">194628 LRS-\u00bc-D-O-MIDI<\/td>\n<\/tr>\n<tr>\n<td width=\"239\">194640 LRS-y-D-7-O-MIDI<\/td>\n<td width=\"239\">194636 LRS-y-D-O-MIDI<\/td>\n<\/tr>\n<tr>\n<td width=\"239\">194648 LRS-\u00bd-D-7-O-MIDI<\/td>\n<td width=\"239\">194644 LRS-\u00bd-D-O-MIDI<\/td>\n<\/tr>\n<tr>\n<td width=\"239\">194654 LRS-\u00be-D-7-O-MIDI<\/td>\n<td width=\"239\">194652 LRS-\u00be-D-O-MIDI<\/td>\n<\/tr>\n<tr>\n<td width=\"239\">194661 LRS-\u00bd-D-7-O-MAXI<\/td>\n<td width=\"239\">194659 LRS-\u00bd-D-O-MAXI<\/td>\n<\/tr>\n<tr>\n<td width=\"239\">194663 LRS-\u00be-D-7-O-MAXI<\/td>\n<td width=\"239\">194665 LRS-\u00be-D-O-MAXI<\/td>\n<\/tr>\n<tr>\n<td width=\"239\">194669 LRS-1-D-7-O-MAXI<\/td>\n<td width=\"239\">194667 LRS-1-D-O-MAXI<\/td>\n<\/tr>\n<tr>\n<td width=\"239\">194607 LRS-x-D-7-I-MINI<\/td>\n<td width=\"239\">194603 LRS-x-D-I-MINI<\/td>\n<\/tr>\n<tr>\n<td width=\"239\">194615 LRS-\u00bc-D-7-I-MINI<\/td>\n<td width=\"239\">194611 LRS-\u00bc-D-I-MINI<\/td>\n<\/tr>\n<tr>\n<td width=\"239\">194623 LRS-y-D-7-I-MINI<\/td>\n<td width=\"239\">194619 LRS-y-D-I-MINI<\/td>\n<\/tr>\n<tr>\n<td width=\"239\">194631 LRS-\u00bc-D-7-I-MIDI<\/td>\n<td width=\"239\">194627 LRS-\u00bc-D-I-MIDI<\/td>\n<\/tr>\n<tr>\n<td width=\"239\">194639 LRS-y-D-7-I-MIDI<\/td>\n<td width=\"239\">194635 LRS-y-D-I-MIDI<\/td>\n<\/tr>\n<tr>\n<td width=\"239\">194647 LRS-\u00bd-D-7-I-MIDI<\/td>\n<td width=\"239\">194643 LRS-\u00bd-D-I-MIDI<\/td>\n<\/tr>\n<tr>\n<td width=\"239\">194657 LRS-\u00be-D-7-I-MIDI<\/td>\n<td width=\"239\">194651 LRS-\u00be-D-I-MIDI<\/td>\n<\/tr>\n<tr>\n<td><\/td>\n<td><\/td>\n<\/tr>\n<tr>\n<td width=\"239\">194609 LRS-x-D-7-O-I-MINI<\/td>\n<td width=\"239\">194605 LRS-x-D-O-I-MINI<\/td>\n<\/tr>\n<tr>\n<td width=\"239\">194617 LRS-\u00bc-D-7-O-I-MINI<\/td>\n<td width=\"239\">194613 LRS-\u00bc-D-O-I-MINI<\/td>\n<\/tr>\n<tr>\n<td width=\"239\">194625 LRS-y-D-7-O-I-MINI<\/td>\n<td width=\"239\">194621 LRS-y-D-O-I-MINI<\/td>\n<\/tr>\n<tr>\n<td width=\"239\">194633 LRS-\u00bc-D-7-O-I-MIDI<\/td>\n<td width=\"239\">194629 LRS-\u00bc-D-O-I-MIDI<\/td>\n<\/tr>\n<tr>\n<td width=\"239\">194641 LRS-y-D-7-O-I-MIDI<\/td>\n<td width=\"239\">194637 LRS-y-D-O-I-MIDI<\/td>\n<\/tr>\n<tr>\n<td width=\"239\">194649 LRS-\u00bd-D-7-O-I-MIDI<\/td>\n<td width=\"239\">194645 LRS-\u00bd-D-O-I-MIDI<\/td>\n<\/tr>\n<tr>\n<td width=\"239\">194655 LRS-\u00be-D-7-O-I-MIDI<\/td>\n<td width=\"239\">194653 LRS-\u00be-D-O-I-MIDI<\/td>\n<\/tr>\n<tr>\n<td width=\"239\">194672 LRS-\u00bd-D-7-DI-MAXI<\/td>\n<td width=\"239\">194670 LRS-\u00bd-D-DI-MAXI<\/td>\n<\/tr>\n<tr>\n<td width=\"239\">194676 LRS-\u00be-D-7-DI-MAXI<\/td>\n<td width=\"239\">194674 LRS-\u00be-D-DI-MAXI<\/td>\n<\/tr>\n<tr>\n<td width=\"239\">194680 LRS-1-D-7-DI-MAXI<\/td>\n<td width=\"239\">194678 LRS-1-D-DI-MAXI<\/td>\n<\/tr>\n<tr>\n<td><\/td>\n<td><\/td>\n<\/tr>\n<tr>\n<td width=\"239\">194673 LRS-\u00bd-D-7-O-DI-MAXI<\/td>\n<td width=\"239\">194671 LRS-\u00bd-D-O-DI-MAXI<\/td>\n<\/tr>\n<tr>\n<td width=\"239\">194677 LRS-\u00be-D-7-O-DI-MAXI<\/td>\n<td width=\"239\">194675 LRS-\u00be-D-O-DI-MAXI<\/td>\n<\/tr>\n<tr>\n<td width=\"239\">194681 LRS-1-D-7-O-DI-MAXI<\/td>\n<td width=\"239\">194679 LRS-1-D-O-DI-MAXI<\/td>\n<\/tr>\n<tr>\n<td width=\"239\">194672 LRS-\u00bd-D-7-DI-MAXI<\/td>\n<td width=\"239\">194670 LRS-\u00bd-D-DI-MAXI<\/td>\n<\/tr>\n<tr>\n<td width=\"239\">194676 LRS-\u00be-D-7-DI-MAXI<\/td>\n<td width=\"239\">194674 LRS-\u00be-D-DI-MAXI<\/td>\n<\/tr>\n<tr>\n<td width=\"239\">194680 LRS-1-D-7-DI-MAXI<\/td>\n<td width=\"239\">194678 LRS-1-D-DI-MAXI<\/td>\n<\/tr>\n<tr>\n<td width=\"239\">194673 LRS-\u00bd-D-7-O-DI-MAXI<\/td>\n<td width=\"239\">194671 LRS-\u00bd-D-O-DI-MAXI<\/td>\n<\/tr>\n<tr>\n<td width=\"239\">194677 LRS-\u00be-D-7-O-DI-MAXI<\/td>\n<td width=\"239\">194675 LRS-\u00be-D-O-DI-MAXI<\/td>\n<\/tr>\n<tr>\n<td width=\"239\">194681 LRS-1-D-7-O-DI-MAXI<\/td>\n<td width=\"239\">194679 LRS-1-D-O-DI-MAXI<\/td>\n<\/tr>\n<tr>\n<td><\/td>\n<td width=\"239\">526323 MA-27-10-M5<\/td>\n<\/tr>\n<tr>\n<td><\/td>\n<td width=\"239\">359874 MA-40-10-x<\/td>\n<\/tr>\n<tr>\n<td><\/td>\n<td width=\"239\">345395 MA-40-16-x<\/td>\n<\/tr>\n<tr>\n<td><\/td>\n<td width=\"239\">359873 MA-50-10-\u00bc<\/td>\n<\/tr>\n<tr>\n<td><\/td>\n<td width=\"239\">356759 MA-50-16-\u00bc<\/td>\n<\/tr>\n<tr>\n<td><\/td>\n<td width=\"239\">162835 MA-40-10-x-EN<\/td>\n<\/tr>\n<tr>\n<td width=\"239\"><\/td>\n<td width=\"239\">183900 MA-40-10-G\u00bc-EN<\/td>\n<\/tr>\n<tr>\n<td width=\"239\"><\/td>\n<td width=\"239\">159596 FMA-40-10-\u00bc-EN<\/td>\n<\/tr>\n<tr>\n<td width=\"239\"><\/td>\n<td width=\"239\">159597 FMA-40-16-\u00bc-EN<\/td>\n<\/tr>\n<tr>\n<td width=\"239\"><\/td>\n<td width=\"239\">159599 FMA-50-10-\u00bc-EN<\/td>\n<\/tr>\n<tr>\n<td width=\"239\"><\/td>\n<td width=\"239\">159600 FMA-50-16-\u00bc-EN<\/td>\n<\/tr>\n<\/tbody>\n<\/table>\n","protected":false},"excerpt":{"rendered":"<p>FESTO LR-D-MINI FESTO LR-D-MINI+DPA-63-16 Pressure regulator LR, LRS LR-1\/4-D-MINI-MPA ( LR-1\/4-D-MINI )\u00a0 \u00a0 Sturdy control valve with or without safety lock against unauthorized adjustment. Lockable design Two pressure gauge connections for different installation options Micro, mini, midi size: directly actuated diaphragm regulator Maxi size: piloted piston regulating valve, diaphragm regulator&hellip; <\/p>\n","protected":false},"featured_media":3638,"comment_status":"open","ping_status":"closed","template":"","meta":{"om_disable_all_campaigns":false,"_monsterinsights_skip_tracking":false,"_monsterinsights_sitenote_active":false,"_monsterinsights_sitenote_note":"","_monsterinsights_sitenote_category":0},"product_cat":[15],"product_tag":[364,363,198],"class_list":{"0":"post-3637","1":"product","2":"type-product","3":"status-publish","4":"has-post-thumbnail","6":"product_cat-apex","7":"product_tag-dai-ly-festo-viet-nam","8":"product_tag-festo-viet-nam","9":"product_tag-van-dieu-ap","11":"first","12":"instock","13":"shipping-taxable","14":"product-type-simple"},"aioseo_notices":[],"yoast_head":"<!-- This site is optimized with the Yoast SEO plugin v22.8 - https:\/\/yoast.com\/wordpress\/plugins\/seo\/ -->\n<title>FESTO LR-D-MINI - OMANI VI\u1ec6T NAM<\/title>\n<meta name=\"description\" content=\"FESTO LR-D-MINI Pressure regulator\" \/>\n<meta name=\"robots\" content=\"index, follow, max-snippet:-1, max-image-preview:large, max-video-preview:-1\" \/>\n<link rel=\"canonical\" href=\"https:\/\/sipin.com.vn\/index.php\/product\/festo-lr-d-mini\/\" \/>\n<meta property=\"og:locale\" content=\"vi_VN\" \/>\n<meta property=\"og:type\" content=\"article\" \/>\n<meta property=\"og:title\" content=\"FESTO LR-D-MINI - OMANI VI\u1ec6T NAM\" \/>\n<meta property=\"og:description\" content=\"FESTO LR-D-MINI Pressure regulator\" \/>\n<meta property=\"og:url\" content=\"https:\/\/sipin.com.vn\/index.php\/product\/festo-lr-d-mini\/\" \/>\n<meta property=\"og:site_name\" content=\"OMANI VI\u1ec6T NAM\" \/>\n<meta property=\"og:image\" content=\"https:\/\/sipin.com.vn\/wp-content\/uploads\/2025\/04\/LR-D-MINI.png\" \/>\n\t<meta property=\"og:image:width\" content=\"882\" \/>\n\t<meta property=\"og:image:height\" content=\"869\" \/>\n\t<meta property=\"og:image:type\" content=\"image\/png\" \/>\n<meta name=\"twitter:card\" content=\"summary_large_image\" \/>\n<meta name=\"twitter:label1\" content=\"\u01af\u1edbc t\u00ednh th\u1eddi gian \u0111\u1ecdc\" \/>\n\t<meta name=\"twitter:data1\" content=\"3 ph\u00fat\" \/>\n<script type=\"application\/ld+json\" class=\"yoast-schema-graph\">{\"@context\":\"https:\/\/schema.org\",\"@graph\":[{\"@type\":\"WebPage\",\"@id\":\"https:\/\/sipin.com.vn\/index.php\/product\/festo-lr-d-mini\/\",\"url\":\"https:\/\/sipin.com.vn\/index.php\/product\/festo-lr-d-mini\/\",\"name\":\"FESTO LR-D-MINI - OMANI VI\u1ec6T NAM\",\"isPartOf\":{\"@id\":\"https:\/\/sipin.com.vn\/#website\"},\"primaryImageOfPage\":{\"@id\":\"https:\/\/sipin.com.vn\/index.php\/product\/festo-lr-d-mini\/#primaryimage\"},\"image\":{\"@id\":\"https:\/\/sipin.com.vn\/index.php\/product\/festo-lr-d-mini\/#primaryimage\"},\"thumbnailUrl\":\"https:\/\/sipin.com.vn\/wp-content\/uploads\/2025\/04\/LR-D-MINI.png\",\"datePublished\":\"2025-04-21T14:45:31+00:00\",\"dateModified\":\"2025-04-21T14:45:31+00:00\",\"description\":\"FESTO LR-D-MINI Pressure regulator\",\"breadcrumb\":{\"@id\":\"https:\/\/sipin.com.vn\/index.php\/product\/festo-lr-d-mini\/#breadcrumb\"},\"inLanguage\":\"vi\",\"potentialAction\":[{\"@type\":\"ReadAction\",\"target\":[\"https:\/\/sipin.com.vn\/index.php\/product\/festo-lr-d-mini\/\"]}]},{\"@type\":\"ImageObject\",\"inLanguage\":\"vi\",\"@id\":\"https:\/\/sipin.com.vn\/index.php\/product\/festo-lr-d-mini\/#primaryimage\",\"url\":\"https:\/\/sipin.com.vn\/wp-content\/uploads\/2025\/04\/LR-D-MINI.png\",\"contentUrl\":\"https:\/\/sipin.com.vn\/wp-content\/uploads\/2025\/04\/LR-D-MINI.png\",\"width\":882,\"height\":869},{\"@type\":\"BreadcrumbList\",\"@id\":\"https:\/\/sipin.com.vn\/index.php\/product\/festo-lr-d-mini\/#breadcrumb\",\"itemListElement\":[{\"@type\":\"ListItem\",\"position\":1,\"name\":\"Home\",\"item\":\"https:\/\/sipin.com.vn\/\"},{\"@type\":\"ListItem\",\"position\":2,\"name\":\"S\u1ea2N PH\u1ea8M\",\"item\":\"https:\/\/sipin.com.vn\/index.php\/cua-hang\/\"},{\"@type\":\"ListItem\",\"position\":3,\"name\":\"FESTO LR-D-MINI\"}]},{\"@type\":\"WebSite\",\"@id\":\"https:\/\/sipin.com.vn\/#website\",\"url\":\"https:\/\/sipin.com.vn\/\",\"name\":\"OMANI VI\u1ec6T NAM\",\"description\":\"Nh\u00e0 ph\u00e2n ph\u1ed1i thi\u1ebft b\u1ecb kh\u00ed n\u00e9n v\u00e0 thi\u1ebft b\u1ecb t\u1ef1 \u0111\u1ed9ng h\u00f3a trong c\u00f4ng nghi\u1ec7p\",\"publisher\":{\"@id\":\"https:\/\/sipin.com.vn\/#\/schema\/person\/0ad398a980dc3fd696111c2c5c8fa897\"},\"potentialAction\":[{\"@type\":\"SearchAction\",\"target\":{\"@type\":\"EntryPoint\",\"urlTemplate\":\"https:\/\/sipin.com.vn\/?s={search_term_string}\"},\"query-input\":\"required name=search_term_string\"}],\"inLanguage\":\"vi\"},{\"@type\":[\"Person\",\"Organization\"],\"@id\":\"https:\/\/sipin.com.vn\/#\/schema\/person\/0ad398a980dc3fd696111c2c5c8fa897\",\"name\":\"Nguy\u1ec5n V\u0103n Kh\u00e1nh\",\"image\":{\"@type\":\"ImageObject\",\"inLanguage\":\"vi\",\"@id\":\"https:\/\/sipin.com.vn\/#\/schema\/person\/image\/\",\"url\":\"https:\/\/sipin.com.vn\/wp-content\/uploads\/2024\/06\/logo-1024x1024.png\",\"contentUrl\":\"https:\/\/sipin.com.vn\/wp-content\/uploads\/2024\/06\/logo-1024x1024.png\",\"width\":1024,\"height\":1024,\"caption\":\"Nguy\u1ec5n V\u0103n Kh\u00e1nh\"},\"logo\":{\"@id\":\"https:\/\/sipin.com.vn\/#\/schema\/person\/image\/\"},\"sameAs\":[\"https:\/\/sipin.com.vn\"]}]}<\/script>\n<!-- \/ Yoast SEO plugin. -->","yoast_head_json":{"title":"FESTO LR-D-MINI - OMANI VI\u1ec6T NAM","description":"FESTO LR-D-MINI Pressure regulator","robots":{"index":"index","follow":"follow","max-snippet":"max-snippet:-1","max-image-preview":"max-image-preview:large","max-video-preview":"max-video-preview:-1"},"canonical":"https:\/\/sipin.com.vn\/index.php\/product\/festo-lr-d-mini\/","og_locale":"vi_VN","og_type":"article","og_title":"FESTO LR-D-MINI - OMANI VI\u1ec6T NAM","og_description":"FESTO LR-D-MINI Pressure regulator","og_url":"https:\/\/sipin.com.vn\/index.php\/product\/festo-lr-d-mini\/","og_site_name":"OMANI VI\u1ec6T NAM","og_image":[{"width":882,"height":869,"url":"https:\/\/sipin.com.vn\/wp-content\/uploads\/2025\/04\/LR-D-MINI.png","type":"image\/png"}],"twitter_card":"summary_large_image","twitter_misc":{"\u01af\u1edbc t\u00ednh th\u1eddi gian \u0111\u1ecdc":"3 ph\u00fat"},"schema":{"@context":"https:\/\/schema.org","@graph":[{"@type":"WebPage","@id":"https:\/\/sipin.com.vn\/index.php\/product\/festo-lr-d-mini\/","url":"https:\/\/sipin.com.vn\/index.php\/product\/festo-lr-d-mini\/","name":"FESTO LR-D-MINI - OMANI VI\u1ec6T NAM","isPartOf":{"@id":"https:\/\/sipin.com.vn\/#website"},"primaryImageOfPage":{"@id":"https:\/\/sipin.com.vn\/index.php\/product\/festo-lr-d-mini\/#primaryimage"},"image":{"@id":"https:\/\/sipin.com.vn\/index.php\/product\/festo-lr-d-mini\/#primaryimage"},"thumbnailUrl":"https:\/\/sipin.com.vn\/wp-content\/uploads\/2025\/04\/LR-D-MINI.png","datePublished":"2025-04-21T14:45:31+00:00","dateModified":"2025-04-21T14:45:31+00:00","description":"FESTO LR-D-MINI Pressure regulator","breadcrumb":{"@id":"https:\/\/sipin.com.vn\/index.php\/product\/festo-lr-d-mini\/#breadcrumb"},"inLanguage":"vi","potentialAction":[{"@type":"ReadAction","target":["https:\/\/sipin.com.vn\/index.php\/product\/festo-lr-d-mini\/"]}]},{"@type":"ImageObject","inLanguage":"vi","@id":"https:\/\/sipin.com.vn\/index.php\/product\/festo-lr-d-mini\/#primaryimage","url":"https:\/\/sipin.com.vn\/wp-content\/uploads\/2025\/04\/LR-D-MINI.png","contentUrl":"https:\/\/sipin.com.vn\/wp-content\/uploads\/2025\/04\/LR-D-MINI.png","width":882,"height":869},{"@type":"BreadcrumbList","@id":"https:\/\/sipin.com.vn\/index.php\/product\/festo-lr-d-mini\/#breadcrumb","itemListElement":[{"@type":"ListItem","position":1,"name":"Home","item":"https:\/\/sipin.com.vn\/"},{"@type":"ListItem","position":2,"name":"S\u1ea2N PH\u1ea8M","item":"https:\/\/sipin.com.vn\/index.php\/cua-hang\/"},{"@type":"ListItem","position":3,"name":"FESTO LR-D-MINI"}]},{"@type":"WebSite","@id":"https:\/\/sipin.com.vn\/#website","url":"https:\/\/sipin.com.vn\/","name":"OMANI VI\u1ec6T NAM","description":"Nh\u00e0 ph\u00e2n ph\u1ed1i thi\u1ebft b\u1ecb kh\u00ed n\u00e9n v\u00e0 thi\u1ebft b\u1ecb t\u1ef1 \u0111\u1ed9ng h\u00f3a trong c\u00f4ng nghi\u1ec7p","publisher":{"@id":"https:\/\/sipin.com.vn\/#\/schema\/person\/0ad398a980dc3fd696111c2c5c8fa897"},"potentialAction":[{"@type":"SearchAction","target":{"@type":"EntryPoint","urlTemplate":"https:\/\/sipin.com.vn\/?s={search_term_string}"},"query-input":"required name=search_term_string"}],"inLanguage":"vi"},{"@type":["Person","Organization"],"@id":"https:\/\/sipin.com.vn\/#\/schema\/person\/0ad398a980dc3fd696111c2c5c8fa897","name":"Nguy\u1ec5n V\u0103n Kh\u00e1nh","image":{"@type":"ImageObject","inLanguage":"vi","@id":"https:\/\/sipin.com.vn\/#\/schema\/person\/image\/","url":"https:\/\/sipin.com.vn\/wp-content\/uploads\/2024\/06\/logo-1024x1024.png","contentUrl":"https:\/\/sipin.com.vn\/wp-content\/uploads\/2024\/06\/logo-1024x1024.png","width":1024,"height":1024,"caption":"Nguy\u1ec5n V\u0103n Kh\u00e1nh"},"logo":{"@id":"https:\/\/sipin.com.vn\/#\/schema\/person\/image\/"},"sameAs":["https:\/\/sipin.com.vn"]}]}},"_links":{"self":[{"href":"https:\/\/sipin.com.vn\/index.php\/wp-json\/wp\/v2\/product\/3637","targetHints":{"allow":["GET"]}}],"collection":[{"href":"https:\/\/sipin.com.vn\/index.php\/wp-json\/wp\/v2\/product"}],"about":[{"href":"https:\/\/sipin.com.vn\/index.php\/wp-json\/wp\/v2\/types\/product"}],"replies":[{"embeddable":true,"href":"https:\/\/sipin.com.vn\/index.php\/wp-json\/wp\/v2\/comments?post=3637"}],"wp:featuredmedia":[{"embeddable":true,"href":"https:\/\/sipin.com.vn\/index.php\/wp-json\/wp\/v2\/media\/3638"}],"wp:attachment":[{"href":"https:\/\/sipin.com.vn\/index.php\/wp-json\/wp\/v2\/media?parent=3637"}],"wp:term":[{"taxonomy":"product_cat","embeddable":true,"href":"https:\/\/sipin.com.vn\/index.php\/wp-json\/wp\/v2\/product_cat?post=3637"},{"taxonomy":"product_tag","embeddable":true,"href":"https:\/\/sipin.com.vn\/index.php\/wp-json\/wp\/v2\/product_tag?post=3637"}],"curies":[{"name":"wp","href":"https:\/\/api.w.org\/{rel}","templated":true}]}}