{"id":3572,"date":"2025-04-15T18:26:37","date_gmt":"2025-04-15T11:26:37","guid":{"rendered":"https:\/\/omanivietnam.com\/?post_type=product&#038;p=3572"},"modified":"2025-04-15T18:27:48","modified_gmt":"2025-04-15T11:27:48","slug":"ckd-4gd319r-c8-e2c-3-dc24v","status":"publish","type":"product","link":"https:\/\/sipin.com.vn\/index.php\/product\/ckd-4gd319r-c8-e2c-3-dc24v\/","title":{"rendered":"CKD 4GD319R-C8-E2C-3 DC24V"},"content":{"rendered":"<p>CKD 4GD319R-C8-E2C-3 DC24V<\/p>\n<p>Double solenoid valve CKD 4GD329R-C6-E2C-1 AC100V, 4GD329R-C6-E2C-2 AC200V, 4GD329R-C6-E2C-3 DC24V<\/p>\n<p>Single solenoid valve CKD 4GD319R-C6-E2C-1 AC100V, 4GD319R-C6-E2C-2 AC200V, 4GD319R-C6-E2C-3 DC24V<\/p>\n<p>Single solenoid valve CKD 4GD319R-C8-E2C-1 AC100V, 4GD319R-C8-E2C-2 AC200V, 4GD319R-C8-E2C-3<\/p>\n<p>The CKD Solenoid Valve is high quality!<br \/>\nToggle position discrimination: 2 bit single electronic control<br \/>\nPort size: Rc1\/4<br \/>\nVoltage: DC24V<br \/>\nWire length: 300mm<br \/>\nPILOT EXHAUST MODE: Open Air<\/p>\n<p>We can also provide the following models<\/p>\n<p>M4GE310EX-08-R1H-5-4<br \/>\nM4SB080-PT6-M1D1-DC5V<br \/>\nFWG31-8-4-O2C-3<br \/>\nAB42E4-2G-4-D5MA-DC48V<br \/>\nAB41EX4-02-7-L59-DC100<br \/>\nAB42E4-02-5-D3LB-DC12V<br \/>\nADK11-20G-L3MBSZ-DC12V<br \/>\nAB41E4-2N-7-C3LBCN-DC100V<br \/>\nGMFZ7-HX4T-HY4DUD<br \/>\nGFAB11-Z-9-12C-3<br \/>\nM4GD140EX-C6-R1H-12-4<br \/>\nM4GE239R-CL8-E2N-1<br \/>\n4SA050-T4-D2NP-DC5V<br \/>\nAB41EX4-03-7-R513-DC12<br \/>\nM4GA439-10N-E22Z1-1<br \/>\nAB41E4-2G-3-05M-DC24V<br \/>\nN4GB210R-CXN-2<br \/>\n4GA459-10G-E2Z3-1<br \/>\nAB41EX4-03-2-K310-AC200<br \/>\nGMFZ2-HX5L-HY4BDU<br \/>\nM4SB089-T4-C01-3<br \/>\nAP12-25A-H6H-DC24V<br \/>\nM4TB480-HX-M1LT10-4<br \/>\nMN4GE129R-C6-E01J-1<br \/>\nM4TB320-08-M1-1<br \/>\nAB41EX4-02-7-N310-DC48<br \/>\nN4GD220R-06-E3-4<br \/>\nMN4GA129R-M5-7-1<br \/>\nAB41E4-3N-3-D5TCN-DC24V<br \/>\n4GA410-C8-E22A-4<br \/>\nAB41EX4-03-5-D413A-DC100<br \/>\nAB31-02-1-M3JBFS-DC48V<br \/>\nAB41EX4-02-4-C39B-DC100<br \/>\nAB42E4-2N-5-C5T-DC48V<br \/>\nFAB41-8-3-12CNB-4<br \/>\nMN4GE189R-CL6-E0N-1<br \/>\nAD12-10N-H3M-DC24V<br \/>\nAB41E4-3G-5-C3M-AC100V<br \/>\n3QE119-M5-E03S-3<br \/>\nAB41-03-4-HDS-AC100V<br \/>\nN4TB139-H8-K-5<br \/>\nAB41E4-3N-7-B3M-DC48V<br \/>\nAB41EX4-03-6-N313AB-AC200<br \/>\nGFAG11-0-9-12CS-3<br \/>\nM4F210-10G-AC110V<br \/>\nGFAB31-2-3-12CG-2<br \/>\nM4GE330R-00-E01-3<br \/>\nMN4KA289A-H6-AC24V<br \/>\n4SA059-M3-D20-3<br \/>\nMN4TB220-H6-2<br \/>\nM4GE350R-C8-E0-2<br \/>\nAP11-10N-K3N-AC100V<br \/>\nAB41EX4-02-3-K59-DC12<br \/>\nM4GA439-CX-E01Z3-1<br \/>\nFAB11-M5-1-12CN-4<br \/>\nFAG41-10-8-12CAB-4<br \/>\nADK12-20A-L5A-DC24V<br \/>\nGFGG31-4-10-12CN-3<br \/>\nAB42E4-02-5-03MAB-AC200V<br \/>\nGFLB41-5-4-B2C-4<br \/>\nMN4TB130-HX-K-3<br \/>\nAB41EX4-02-3-N59A-DC100<br \/>\nM5122-M6QVR-M5-L-AC110V<br \/>\n4GA439-C12-E3A-5<br \/>\nAP11-15G-L4N-AC200V<br \/>\nAB41E4-02-2-05MA-DC100V<br \/>\nAPD11-10G-D5M-AC200V<br \/>\n3QE110-M5-E2E-8<br \/>\nGMFZ10-HX5T-HY6UDU<br \/>\nMN4GE139R-C4-E23-4<br \/>\nMN4TB249-H8-5<br \/>\nAP22-50F-F6H-AC200V<br \/>\n4GA429-C8-E21Z3-4<br \/>\nADK11-15N-M3IBFSZ-DC12V<br \/>\nM4GA459-10G-E0Z3-3<br \/>\n4F759-15N-DC100V<br \/>\n4SA029-T4-C02-3<br \/>\n4GA420-10-BQ-5<br \/>\nM4GA339R-C8-1<br \/>\nM4GE150EX-C4-R2H-2-4<br \/>\nM4GA419-C12-E21JK-1<br \/>\nCMF28-04L-04D<br \/>\n4GA489-C8-E3F-1<br \/>\nGFAB41-3-3-12CN-4<br \/>\n4GD329R-C6-E23J-1<br \/>\n4GA319R-08-2<br \/>\nAB31-2N-5-L5MBD-AC200V<br \/>\nM4GE130R-M5-E01-2<br \/>\nAP21-40F-06E-AC100V<br \/>\nM4GD330EX-CX-RN-7-4<br \/>\nM4GE349R-CD10-E03-1<br \/>\n4GB440-15G-E22JK-3<br \/>\nN4GE189R-CX-E23J-2<br \/>\nP5132-NE-DC48V<br \/>\nAB31-2G-6-L5IABF-AC200V<br \/>\nADK12-20G-H3A-DC24V<br \/>\nN4TB289-00-LT10-6<br \/>\nMN4GE249R-C4-E0-3<br \/>\n4GD450EA-C8G-R1-4<br \/>\nNP13-15A-12HS-1<br \/>\n4GA440-C12-E0Z1-1<br \/>\nMN4TB259-H6-3<br \/>\nAB42E4-2G-2-D3LACN-DC24V<br \/>\nW2P5132-M0-S-AC48V<br \/>\n4GE310EX-10-RN-4<br \/>\nCMF19-02Z-HY1B<br \/>\nAB41EX4-03-4-D310-AC100<br \/>\nFWG51-6-O-D2C-3<br \/>\nAP22-32F-B6H-AC100V<br \/>\nGFAB25-2-2-12CSN-1<br \/>\nAB41EX4-03-7-F511-AC100<br \/>\nAB41EX4-02-7-D39-DC48<br \/>\nAD11-10A-05A-AC100V<br \/>\n4SA029-M3-C1-DC5V<br \/>\nMN4GE280R-CL6-E02J-4<br \/>\nGFAB41-5-10-12GN-3<br \/>\nN4GB149R-C6NO-7<br \/>\nAD11-15N-H6H-DC24V<br \/>\nM4GA440-C8-E2NZ1-4<br \/>\nM4GE340EX-CX-R2H-5-4<br \/>\nAB41EX4-02-3-H511A-DC24<br \/>\nGFAB45-5-4-12CSN-3<br \/>\nAB31-01-5-J5MBF-AC200V<br \/>\nGAB352G-6-9-P3AASZ-DC48V<br \/>\nMN4GB230R-CL6NC-8<br \/>\nAB41E4-02-3-B3MB-DC12V<br \/>\nAB41E4-3G-2-C5MAB-DC24V<br \/>\nM4TB410-10-T10K-3<br \/>\nMN4GD240R-C4-E23J-3<br \/>\nM4F330-06M-DC48V<br \/>\n4GA459-10G-E0NZ3-1<br \/>\nAB42E4-2G-1-03LA-DC24V<br \/>\nADK12-25A-05A-AC100V<br \/>\nW2P5136-M0E-DC12V<br \/>\nM3QZ110-M5-E23F-7<br \/>\nAB41-03-4-DHS-AC100V<br \/>\nGAB312-6-4-R3AASZ-DC48V<br \/>\n4GA450-10N-E1-3<br \/>\nAB42E4-02-1-D5TAB-DC48V<br \/>\nMN4TB130-H8-M1T10-5<br \/>\nAB41EX4-03-3-J310-DC12<br \/>\nGMFZ8-HX3T-HY3FUD<br \/>\nCMF19-03-HY1B<br \/>\nM4GE110EX-CX-R2H-9-4<br \/>\nM4GE339R-CL8-E0N-4<br \/>\nCMF15-03T-G-04B<br \/>\nAB41E4-3N-7-C3LABCN-DC24V<br \/>\nM4F639-10N-AC110V<br \/>\nGEXA-C12C10-5-02HS-3<br \/>\nN4GE140R-CL6-E21-2<br \/>\nM4GE250R-06-E01-2<br \/>\nMN4TB249-H6-M1K-4<br \/>\nM4F640-10N-DC24V<br \/>\nGMF110-02Z-04B<br \/>\nAB41EX4-03-2-B311B-AC200<br \/>\n4GA439-10N-E02JA-5<\/p>\n<p>4gd219r-06-e2c-3 (DC24V), 4GD229R-06-E2C-3 (DC24V), 4GD319R-08-E2C-3 (DC24V), 4GD219R-C6-E2C-3 (With Connector), 4GD229R-C6-E2C-3 (With Connector), 4GD319R-C8-E2C-3 (With Connector), 4GD119R-M5-C-3, 4GD119R- M5-e2c-3, 4gd350r-c8-e2c-3, 4gd239r-06-e2c-3<\/p>\n<p>&nbsp;<\/p>\n","protected":false},"excerpt":{"rendered":"<p>CKD 4GD319R-C8-E2C-3 DC24V Double solenoid valve CKD 4GD329R-C6-E2C-1 AC100V, 4GD329R-C6-E2C-2 AC200V, 4GD329R-C6-E2C-3 DC24V Single solenoid valve CKD 4GD319R-C6-E2C-1 AC100V, 4GD319R-C6-E2C-2 AC200V, 4GD319R-C6-E2C-3 DC24V Single solenoid valve CKD 4GD319R-C8-E2C-1 AC100V, 4GD319R-C8-E2C-2 AC200V, 4GD319R-C8-E2C-3 The CKD Solenoid Valve is high quality! Toggle position discrimination: 2 bit single electronic control Port size: Rc1\/4&hellip; <\/p>\n","protected":false},"featured_media":3573,"comment_status":"open","ping_status":"closed","template":"","meta":{"om_disable_all_campaigns":false,"_monsterinsights_skip_tracking":false,"_monsterinsights_sitenote_active":false,"_monsterinsights_sitenote_note":"","_monsterinsights_sitenote_category":0},"product_cat":[15],"product_tag":[100,101,690],"class_list":{"0":"post-3572","1":"product","2":"type-product","3":"status-publish","4":"has-post-thumbnail","6":"product_cat-apex","7":"product_tag-ckd-viet-nam","8":"product_tag-dai-ly-ckd-viet-nam","9":"product_tag-van-dien-tu","11":"first","12":"instock","13":"shipping-taxable","14":"product-type-simple"},"aioseo_notices":[],"yoast_head":"<!-- This site is optimized with the Yoast SEO plugin v22.8 - https:\/\/yoast.com\/wordpress\/plugins\/seo\/ -->\n<title>CKD 4GD319R-C8-E2C-3 DC24V - OMANI VI\u1ec6T NAM<\/title>\n<meta name=\"description\" content=\"CKD 4GD319R-C8-E2C-3 DC24V Solenoid valve\" \/>\n<meta name=\"robots\" content=\"index, follow, max-snippet:-1, max-image-preview:large, max-video-preview:-1\" \/>\n<link rel=\"canonical\" href=\"https:\/\/sipin.com.vn\/index.php\/product\/ckd-4gd319r-c8-e2c-3-dc24v\/\" \/>\n<meta property=\"og:locale\" content=\"vi_VN\" \/>\n<meta property=\"og:type\" content=\"article\" \/>\n<meta property=\"og:title\" content=\"CKD 4GD319R-C8-E2C-3 DC24V - OMANI VI\u1ec6T NAM\" \/>\n<meta property=\"og:description\" content=\"CKD 4GD319R-C8-E2C-3 DC24V Solenoid valve\" \/>\n<meta property=\"og:url\" content=\"https:\/\/sipin.com.vn\/index.php\/product\/ckd-4gd319r-c8-e2c-3-dc24v\/\" \/>\n<meta property=\"og:site_name\" content=\"OMANI VI\u1ec6T NAM\" \/>\n<meta property=\"article:modified_time\" content=\"2025-04-15T11:27:48+00:00\" \/>\n<meta property=\"og:image\" content=\"https:\/\/sipin.com.vn\/wp-content\/uploads\/2025\/04\/4GD319R-C8-E2C-3.png\" \/>\n\t<meta property=\"og:image:width\" content=\"811\" \/>\n\t<meta property=\"og:image:height\" content=\"767\" \/>\n\t<meta property=\"og:image:type\" content=\"image\/png\" \/>\n<meta name=\"twitter:card\" content=\"summary_large_image\" \/>\n<meta name=\"twitter:label1\" content=\"\u01af\u1edbc t\u00ednh th\u1eddi gian \u0111\u1ecdc\" \/>\n\t<meta name=\"twitter:data1\" content=\"2 ph\u00fat\" \/>\n<script type=\"application\/ld+json\" class=\"yoast-schema-graph\">{\"@context\":\"https:\/\/schema.org\",\"@graph\":[{\"@type\":\"WebPage\",\"@id\":\"https:\/\/sipin.com.vn\/index.php\/product\/ckd-4gd319r-c8-e2c-3-dc24v\/\",\"url\":\"https:\/\/sipin.com.vn\/index.php\/product\/ckd-4gd319r-c8-e2c-3-dc24v\/\",\"name\":\"CKD 4GD319R-C8-E2C-3 DC24V - OMANI VI\u1ec6T NAM\",\"isPartOf\":{\"@id\":\"https:\/\/sipin.com.vn\/#website\"},\"primaryImageOfPage\":{\"@id\":\"https:\/\/sipin.com.vn\/index.php\/product\/ckd-4gd319r-c8-e2c-3-dc24v\/#primaryimage\"},\"image\":{\"@id\":\"https:\/\/sipin.com.vn\/index.php\/product\/ckd-4gd319r-c8-e2c-3-dc24v\/#primaryimage\"},\"thumbnailUrl\":\"https:\/\/sipin.com.vn\/wp-content\/uploads\/2025\/04\/4GD319R-C8-E2C-3.png\",\"datePublished\":\"2025-04-15T11:26:37+00:00\",\"dateModified\":\"2025-04-15T11:27:48+00:00\",\"description\":\"CKD 4GD319R-C8-E2C-3 DC24V Solenoid valve\",\"breadcrumb\":{\"@id\":\"https:\/\/sipin.com.vn\/index.php\/product\/ckd-4gd319r-c8-e2c-3-dc24v\/#breadcrumb\"},\"inLanguage\":\"vi\",\"potentialAction\":[{\"@type\":\"ReadAction\",\"target\":[\"https:\/\/sipin.com.vn\/index.php\/product\/ckd-4gd319r-c8-e2c-3-dc24v\/\"]}]},{\"@type\":\"ImageObject\",\"inLanguage\":\"vi\",\"@id\":\"https:\/\/sipin.com.vn\/index.php\/product\/ckd-4gd319r-c8-e2c-3-dc24v\/#primaryimage\",\"url\":\"https:\/\/sipin.com.vn\/wp-content\/uploads\/2025\/04\/4GD319R-C8-E2C-3.png\",\"contentUrl\":\"https:\/\/sipin.com.vn\/wp-content\/uploads\/2025\/04\/4GD319R-C8-E2C-3.png\",\"width\":811,\"height\":767},{\"@type\":\"BreadcrumbList\",\"@id\":\"https:\/\/sipin.com.vn\/index.php\/product\/ckd-4gd319r-c8-e2c-3-dc24v\/#breadcrumb\",\"itemListElement\":[{\"@type\":\"ListItem\",\"position\":1,\"name\":\"Home\",\"item\":\"https:\/\/sipin.com.vn\/\"},{\"@type\":\"ListItem\",\"position\":2,\"name\":\"S\u1ea2N PH\u1ea8M\",\"item\":\"https:\/\/sipin.com.vn\/index.php\/cua-hang\/\"},{\"@type\":\"ListItem\",\"position\":3,\"name\":\"CKD 4GD319R-C8-E2C-3 DC24V\"}]},{\"@type\":\"WebSite\",\"@id\":\"https:\/\/sipin.com.vn\/#website\",\"url\":\"https:\/\/sipin.com.vn\/\",\"name\":\"OMANI VI\u1ec6T NAM\",\"description\":\"Nh\u00e0 ph\u00e2n ph\u1ed1i thi\u1ebft b\u1ecb kh\u00ed n\u00e9n v\u00e0 thi\u1ebft b\u1ecb t\u1ef1 \u0111\u1ed9ng h\u00f3a trong c\u00f4ng nghi\u1ec7p\",\"publisher\":{\"@id\":\"https:\/\/sipin.com.vn\/#\/schema\/person\/0ad398a980dc3fd696111c2c5c8fa897\"},\"potentialAction\":[{\"@type\":\"SearchAction\",\"target\":{\"@type\":\"EntryPoint\",\"urlTemplate\":\"https:\/\/sipin.com.vn\/?s={search_term_string}\"},\"query-input\":\"required name=search_term_string\"}],\"inLanguage\":\"vi\"},{\"@type\":[\"Person\",\"Organization\"],\"@id\":\"https:\/\/sipin.com.vn\/#\/schema\/person\/0ad398a980dc3fd696111c2c5c8fa897\",\"name\":\"Nguy\u1ec5n V\u0103n Kh\u00e1nh\",\"image\":{\"@type\":\"ImageObject\",\"inLanguage\":\"vi\",\"@id\":\"https:\/\/sipin.com.vn\/#\/schema\/person\/image\/\",\"url\":\"https:\/\/sipin.com.vn\/wp-content\/uploads\/2024\/06\/logo-1024x1024.png\",\"contentUrl\":\"https:\/\/sipin.com.vn\/wp-content\/uploads\/2024\/06\/logo-1024x1024.png\",\"width\":1024,\"height\":1024,\"caption\":\"Nguy\u1ec5n V\u0103n Kh\u00e1nh\"},\"logo\":{\"@id\":\"https:\/\/sipin.com.vn\/#\/schema\/person\/image\/\"},\"sameAs\":[\"https:\/\/sipin.com.vn\"]}]}<\/script>\n<!-- \/ Yoast SEO plugin. -->","yoast_head_json":{"title":"CKD 4GD319R-C8-E2C-3 DC24V - OMANI VI\u1ec6T NAM","description":"CKD 4GD319R-C8-E2C-3 DC24V Solenoid valve","robots":{"index":"index","follow":"follow","max-snippet":"max-snippet:-1","max-image-preview":"max-image-preview:large","max-video-preview":"max-video-preview:-1"},"canonical":"https:\/\/sipin.com.vn\/index.php\/product\/ckd-4gd319r-c8-e2c-3-dc24v\/","og_locale":"vi_VN","og_type":"article","og_title":"CKD 4GD319R-C8-E2C-3 DC24V - OMANI VI\u1ec6T NAM","og_description":"CKD 4GD319R-C8-E2C-3 DC24V Solenoid valve","og_url":"https:\/\/sipin.com.vn\/index.php\/product\/ckd-4gd319r-c8-e2c-3-dc24v\/","og_site_name":"OMANI VI\u1ec6T NAM","article_modified_time":"2025-04-15T11:27:48+00:00","og_image":[{"width":811,"height":767,"url":"https:\/\/sipin.com.vn\/wp-content\/uploads\/2025\/04\/4GD319R-C8-E2C-3.png","type":"image\/png"}],"twitter_card":"summary_large_image","twitter_misc":{"\u01af\u1edbc t\u00ednh th\u1eddi gian \u0111\u1ecdc":"2 ph\u00fat"},"schema":{"@context":"https:\/\/schema.org","@graph":[{"@type":"WebPage","@id":"https:\/\/sipin.com.vn\/index.php\/product\/ckd-4gd319r-c8-e2c-3-dc24v\/","url":"https:\/\/sipin.com.vn\/index.php\/product\/ckd-4gd319r-c8-e2c-3-dc24v\/","name":"CKD 4GD319R-C8-E2C-3 DC24V - OMANI VI\u1ec6T NAM","isPartOf":{"@id":"https:\/\/sipin.com.vn\/#website"},"primaryImageOfPage":{"@id":"https:\/\/sipin.com.vn\/index.php\/product\/ckd-4gd319r-c8-e2c-3-dc24v\/#primaryimage"},"image":{"@id":"https:\/\/sipin.com.vn\/index.php\/product\/ckd-4gd319r-c8-e2c-3-dc24v\/#primaryimage"},"thumbnailUrl":"https:\/\/sipin.com.vn\/wp-content\/uploads\/2025\/04\/4GD319R-C8-E2C-3.png","datePublished":"2025-04-15T11:26:37+00:00","dateModified":"2025-04-15T11:27:48+00:00","description":"CKD 4GD319R-C8-E2C-3 DC24V Solenoid valve","breadcrumb":{"@id":"https:\/\/sipin.com.vn\/index.php\/product\/ckd-4gd319r-c8-e2c-3-dc24v\/#breadcrumb"},"inLanguage":"vi","potentialAction":[{"@type":"ReadAction","target":["https:\/\/sipin.com.vn\/index.php\/product\/ckd-4gd319r-c8-e2c-3-dc24v\/"]}]},{"@type":"ImageObject","inLanguage":"vi","@id":"https:\/\/sipin.com.vn\/index.php\/product\/ckd-4gd319r-c8-e2c-3-dc24v\/#primaryimage","url":"https:\/\/sipin.com.vn\/wp-content\/uploads\/2025\/04\/4GD319R-C8-E2C-3.png","contentUrl":"https:\/\/sipin.com.vn\/wp-content\/uploads\/2025\/04\/4GD319R-C8-E2C-3.png","width":811,"height":767},{"@type":"BreadcrumbList","@id":"https:\/\/sipin.com.vn\/index.php\/product\/ckd-4gd319r-c8-e2c-3-dc24v\/#breadcrumb","itemListElement":[{"@type":"ListItem","position":1,"name":"Home","item":"https:\/\/sipin.com.vn\/"},{"@type":"ListItem","position":2,"name":"S\u1ea2N PH\u1ea8M","item":"https:\/\/sipin.com.vn\/index.php\/cua-hang\/"},{"@type":"ListItem","position":3,"name":"CKD 4GD319R-C8-E2C-3 DC24V"}]},{"@type":"WebSite","@id":"https:\/\/sipin.com.vn\/#website","url":"https:\/\/sipin.com.vn\/","name":"OMANI VI\u1ec6T NAM","description":"Nh\u00e0 ph\u00e2n ph\u1ed1i thi\u1ebft b\u1ecb kh\u00ed n\u00e9n v\u00e0 thi\u1ebft b\u1ecb t\u1ef1 \u0111\u1ed9ng h\u00f3a trong c\u00f4ng nghi\u1ec7p","publisher":{"@id":"https:\/\/sipin.com.vn\/#\/schema\/person\/0ad398a980dc3fd696111c2c5c8fa897"},"potentialAction":[{"@type":"SearchAction","target":{"@type":"EntryPoint","urlTemplate":"https:\/\/sipin.com.vn\/?s={search_term_string}"},"query-input":"required name=search_term_string"}],"inLanguage":"vi"},{"@type":["Person","Organization"],"@id":"https:\/\/sipin.com.vn\/#\/schema\/person\/0ad398a980dc3fd696111c2c5c8fa897","name":"Nguy\u1ec5n V\u0103n Kh\u00e1nh","image":{"@type":"ImageObject","inLanguage":"vi","@id":"https:\/\/sipin.com.vn\/#\/schema\/person\/image\/","url":"https:\/\/sipin.com.vn\/wp-content\/uploads\/2024\/06\/logo-1024x1024.png","contentUrl":"https:\/\/sipin.com.vn\/wp-content\/uploads\/2024\/06\/logo-1024x1024.png","width":1024,"height":1024,"caption":"Nguy\u1ec5n V\u0103n Kh\u00e1nh"},"logo":{"@id":"https:\/\/sipin.com.vn\/#\/schema\/person\/image\/"},"sameAs":["https:\/\/sipin.com.vn"]}]}},"_links":{"self":[{"href":"https:\/\/sipin.com.vn\/index.php\/wp-json\/wp\/v2\/product\/3572","targetHints":{"allow":["GET"]}}],"collection":[{"href":"https:\/\/sipin.com.vn\/index.php\/wp-json\/wp\/v2\/product"}],"about":[{"href":"https:\/\/sipin.com.vn\/index.php\/wp-json\/wp\/v2\/types\/product"}],"replies":[{"embeddable":true,"href":"https:\/\/sipin.com.vn\/index.php\/wp-json\/wp\/v2\/comments?post=3572"}],"wp:featuredmedia":[{"embeddable":true,"href":"https:\/\/sipin.com.vn\/index.php\/wp-json\/wp\/v2\/media\/3573"}],"wp:attachment":[{"href":"https:\/\/sipin.com.vn\/index.php\/wp-json\/wp\/v2\/media?parent=3572"}],"wp:term":[{"taxonomy":"product_cat","embeddable":true,"href":"https:\/\/sipin.com.vn\/index.php\/wp-json\/wp\/v2\/product_cat?post=3572"},{"taxonomy":"product_tag","embeddable":true,"href":"https:\/\/sipin.com.vn\/index.php\/wp-json\/wp\/v2\/product_tag?post=3572"}],"curies":[{"name":"wp","href":"https:\/\/api.w.org\/{rel}","templated":true}]}}