{"id":3548,"date":"2025-04-13T20:49:35","date_gmt":"2025-04-13T13:49:35","guid":{"rendered":"https:\/\/omanivietnam.com\/?post_type=product&#038;p=3548"},"modified":"2025-04-13T21:02:04","modified_gmt":"2025-04-13T14:02:04","slug":"camozzi-951-000-p15-23","status":"publish","type":"product","link":"https:\/\/sipin.com.vn\/index.php\/product\/camozzi-951-000-p15-23\/","title":{"rendered":"CAMOZZI 951-000-P15-23"},"content":{"rendered":"<p>CAMOZZI 951-000-P15-23<\/p>\n<p>CAMOZZI 951-000-P15-23<\/p>\n<p>Camozzi 953-000-P15-23, Camozzi 951-000-P11-23, Camozzi 952-000-P15-23,<\/p>\n<p>Camozzi\u00a0951-000-P15-23-CN01,\u00a0Camozzi\u00a0952-000-P15-23<\/p>\n<p>Coil \u0111i\u1ec7n U7J AC220V<\/p>\n<p>Coil \u0111i\u1ec7n G77 DC24V<\/p>\n<div class=\"row\">\n<div class=\"col-xs-12 product-section expandable-panel with-border-v2 expanded\">\n<div class=\"content fading\">\n<div class=\"row attr-v2 with-border\">\n<div class=\"col-md-3 name\">Benefits<\/div>\n<div><\/div>\n<div class=\"col-md-9 value\">Series 9 valves have been designed with sizes 1; 2 and 3; as recommended by the ISO Standards.<br \/>\nThe ease of pneumatic and electrical wiring makes these valves extremely flexible.<\/div>\n<\/div>\n<\/div>\n<div class=\"span text-xs-center\"><\/div>\n<\/div>\n<\/div>\n<div class=\"row\">\n<div class=\"col-xs-12 product-section with-border expandable-panel collapsed\">\n<p><strong>Manufacturer:\u00a0<\/strong>Camozzi<\/p>\n<p><strong>Type:<\/strong>\u00a0Single Solenoid Valve<\/p>\n<p><strong>Model:<\/strong>\u00a0951-000-P15-23<\/p>\n<p><strong>Type of Actuation:\u00a0<\/strong>Electrically<\/p>\n<p><strong>Operating Pressure:\u00a0<\/strong>2.5\u202610 bar<\/p>\n<p><strong>Fluid:\u00a0<\/strong>Air<\/p>\n<p><strong>Flow Rate:<\/strong>\u00a0900 Nl\/min<\/p>\n<p><strong>Plug Diameter:<\/strong>\u00a010 mm<\/p>\n<p><strong>Ambient Temperature:\u00a0<\/strong>-20\u202660 \u00b0C<\/p>\n<p><strong>Pneumatic Connection:\u00a0<\/strong>Sub-Based<\/p>\n<p><strong>Material:<\/strong>\u00a0Aluminum<\/p>\n<p><strong>Weight<\/strong><strong>:<\/strong>\u00a00.30 kg<\/p>\n<\/div>\n<\/div>\n<p><strong>Manufacturer:\u00a0<\/strong>Camozzi<\/p>\n<p><strong>Type:<\/strong>\u00a0Single Solenoid Valve<\/p>\n<p><strong>Model:<\/strong>\u00a0951-000-P15-23<\/p>\n<p><strong>Type of Actuation:\u00a0<\/strong>Electrically<\/p>\n<p><strong>Operating Pressure:\u00a0<\/strong>2.5\u202610 bar<\/p>\n<p>&nbsp;<\/p>\n<h2 id=\"specifications\" class=\"group-title-v2\">Specifications<\/h2>\n<div class=\"content fading\">\n<div class=\"row attr-v2 with-border\">\n<div class=\"col-md-3 name\">Primary brand<\/div>\n<div class=\"col-md-9 value\">Camozzi<\/div>\n<\/div>\n<div class=\"row attr-v2 with-border\">\n<div class=\"col-md-3 name\">Main function<\/div>\n<div class=\"col-md-9 value\">Valve (Electrically actuated)<\/div>\n<\/div>\n<div class=\"row attr-v2 with-border\">\n<div class=\"col-md-3 name\">Product series \/ family name<\/div>\n<div class=\"col-md-9 value\">Series 9<\/div>\n<\/div>\n<div class=\"row attr-v2 with-border\">\n<div class=\"col-md-3 name\">Sub-range name<\/div>\n<div class=\"col-md-9 value\">Valves and solenoid valves<\/div>\n<\/div>\n<div class=\"row attr-v2 with-border\">\n<div class=\"col-md-3 name\">Functions<\/div>\n<div class=\"col-md-9 value\">Single solen. valve<\/div>\n<div>\n<div class=\"row attr-v2 with-border\">\n<div class=\"col-md-3 name\">Valve function<\/div>\n<div class=\"col-md-9 value\">5\/2-way<br \/>\n5-ports 2-positions<br \/>\nMonostable<br \/>\nmech. spring reset<\/div>\n<\/div>\n<div class=\"row attr-v2 with-border\">\n<div class=\"col-md-3 name\">Design<\/div>\n<div class=\"col-md-9 value\">A531-BC2 standard locking manual operator<br \/>\nhorizontal solen.<br \/>\nvalve diagram EV18<br \/>\nSpool valve<br \/>\nfiltered air (without lubrication) as input medium<\/div>\n<\/div>\n<div class=\"row attr-v2 with-border\">\n<div class=\"col-md-3 name\">Flow<\/div>\n<div class=\"col-md-9 value\">900L\/min (LPM)<\/div>\n<\/div>\n<div class=\"row attr-v2 with-border\">\n<div class=\"col-md-3 name\">Pressure<\/div>\n<div class=\"col-md-9 value\">+2.5\u2026+10bar operating pressure range<br \/>\n6bar nominal pressure<\/div>\n<\/div>\n<div class=\"row attr-v2 with-border\">\n<div class=\"col-md-3 name\">Connection type<\/div>\n<div class=\"col-md-9 value\">Plug connector<br \/>\nPneumatic connection sub-base size 1 to ISO5599-1<\/div>\n<\/div>\n<div class=\"row attr-v2 with-border\">\n<div class=\"col-md-3 name\">Mounting mode<\/div>\n<div class=\"col-md-9 value\">on-manf. installation<\/div>\n<\/div>\n<div class=\"row attr-v2 with-border\">\n<div class=\"col-md-3 name\">Dimensions<\/div>\n<div class=\"col-md-9 value\">H153mm x W38mm x D58mm<\/div>\n<\/div>\n<div class=\"row attr-v2 with-border\">\n<div class=\"col-md-3 name\">Ambient air temperature for operation<\/div>\n<div class=\"col-md-9 value\">0\u2026+60 \u00b0C<\/div>\n<div>\n<div class=\"row attr-v2 with-border\">\n<div class=\"col-md-3 name\">Power consumption<\/div>\n<div class=\"col-md-9 value\">3.1 W<\/div>\n<\/div>\n<div class=\"row attr-v2 with-border\">\n<div class=\"col-md-3 name\">Manufacturer product status<\/div>\n<div class=\"col-md-9 value\">Commercialized<\/div>\n<\/div>\n<div class=\"row attr-v2 with-border\">\n<div class=\"col-md-3 name\">Equivalent to<\/div>\n<div class=\"col-md-9 value\">951000P1523<\/div>\n<\/div>\n<\/div>\n<\/div>\n<\/div>\n<\/div>\n<\/div>\n<p>Vikati nh\u1eadp kh\u1ea9u v\u00e0 ph\u00e2n ph\u1ed1i van \u0111i\u1ec7n t\u1eeb Camozzi ITALY.<\/p>\n<p>Solenoid Valve Series 9<\/p>\n<p>Model : 953-000-P15-23,\u00a0951-000-P11-23,\u00a0951-000-P15-23,\u00a0952-000-P15-23<\/p>\n<p>Ch\u01b0a bao g\u1ed3m coil \u0111i\u1ec7n.<\/p>\n<p>B\u1ea3o h\u00e0nh 12 th\u00e1ng.<\/p>\n<p class=\"product_title entry-title\">CAMOZZI 951-000-P15-23 SINGLE SOLENOID VALVE<\/p>\n<p>&nbsp;<\/p>\n<p>\u0110\u1ea1i l\u00fd CAMOZZI vietnam, CAMOZZI viet nam, CAMOZZI vietnam distributor, Ph\u00e2n ph\u1ed1i CAMOZZI t\u1ea1i vi\u1ec7t nam<\/p>\n<p>\u0110\u1ea1i l\u00fd CAMOZZI vietnam, CAMOZZI viet nam, CAMOZZI vietnam distributor, Ph\u00e2n ph\u1ed1i CAMOZZI t\u1ea1i vi\u1ec7t nam<\/p>\n<p>\u0110\u1ea1i l\u00fd CAMOZZI vietnam, CAMOZZI viet nam, CAMOZZI vietnam distributor, Ph\u00e2n ph\u1ed1i CAMOZZI t\u1ea1i vi\u1ec7t nam<\/p>\n<p>\u0110\u1ea1i l\u00fd CAMOZZI vietnam, CAMOZZI viet nam, CAMOZZI vietnam distributor, Ph\u00e2n ph\u1ed1i CAMOZZI t\u1ea1i vi\u1ec7t nam<\/p>\n<p>\u0110\u1ea1i l\u00fd CAMOZZI vietnam, CAMOZZI viet nam, CAMOZZI vietnam distributor, Ph\u00e2n ph\u1ed1i CAMOZZI t\u1ea1i vi\u1ec7t nam<\/p>\n","protected":false},"excerpt":{"rendered":"<p>CAMOZZI 951-000-P15-23 CAMOZZI 951-000-P15-23 Camozzi 953-000-P15-23, Camozzi 951-000-P11-23, Camozzi 952-000-P15-23, Camozzi\u00a0951-000-P15-23-CN01,\u00a0Camozzi\u00a0952-000-P15-23 Coil \u0111i\u1ec7n U7J AC220V Coil \u0111i\u1ec7n G77 DC24V Benefits Series 9 valves have been designed with sizes 1; 2 and 3; as recommended by the ISO Standards. The ease of pneumatic and electrical wiring makes these valves extremely flexible.&hellip; <\/p>\n","protected":false},"featured_media":3549,"comment_status":"open","ping_status":"closed","template":"","meta":{"om_disable_all_campaigns":false,"_monsterinsights_skip_tracking":false,"_monsterinsights_sitenote_active":false,"_monsterinsights_sitenote_note":"","_monsterinsights_sitenote_category":0},"product_cat":[15],"product_tag":[96,97,690],"class_list":{"0":"post-3548","1":"product","2":"type-product","3":"status-publish","4":"has-post-thumbnail","6":"product_cat-apex","7":"product_tag-camozzi-viet-nam","8":"product_tag-dai-ly-camozzi-viet-nam","9":"product_tag-van-dien-tu","11":"first","12":"instock","13":"shipping-taxable","14":"product-type-simple"},"aioseo_notices":[],"yoast_head":"<!-- This site is optimized with the Yoast SEO plugin v22.8 - https:\/\/yoast.com\/wordpress\/plugins\/seo\/ -->\n<title>CAMOZZI 951-000-P15-23 - OMANI VI\u1ec6T NAM<\/title>\n<meta name=\"description\" content=\"CAMOZZI 951-000-P15-23 Solenoid Valve\" \/>\n<meta name=\"robots\" content=\"index, follow, max-snippet:-1, max-image-preview:large, max-video-preview:-1\" \/>\n<link rel=\"canonical\" href=\"https:\/\/sipin.com.vn\/index.php\/product\/camozzi-951-000-p15-23\/\" \/>\n<meta property=\"og:locale\" content=\"vi_VN\" \/>\n<meta property=\"og:type\" content=\"article\" \/>\n<meta property=\"og:title\" content=\"CAMOZZI 951-000-P15-23 - OMANI VI\u1ec6T NAM\" \/>\n<meta property=\"og:description\" content=\"CAMOZZI 951-000-P15-23 Solenoid Valve\" \/>\n<meta property=\"og:url\" content=\"https:\/\/sipin.com.vn\/index.php\/product\/camozzi-951-000-p15-23\/\" \/>\n<meta property=\"og:site_name\" content=\"OMANI VI\u1ec6T NAM\" \/>\n<meta property=\"article:modified_time\" content=\"2025-04-13T14:02:04+00:00\" \/>\n<meta property=\"og:image\" content=\"https:\/\/sipin.com.vn\/wp-content\/uploads\/2025\/04\/951-000-P15-23.png\" \/>\n\t<meta property=\"og:image:width\" content=\"682\" \/>\n\t<meta property=\"og:image:height\" content=\"626\" \/>\n\t<meta property=\"og:image:type\" content=\"image\/png\" \/>\n<meta name=\"twitter:card\" content=\"summary_large_image\" \/>\n<meta name=\"twitter:label1\" content=\"\u01af\u1edbc t\u00ednh th\u1eddi gian \u0111\u1ecdc\" \/>\n\t<meta name=\"twitter:data1\" content=\"2 ph\u00fat\" \/>\n<script type=\"application\/ld+json\" class=\"yoast-schema-graph\">{\"@context\":\"https:\/\/schema.org\",\"@graph\":[{\"@type\":\"WebPage\",\"@id\":\"https:\/\/sipin.com.vn\/index.php\/product\/camozzi-951-000-p15-23\/\",\"url\":\"https:\/\/sipin.com.vn\/index.php\/product\/camozzi-951-000-p15-23\/\",\"name\":\"CAMOZZI 951-000-P15-23 - OMANI VI\u1ec6T NAM\",\"isPartOf\":{\"@id\":\"https:\/\/sipin.com.vn\/#website\"},\"primaryImageOfPage\":{\"@id\":\"https:\/\/sipin.com.vn\/index.php\/product\/camozzi-951-000-p15-23\/#primaryimage\"},\"image\":{\"@id\":\"https:\/\/sipin.com.vn\/index.php\/product\/camozzi-951-000-p15-23\/#primaryimage\"},\"thumbnailUrl\":\"https:\/\/sipin.com.vn\/wp-content\/uploads\/2025\/04\/951-000-P15-23.png\",\"datePublished\":\"2025-04-13T13:49:35+00:00\",\"dateModified\":\"2025-04-13T14:02:04+00:00\",\"description\":\"CAMOZZI 951-000-P15-23 Solenoid Valve\",\"breadcrumb\":{\"@id\":\"https:\/\/sipin.com.vn\/index.php\/product\/camozzi-951-000-p15-23\/#breadcrumb\"},\"inLanguage\":\"vi\",\"potentialAction\":[{\"@type\":\"ReadAction\",\"target\":[\"https:\/\/sipin.com.vn\/index.php\/product\/camozzi-951-000-p15-23\/\"]}]},{\"@type\":\"ImageObject\",\"inLanguage\":\"vi\",\"@id\":\"https:\/\/sipin.com.vn\/index.php\/product\/camozzi-951-000-p15-23\/#primaryimage\",\"url\":\"https:\/\/sipin.com.vn\/wp-content\/uploads\/2025\/04\/951-000-P15-23.png\",\"contentUrl\":\"https:\/\/sipin.com.vn\/wp-content\/uploads\/2025\/04\/951-000-P15-23.png\",\"width\":682,\"height\":626},{\"@type\":\"BreadcrumbList\",\"@id\":\"https:\/\/sipin.com.vn\/index.php\/product\/camozzi-951-000-p15-23\/#breadcrumb\",\"itemListElement\":[{\"@type\":\"ListItem\",\"position\":1,\"name\":\"Home\",\"item\":\"https:\/\/sipin.com.vn\/\"},{\"@type\":\"ListItem\",\"position\":2,\"name\":\"S\u1ea2N PH\u1ea8M\",\"item\":\"https:\/\/sipin.com.vn\/index.php\/cua-hang\/\"},{\"@type\":\"ListItem\",\"position\":3,\"name\":\"CAMOZZI 951-000-P15-23\"}]},{\"@type\":\"WebSite\",\"@id\":\"https:\/\/sipin.com.vn\/#website\",\"url\":\"https:\/\/sipin.com.vn\/\",\"name\":\"OMANI VI\u1ec6T NAM\",\"description\":\"Nh\u00e0 ph\u00e2n ph\u1ed1i thi\u1ebft b\u1ecb kh\u00ed n\u00e9n v\u00e0 thi\u1ebft b\u1ecb t\u1ef1 \u0111\u1ed9ng h\u00f3a trong c\u00f4ng nghi\u1ec7p\",\"publisher\":{\"@id\":\"https:\/\/sipin.com.vn\/#\/schema\/person\/0ad398a980dc3fd696111c2c5c8fa897\"},\"potentialAction\":[{\"@type\":\"SearchAction\",\"target\":{\"@type\":\"EntryPoint\",\"urlTemplate\":\"https:\/\/sipin.com.vn\/?s={search_term_string}\"},\"query-input\":\"required name=search_term_string\"}],\"inLanguage\":\"vi\"},{\"@type\":[\"Person\",\"Organization\"],\"@id\":\"https:\/\/sipin.com.vn\/#\/schema\/person\/0ad398a980dc3fd696111c2c5c8fa897\",\"name\":\"Nguy\u1ec5n V\u0103n Kh\u00e1nh\",\"image\":{\"@type\":\"ImageObject\",\"inLanguage\":\"vi\",\"@id\":\"https:\/\/sipin.com.vn\/#\/schema\/person\/image\/\",\"url\":\"https:\/\/sipin.com.vn\/wp-content\/uploads\/2024\/06\/logo-1024x1024.png\",\"contentUrl\":\"https:\/\/sipin.com.vn\/wp-content\/uploads\/2024\/06\/logo-1024x1024.png\",\"width\":1024,\"height\":1024,\"caption\":\"Nguy\u1ec5n V\u0103n Kh\u00e1nh\"},\"logo\":{\"@id\":\"https:\/\/sipin.com.vn\/#\/schema\/person\/image\/\"},\"sameAs\":[\"https:\/\/sipin.com.vn\"]}]}<\/script>\n<!-- \/ Yoast SEO plugin. -->","yoast_head_json":{"title":"CAMOZZI 951-000-P15-23 - OMANI VI\u1ec6T NAM","description":"CAMOZZI 951-000-P15-23 Solenoid Valve","robots":{"index":"index","follow":"follow","max-snippet":"max-snippet:-1","max-image-preview":"max-image-preview:large","max-video-preview":"max-video-preview:-1"},"canonical":"https:\/\/sipin.com.vn\/index.php\/product\/camozzi-951-000-p15-23\/","og_locale":"vi_VN","og_type":"article","og_title":"CAMOZZI 951-000-P15-23 - OMANI VI\u1ec6T NAM","og_description":"CAMOZZI 951-000-P15-23 Solenoid Valve","og_url":"https:\/\/sipin.com.vn\/index.php\/product\/camozzi-951-000-p15-23\/","og_site_name":"OMANI VI\u1ec6T NAM","article_modified_time":"2025-04-13T14:02:04+00:00","og_image":[{"width":682,"height":626,"url":"https:\/\/sipin.com.vn\/wp-content\/uploads\/2025\/04\/951-000-P15-23.png","type":"image\/png"}],"twitter_card":"summary_large_image","twitter_misc":{"\u01af\u1edbc t\u00ednh th\u1eddi gian \u0111\u1ecdc":"2 ph\u00fat"},"schema":{"@context":"https:\/\/schema.org","@graph":[{"@type":"WebPage","@id":"https:\/\/sipin.com.vn\/index.php\/product\/camozzi-951-000-p15-23\/","url":"https:\/\/sipin.com.vn\/index.php\/product\/camozzi-951-000-p15-23\/","name":"CAMOZZI 951-000-P15-23 - OMANI VI\u1ec6T NAM","isPartOf":{"@id":"https:\/\/sipin.com.vn\/#website"},"primaryImageOfPage":{"@id":"https:\/\/sipin.com.vn\/index.php\/product\/camozzi-951-000-p15-23\/#primaryimage"},"image":{"@id":"https:\/\/sipin.com.vn\/index.php\/product\/camozzi-951-000-p15-23\/#primaryimage"},"thumbnailUrl":"https:\/\/sipin.com.vn\/wp-content\/uploads\/2025\/04\/951-000-P15-23.png","datePublished":"2025-04-13T13:49:35+00:00","dateModified":"2025-04-13T14:02:04+00:00","description":"CAMOZZI 951-000-P15-23 Solenoid Valve","breadcrumb":{"@id":"https:\/\/sipin.com.vn\/index.php\/product\/camozzi-951-000-p15-23\/#breadcrumb"},"inLanguage":"vi","potentialAction":[{"@type":"ReadAction","target":["https:\/\/sipin.com.vn\/index.php\/product\/camozzi-951-000-p15-23\/"]}]},{"@type":"ImageObject","inLanguage":"vi","@id":"https:\/\/sipin.com.vn\/index.php\/product\/camozzi-951-000-p15-23\/#primaryimage","url":"https:\/\/sipin.com.vn\/wp-content\/uploads\/2025\/04\/951-000-P15-23.png","contentUrl":"https:\/\/sipin.com.vn\/wp-content\/uploads\/2025\/04\/951-000-P15-23.png","width":682,"height":626},{"@type":"BreadcrumbList","@id":"https:\/\/sipin.com.vn\/index.php\/product\/camozzi-951-000-p15-23\/#breadcrumb","itemListElement":[{"@type":"ListItem","position":1,"name":"Home","item":"https:\/\/sipin.com.vn\/"},{"@type":"ListItem","position":2,"name":"S\u1ea2N PH\u1ea8M","item":"https:\/\/sipin.com.vn\/index.php\/cua-hang\/"},{"@type":"ListItem","position":3,"name":"CAMOZZI 951-000-P15-23"}]},{"@type":"WebSite","@id":"https:\/\/sipin.com.vn\/#website","url":"https:\/\/sipin.com.vn\/","name":"OMANI VI\u1ec6T NAM","description":"Nh\u00e0 ph\u00e2n ph\u1ed1i thi\u1ebft b\u1ecb kh\u00ed n\u00e9n v\u00e0 thi\u1ebft b\u1ecb t\u1ef1 \u0111\u1ed9ng h\u00f3a trong c\u00f4ng nghi\u1ec7p","publisher":{"@id":"https:\/\/sipin.com.vn\/#\/schema\/person\/0ad398a980dc3fd696111c2c5c8fa897"},"potentialAction":[{"@type":"SearchAction","target":{"@type":"EntryPoint","urlTemplate":"https:\/\/sipin.com.vn\/?s={search_term_string}"},"query-input":"required name=search_term_string"}],"inLanguage":"vi"},{"@type":["Person","Organization"],"@id":"https:\/\/sipin.com.vn\/#\/schema\/person\/0ad398a980dc3fd696111c2c5c8fa897","name":"Nguy\u1ec5n V\u0103n Kh\u00e1nh","image":{"@type":"ImageObject","inLanguage":"vi","@id":"https:\/\/sipin.com.vn\/#\/schema\/person\/image\/","url":"https:\/\/sipin.com.vn\/wp-content\/uploads\/2024\/06\/logo-1024x1024.png","contentUrl":"https:\/\/sipin.com.vn\/wp-content\/uploads\/2024\/06\/logo-1024x1024.png","width":1024,"height":1024,"caption":"Nguy\u1ec5n V\u0103n Kh\u00e1nh"},"logo":{"@id":"https:\/\/sipin.com.vn\/#\/schema\/person\/image\/"},"sameAs":["https:\/\/sipin.com.vn"]}]}},"_links":{"self":[{"href":"https:\/\/sipin.com.vn\/index.php\/wp-json\/wp\/v2\/product\/3548","targetHints":{"allow":["GET"]}}],"collection":[{"href":"https:\/\/sipin.com.vn\/index.php\/wp-json\/wp\/v2\/product"}],"about":[{"href":"https:\/\/sipin.com.vn\/index.php\/wp-json\/wp\/v2\/types\/product"}],"replies":[{"embeddable":true,"href":"https:\/\/sipin.com.vn\/index.php\/wp-json\/wp\/v2\/comments?post=3548"}],"wp:featuredmedia":[{"embeddable":true,"href":"https:\/\/sipin.com.vn\/index.php\/wp-json\/wp\/v2\/media\/3549"}],"wp:attachment":[{"href":"https:\/\/sipin.com.vn\/index.php\/wp-json\/wp\/v2\/media?parent=3548"}],"wp:term":[{"taxonomy":"product_cat","embeddable":true,"href":"https:\/\/sipin.com.vn\/index.php\/wp-json\/wp\/v2\/product_cat?post=3548"},{"taxonomy":"product_tag","embeddable":true,"href":"https:\/\/sipin.com.vn\/index.php\/wp-json\/wp\/v2\/product_tag?post=3548"}],"curies":[{"name":"wp","href":"https:\/\/api.w.org\/{rel}","templated":true}]}}