{"id":3530,"date":"2025-04-12T11:40:29","date_gmt":"2025-04-12T04:40:29","guid":{"rendered":"https:\/\/omanivietnam.com\/?post_type=product&#038;p=3530"},"modified":"2025-04-12T11:42:55","modified_gmt":"2025-04-12T04:42:55","slug":"orion-fd6-g1","status":"publish","type":"product","link":"https:\/\/sipin.com.vn\/index.php\/product\/orion-fd6-g1\/","title":{"rendered":"ORION FD6-G1"},"content":{"rendered":"<p>ORION FD6-G1<\/p>\n<p>ORION FD6-G1, ORION FD6-G2, ORION FD6-G3<\/p>\n<p>Auto drain trap Orion.<\/p>\n<p>T\u1ef1 \u0111\u1ed9ng x\u1ea3 n\u01b0\u1edbc khi \u00e1p su\u1ea5t n\u01b0\u1edbc v\u01b0\u1ee3t qu\u00e1 m\u1ee9c cho ph\u00e9p, gi\u1ea3m nguy c\u01a1 \u0111\u1ee9t \u1ed1ng, tr\u00e0n n\u01b0\u1edbc, \u0111\u1ed3ng th\u1eddi ti\u1ebft ki\u1ec7m th\u1eddi gian v\u00e0 c\u00f4ng s\u1ee9c cho ng\u01b0\u1eddi s\u1eed d\u1ee5ng. V\u1edbi thi\u1ebft k\u1ebf nh\u1ecf g\u1ecdn v\u00e0 \u0111\u01a1n gi\u1ea3n, s\u1ea3n ph\u1ea9m d\u1ec5 d\u00e0ng l\u1eafp \u0111\u1eb7t v\u00e0o c\u00e1c h\u1ec7 th\u1ed1ng \u1ed1ng n\u01b0\u1edbc hi\u1ec7n c\u00f3 m\u00e0 kh\u00f4ng \u0111\u00f2i h\u1ecfi nhi\u1ec1u s\u1ef1 thay \u0111\u1ed5i. S\u1eed d\u1ee5ng ch\u1ea5t li\u1ec7u \u0111\u1ed3ng v\u00e0 inox cao c\u1ea5p, \u0111\u1ea3m b\u1ea3o \u0111\u1ed9 b\u1ec1n cao v\u00e0 kh\u1ea3 n\u0103ng ch\u1ed1ng \u0103n m\u00f2n, t\u0103ng c\u01b0\u1eddng \u0111\u1ed9 \u1ed5n \u0111\u1ecbnh v\u00e0 tu\u1ed5i th\u1ecd s\u1ea3n ph\u1ea9m<\/p>\n<p>Van x\u1ea3 t\u1ef1 \u0111\u1ed9ng Orion FD6-G1, Orion FD6-G2, Orion FD6-G3.<\/p>\n<p>Spare thay th\u1ebf FD6-G1,\u00a0FD6-G2 =&gt; thay b\u1eb1ng FD6-G3.<\/p>\n<h1>Van x\u1ea3 n\u01b0\u1edbc t\u1ef1 \u0111\u1ed9ng Orion FD6-G1<\/h1>\n<p>Van x\u1ea3 n\u01b0\u1edbc t\u1ef1 \u0111\u1ed9ng Orion FD6-G1 l\u00e0 m\u1ed9t s\u1ea3n ph\u1ea9m ch\u00ednh h\u00e3ng ch\u1ea5t l\u01b0\u1ee3ng cao thu\u1ed9c th\u01b0\u01a1ng hi\u1ec7u Orion d\u1ea7u t\u1ea1i Nh\u1eadt B\u1ea3n . Orion \u0111\u01b0\u1ee3c th\u00e0nh l\u1eadp n\u0103m 1946, v\u1edbi n\u1ec1n t\u1ea3ng ban \u0111\u1ea7u l\u00e0 s\u1ea3n xu\u1ea5t b\u00e1nh rang, m\u00e1y b\u01a1m,\u2026. M\u00e1y s\u1ea5y kh\u00ed.<\/p>\n<p>Lo\u1ea1i van n\u00e0y gi\u1ea3m thi\u1ec3u t\u1ed1i \u0111a t\u00ecnh tr\u1ea1ng \u1ee9 \u0111\u1ecdng n\u01b0\u1edbc trong c\u00e1c h\u1ec7 th\u1ed1ng \u0111\u01b0\u1eddng \u1ed1ng, \u0111\u1eb7c bi\u1ec7t l\u00e0 h\u1ec7 th\u1ed1ng \u1ed1ng d\u1eabn n\u01b0\u1edbc v\u00e0 h\u1ec7 th\u1ed1ng l\u00e0m m\u00e1t. Van x\u1ea3 n\u01b0\u1edbc t\u1ef1 \u0111\u1ed9ng Orion FD6_G1\u00a0 \u0111\u01b0\u1ee3c s\u1eed d\u1ee5ng r\u1ed9ng r\u00e3i trong m\u00e1y s\u1ea5y kh\u00ed v\u00e0 b\u1ed9 l\u1ecdc kh\u00ed<\/p>\n<h2><strong>\u0110\u1eb7c \u0111i\u1ec3m v\u00e0 ch\u1ee9c n\u0103ng n\u1ed5i b\u1eadt c\u1ee7a Van x\u1ea3 n\u01b0\u1edbc t\u1ef1 \u0111\u1ed9ng Orion FD6-G1<\/strong><\/h2>\n<ul>\n<li>\u0110\u01b0\u1ee3c s\u1ea3n xu\u00e2t t\u1eeb ch\u1ea5t li\u1ec7u th\u00e9p kh\u00f4ng g\u1ec9, c\u00f3 \u0111\u1ed9 b\u1ec1n cao, v\u00e0 ch\u1ed1ng \u0103n m\u00f2n t\u1ed1t. S\u1ea3n ph\u1ea9m n\u00e0y \u0111\u01b0\u1ee3c thi\u1ebft k\u1ebf v\u00f4 c\u00f9ng ch\u1eafc ch\u1eafn, kh\u1ea3 n\u0103ng ch\u1ecbu \u00e1p l\u1ef1c n\u01b0\u1edbc l\u1edbn. S\u1ea3n ph\u1ea9m n\u00e0y \u0111\u00e1p \u1ee9ng \u0111\u01b0\u1ee3c y\u00eau c\u1ea7u v\u1ec1 ch\u1ed1 \u0111\u1ed9 b\u1ec1n v\u00e0 an to\u00e0n trong s\u1eed d\u1ee5ng.<\/li>\n<li>V\u1edbi ch\u1ee9c n\u0103ng x\u1ea3 n\u01b0\u1edbc t\u1ef1 \u0111\u1ed9ng, s\u1ea3n ph\u1ea9m gi\u00fap h\u1ec7 th\u1ed1ng \u1ed1ng d\u1eabn n\u01b0\u1edbc lu\u00f4n trong tr\u1ea1ng th\u00e1i ho\u1ea1t \u0111\u1ed9ng t\u1ed1t nh\u1ea5t.<\/li>\n<li>Van x\u1ea3 n\u01b0\u1edbc t\u1ef1 \u0111\u1ed9ng Orion FD6-G1 gi\u1ea3m thi\u1ec3u t\u1ed1i \u0111a c\u00e1c r\u1ee7i ro, h\u01b0 h\u1ea1i \u0111\u1ebfn h\u1ec7 th\u1ed1ng.<\/li>\n<li>S\u1ea3n ph\u1ea9m \u0111\u01b0\u1ee3c trang b\u1ecb c\u00e1c \u0111\u1ea7u n\u1ed1i \u0111\u01a1n gi\u1ea3n, gi\u00fap ng\u01b0\u1eddi d\u00f9ng c\u00f3 th\u1ec3 d\u1ec5 d\u00e0ng l\u1eafp \u0111\u1eb7t v\u00e0 s\u1eed d\u1ee5ng.<\/li>\n<\/ul>\n<h3>T\u1ea1i sao b\u1ea1n n\u00ean mua h\u00e0ng t\u1ea1i Kh\u00ed n\u00e9n Omani?<\/h3>\n<p>C\u00f4ng ty ch\u00fang t\u00f4i chuy\u00ean cung c\u1ea5p c\u00e1c s\u1ea3n ph\u1ea9m ch\u1ea5t l\u01b0\u1ee3ng cao v\u1edbi gi\u00e1 c\u1ea3 h\u1ee3p l\u00fd. V\u1edbi s\u1ea3n ph\u1ea9m tr\u00ean ch\u00fang t\u00f4i nh\u1eadp tr\u1ef1c ti\u1ebfp ch\u00ednh h\u00e3ng t\u1ea1i Nh\u1eadt B\u1ea3n.<\/p>\n<p>C\u00f4ng ty ch\u00fang t\u00f4i lu\u00f4n \u0111\u1eb7t ch\u1ea5t l\u01b0\u1ee3ng s\u1ea3n ph\u1ea9m v\u00e0 d\u1ecbch v\u1ee5 l\u00ean h\u00e0ng \u0111\u1ea7u \u0111\u1ec3 \u0111\u00e1p \u1ee9ng nhu c\u1ea7u c\u1ee7a kh\u00e1ch h\u00e0ng. Ngo\u00e0i ra, c\u00f2n c\u00f3 \u0111\u1ed9i ng\u0169 nh\u00e2n vi\u00ean gi\u00e0u kinh nghi\u1ec7m v\u00e0 nhi\u1ec7t t\u00ecnh, lu\u00f4n s\u1eb5n s\u00e0ng h\u1ed7 tr\u1ee3 kh\u00e1ch h\u00e0ng trong m\u1ecdi t\u00ecnh hu\u1ed1ng.<\/p>\n<p>H\u00e3y gh\u00e9 th\u0103m trang web c\u1ee7a ch\u00fang t\u00f4i \u0111\u1ec3 bi\u1ebft th\u00eam th\u00f4ng tin chi ti\u1ebft v\u1ec1 c\u00e1c s\u1ea3n ph\u1ea9m v\u00e0 d\u1ecbch v\u1ee5 c\u1ee7a ch\u00fang t\u00f4i. N\u1ebfu b\u1ea1n \u0111ang sinh s\u1ed1ng t\u1ea1i TPHCM b\u1ea1n c\u00f3 th\u1ec3 \u0111\u1ebfn ngay c\u00f4ng ty \u0111\u1ec3 xem chi ti\u1ebft s\u1ea3n ph\u1ea9m n\u00e0y! \u0110\u1ec3 mua van x\u1ea3 n\u01b0\u1edbc t\u1ef1 \u0111\u1ed9ng Orion FD6-G1, b\u1ea1n ch\u1ec9 c\u1ea7n li\u00ean h\u1ec7 v\u1edbi ch\u00fang t\u00f4i.<\/p>\n<p>C\u00e1c m\u00e3 h\u00e0ng t\u01b0\u01a1ng t\u01b0:<\/p>\n<p>SMC AD402-02<\/p>\n<p>SMC AD402-03<\/p>\n<p>SMC AD402-04<\/p>\n<p>SMC AD600-06<\/p>\n<p>SMC AD600-06<\/p>\n<p>SMC AD600-10<\/p>\n<p>ORION AD-5<\/p>\n<p>ORION FD6-G1<\/p>\n<p>ORION FD-1D<\/p>\n<p>ORION FD2-G3<\/p>\n<p>ORION FD6-G3<\/p>\n<p>ORION FD-10A<\/p>\n<p>\u0110\u1ea1i l\u00fd ORION vietnam, ORION viet nam, ORION vietnam distributor, Ph\u00e2n ph\u1ed1i ORION t\u1ea1i vi\u1ec7t nam<\/p>\n<p>\u0110\u1ea1i l\u00fd ORION vietnam, ORION viet nam, ORION vietnam distributor, Ph\u00e2n ph\u1ed1i ORION t\u1ea1i vi\u1ec7t nam<\/p>\n<p>\u0110\u1ea1i l\u00fd ORION vietnam, ORION viet nam, ORION vietnam distributor, Ph\u00e2n ph\u1ed1i ORION t\u1ea1i vi\u1ec7t nam<\/p>\n<p>\u0110\u1ea1i l\u00fd ORION vietnam, ORION viet nam, ORION vietnam distributor, Ph\u00e2n ph\u1ed1i ORION t\u1ea1i vi\u1ec7t nam<\/p>\n<p>\u0110\u1ea1i l\u00fd ORION vietnam, ORION viet nam, ORION vietnam distributor, Ph\u00e2n ph\u1ed1i ORION t\u1ea1i vi\u1ec7t nam<\/p>\n","protected":false},"excerpt":{"rendered":"<p>ORION FD6-G1 ORION FD6-G1, ORION FD6-G2, ORION FD6-G3 Auto drain trap Orion. T\u1ef1 \u0111\u1ed9ng x\u1ea3 n\u01b0\u1edbc khi \u00e1p su\u1ea5t n\u01b0\u1edbc v\u01b0\u1ee3t qu\u00e1 m\u1ee9c cho ph\u00e9p, gi\u1ea3m nguy c\u01a1 \u0111\u1ee9t \u1ed1ng, tr\u00e0n n\u01b0\u1edbc, \u0111\u1ed3ng th\u1eddi ti\u1ebft ki\u1ec7m th\u1eddi gian v\u00e0 c\u00f4ng s\u1ee9c cho ng\u01b0\u1eddi s\u1eed d\u1ee5ng. V\u1edbi thi\u1ebft k\u1ebf nh\u1ecf g\u1ecdn&hellip; <\/p>\n","protected":false},"featured_media":3531,"comment_status":"open","ping_status":"closed","template":"","meta":{"om_disable_all_campaigns":false,"_monsterinsights_skip_tracking":false,"_monsterinsights_sitenote_active":false,"_monsterinsights_sitenote_note":"","_monsterinsights_sitenote_category":0},"product_cat":[15],"product_tag":[610,609,431],"class_list":{"0":"post-3530","1":"product","2":"type-product","3":"status-publish","4":"has-post-thumbnail","6":"product_cat-apex","7":"product_tag-dai-ly-orion-viet-nam","8":"product_tag-orion-viet-nam","9":"product_tag-van-xa","11":"first","12":"instock","13":"shipping-taxable","14":"product-type-simple"},"aioseo_notices":[],"yoast_head":"<!-- This site is optimized with the Yoast SEO plugin v22.8 - https:\/\/yoast.com\/wordpress\/plugins\/seo\/ -->\n<title>ORION FD6-G1 - OMANI VI\u1ec6T NAM<\/title>\n<meta name=\"description\" content=\"ORION FD6-G1 Auto drain trap\" \/>\n<meta name=\"robots\" content=\"index, follow, max-snippet:-1, max-image-preview:large, max-video-preview:-1\" \/>\n<link rel=\"canonical\" href=\"https:\/\/sipin.com.vn\/index.php\/product\/orion-fd6-g1\/\" \/>\n<meta property=\"og:locale\" content=\"vi_VN\" \/>\n<meta property=\"og:type\" content=\"article\" \/>\n<meta property=\"og:title\" content=\"ORION FD6-G1 - OMANI VI\u1ec6T NAM\" \/>\n<meta property=\"og:description\" content=\"ORION FD6-G1 Auto drain trap\" \/>\n<meta property=\"og:url\" content=\"https:\/\/sipin.com.vn\/index.php\/product\/orion-fd6-g1\/\" \/>\n<meta property=\"og:site_name\" content=\"OMANI VI\u1ec6T NAM\" \/>\n<meta property=\"article:modified_time\" content=\"2025-04-12T04:42:55+00:00\" \/>\n<meta property=\"og:image\" content=\"https:\/\/sipin.com.vn\/wp-content\/uploads\/2025\/04\/FD6-G1.png\" \/>\n\t<meta property=\"og:image:width\" content=\"414\" \/>\n\t<meta property=\"og:image:height\" content=\"429\" \/>\n\t<meta property=\"og:image:type\" content=\"image\/png\" \/>\n<meta name=\"twitter:card\" content=\"summary_large_image\" \/>\n<meta name=\"twitter:label1\" content=\"\u01af\u1edbc t\u00ednh th\u1eddi gian \u0111\u1ecdc\" \/>\n\t<meta name=\"twitter:data1\" content=\"4 ph\u00fat\" \/>\n<script type=\"application\/ld+json\" class=\"yoast-schema-graph\">{\"@context\":\"https:\/\/schema.org\",\"@graph\":[{\"@type\":\"WebPage\",\"@id\":\"https:\/\/sipin.com.vn\/index.php\/product\/orion-fd6-g1\/\",\"url\":\"https:\/\/sipin.com.vn\/index.php\/product\/orion-fd6-g1\/\",\"name\":\"ORION FD6-G1 - OMANI VI\u1ec6T NAM\",\"isPartOf\":{\"@id\":\"https:\/\/sipin.com.vn\/#website\"},\"primaryImageOfPage\":{\"@id\":\"https:\/\/sipin.com.vn\/index.php\/product\/orion-fd6-g1\/#primaryimage\"},\"image\":{\"@id\":\"https:\/\/sipin.com.vn\/index.php\/product\/orion-fd6-g1\/#primaryimage\"},\"thumbnailUrl\":\"https:\/\/sipin.com.vn\/wp-content\/uploads\/2025\/04\/FD6-G1.png\",\"datePublished\":\"2025-04-12T04:40:29+00:00\",\"dateModified\":\"2025-04-12T04:42:55+00:00\",\"description\":\"ORION FD6-G1 Auto drain trap\",\"breadcrumb\":{\"@id\":\"https:\/\/sipin.com.vn\/index.php\/product\/orion-fd6-g1\/#breadcrumb\"},\"inLanguage\":\"vi\",\"potentialAction\":[{\"@type\":\"ReadAction\",\"target\":[\"https:\/\/sipin.com.vn\/index.php\/product\/orion-fd6-g1\/\"]}]},{\"@type\":\"ImageObject\",\"inLanguage\":\"vi\",\"@id\":\"https:\/\/sipin.com.vn\/index.php\/product\/orion-fd6-g1\/#primaryimage\",\"url\":\"https:\/\/sipin.com.vn\/wp-content\/uploads\/2025\/04\/FD6-G1.png\",\"contentUrl\":\"https:\/\/sipin.com.vn\/wp-content\/uploads\/2025\/04\/FD6-G1.png\",\"width\":414,\"height\":429},{\"@type\":\"BreadcrumbList\",\"@id\":\"https:\/\/sipin.com.vn\/index.php\/product\/orion-fd6-g1\/#breadcrumb\",\"itemListElement\":[{\"@type\":\"ListItem\",\"position\":1,\"name\":\"Home\",\"item\":\"https:\/\/sipin.com.vn\/\"},{\"@type\":\"ListItem\",\"position\":2,\"name\":\"S\u1ea2N PH\u1ea8M\",\"item\":\"https:\/\/sipin.com.vn\/index.php\/cua-hang\/\"},{\"@type\":\"ListItem\",\"position\":3,\"name\":\"ORION FD6-G1\"}]},{\"@type\":\"WebSite\",\"@id\":\"https:\/\/sipin.com.vn\/#website\",\"url\":\"https:\/\/sipin.com.vn\/\",\"name\":\"OMANI VI\u1ec6T NAM\",\"description\":\"Nh\u00e0 ph\u00e2n ph\u1ed1i thi\u1ebft b\u1ecb kh\u00ed n\u00e9n v\u00e0 thi\u1ebft b\u1ecb t\u1ef1 \u0111\u1ed9ng h\u00f3a trong c\u00f4ng nghi\u1ec7p\",\"publisher\":{\"@id\":\"https:\/\/sipin.com.vn\/#\/schema\/person\/0ad398a980dc3fd696111c2c5c8fa897\"},\"potentialAction\":[{\"@type\":\"SearchAction\",\"target\":{\"@type\":\"EntryPoint\",\"urlTemplate\":\"https:\/\/sipin.com.vn\/?s={search_term_string}\"},\"query-input\":\"required name=search_term_string\"}],\"inLanguage\":\"vi\"},{\"@type\":[\"Person\",\"Organization\"],\"@id\":\"https:\/\/sipin.com.vn\/#\/schema\/person\/0ad398a980dc3fd696111c2c5c8fa897\",\"name\":\"Nguy\u1ec5n V\u0103n Kh\u00e1nh\",\"image\":{\"@type\":\"ImageObject\",\"inLanguage\":\"vi\",\"@id\":\"https:\/\/sipin.com.vn\/#\/schema\/person\/image\/\",\"url\":\"https:\/\/sipin.com.vn\/wp-content\/uploads\/2024\/06\/logo-1024x1024.png\",\"contentUrl\":\"https:\/\/sipin.com.vn\/wp-content\/uploads\/2024\/06\/logo-1024x1024.png\",\"width\":1024,\"height\":1024,\"caption\":\"Nguy\u1ec5n V\u0103n Kh\u00e1nh\"},\"logo\":{\"@id\":\"https:\/\/sipin.com.vn\/#\/schema\/person\/image\/\"},\"sameAs\":[\"https:\/\/sipin.com.vn\"]}]}<\/script>\n<!-- \/ Yoast SEO plugin. -->","yoast_head_json":{"title":"ORION FD6-G1 - OMANI VI\u1ec6T NAM","description":"ORION FD6-G1 Auto drain trap","robots":{"index":"index","follow":"follow","max-snippet":"max-snippet:-1","max-image-preview":"max-image-preview:large","max-video-preview":"max-video-preview:-1"},"canonical":"https:\/\/sipin.com.vn\/index.php\/product\/orion-fd6-g1\/","og_locale":"vi_VN","og_type":"article","og_title":"ORION FD6-G1 - OMANI VI\u1ec6T NAM","og_description":"ORION FD6-G1 Auto drain trap","og_url":"https:\/\/sipin.com.vn\/index.php\/product\/orion-fd6-g1\/","og_site_name":"OMANI VI\u1ec6T NAM","article_modified_time":"2025-04-12T04:42:55+00:00","og_image":[{"width":414,"height":429,"url":"https:\/\/sipin.com.vn\/wp-content\/uploads\/2025\/04\/FD6-G1.png","type":"image\/png"}],"twitter_card":"summary_large_image","twitter_misc":{"\u01af\u1edbc t\u00ednh th\u1eddi gian \u0111\u1ecdc":"4 ph\u00fat"},"schema":{"@context":"https:\/\/schema.org","@graph":[{"@type":"WebPage","@id":"https:\/\/sipin.com.vn\/index.php\/product\/orion-fd6-g1\/","url":"https:\/\/sipin.com.vn\/index.php\/product\/orion-fd6-g1\/","name":"ORION FD6-G1 - OMANI VI\u1ec6T NAM","isPartOf":{"@id":"https:\/\/sipin.com.vn\/#website"},"primaryImageOfPage":{"@id":"https:\/\/sipin.com.vn\/index.php\/product\/orion-fd6-g1\/#primaryimage"},"image":{"@id":"https:\/\/sipin.com.vn\/index.php\/product\/orion-fd6-g1\/#primaryimage"},"thumbnailUrl":"https:\/\/sipin.com.vn\/wp-content\/uploads\/2025\/04\/FD6-G1.png","datePublished":"2025-04-12T04:40:29+00:00","dateModified":"2025-04-12T04:42:55+00:00","description":"ORION FD6-G1 Auto drain trap","breadcrumb":{"@id":"https:\/\/sipin.com.vn\/index.php\/product\/orion-fd6-g1\/#breadcrumb"},"inLanguage":"vi","potentialAction":[{"@type":"ReadAction","target":["https:\/\/sipin.com.vn\/index.php\/product\/orion-fd6-g1\/"]}]},{"@type":"ImageObject","inLanguage":"vi","@id":"https:\/\/sipin.com.vn\/index.php\/product\/orion-fd6-g1\/#primaryimage","url":"https:\/\/sipin.com.vn\/wp-content\/uploads\/2025\/04\/FD6-G1.png","contentUrl":"https:\/\/sipin.com.vn\/wp-content\/uploads\/2025\/04\/FD6-G1.png","width":414,"height":429},{"@type":"BreadcrumbList","@id":"https:\/\/sipin.com.vn\/index.php\/product\/orion-fd6-g1\/#breadcrumb","itemListElement":[{"@type":"ListItem","position":1,"name":"Home","item":"https:\/\/sipin.com.vn\/"},{"@type":"ListItem","position":2,"name":"S\u1ea2N PH\u1ea8M","item":"https:\/\/sipin.com.vn\/index.php\/cua-hang\/"},{"@type":"ListItem","position":3,"name":"ORION FD6-G1"}]},{"@type":"WebSite","@id":"https:\/\/sipin.com.vn\/#website","url":"https:\/\/sipin.com.vn\/","name":"OMANI VI\u1ec6T NAM","description":"Nh\u00e0 ph\u00e2n ph\u1ed1i thi\u1ebft b\u1ecb kh\u00ed n\u00e9n v\u00e0 thi\u1ebft b\u1ecb t\u1ef1 \u0111\u1ed9ng h\u00f3a trong c\u00f4ng nghi\u1ec7p","publisher":{"@id":"https:\/\/sipin.com.vn\/#\/schema\/person\/0ad398a980dc3fd696111c2c5c8fa897"},"potentialAction":[{"@type":"SearchAction","target":{"@type":"EntryPoint","urlTemplate":"https:\/\/sipin.com.vn\/?s={search_term_string}"},"query-input":"required name=search_term_string"}],"inLanguage":"vi"},{"@type":["Person","Organization"],"@id":"https:\/\/sipin.com.vn\/#\/schema\/person\/0ad398a980dc3fd696111c2c5c8fa897","name":"Nguy\u1ec5n V\u0103n Kh\u00e1nh","image":{"@type":"ImageObject","inLanguage":"vi","@id":"https:\/\/sipin.com.vn\/#\/schema\/person\/image\/","url":"https:\/\/sipin.com.vn\/wp-content\/uploads\/2024\/06\/logo-1024x1024.png","contentUrl":"https:\/\/sipin.com.vn\/wp-content\/uploads\/2024\/06\/logo-1024x1024.png","width":1024,"height":1024,"caption":"Nguy\u1ec5n V\u0103n Kh\u00e1nh"},"logo":{"@id":"https:\/\/sipin.com.vn\/#\/schema\/person\/image\/"},"sameAs":["https:\/\/sipin.com.vn"]}]}},"_links":{"self":[{"href":"https:\/\/sipin.com.vn\/index.php\/wp-json\/wp\/v2\/product\/3530","targetHints":{"allow":["GET"]}}],"collection":[{"href":"https:\/\/sipin.com.vn\/index.php\/wp-json\/wp\/v2\/product"}],"about":[{"href":"https:\/\/sipin.com.vn\/index.php\/wp-json\/wp\/v2\/types\/product"}],"replies":[{"embeddable":true,"href":"https:\/\/sipin.com.vn\/index.php\/wp-json\/wp\/v2\/comments?post=3530"}],"wp:featuredmedia":[{"embeddable":true,"href":"https:\/\/sipin.com.vn\/index.php\/wp-json\/wp\/v2\/media\/3531"}],"wp:attachment":[{"href":"https:\/\/sipin.com.vn\/index.php\/wp-json\/wp\/v2\/media?parent=3530"}],"wp:term":[{"taxonomy":"product_cat","embeddable":true,"href":"https:\/\/sipin.com.vn\/index.php\/wp-json\/wp\/v2\/product_cat?post=3530"},{"taxonomy":"product_tag","embeddable":true,"href":"https:\/\/sipin.com.vn\/index.php\/wp-json\/wp\/v2\/product_tag?post=3530"}],"curies":[{"name":"wp","href":"https:\/\/api.w.org\/{rel}","templated":true}]}}