{"id":3300,"date":"2025-03-05T22:46:09","date_gmt":"2025-03-05T15:46:09","guid":{"rendered":"https:\/\/omanivietnam.com\/?post_type=product&#038;p=3300"},"modified":"2025-03-05T22:46:10","modified_gmt":"2025-03-05T15:46:10","slug":"esa-uv-2","status":"publish","type":"product","link":"https:\/\/sipin.com.vn\/index.php\/product\/esa-uv-2\/","title":{"rendered":"ESA UV-2"},"content":{"rendered":"<p>ESA UV-2<\/p>\n<p class=\"title-pro-detail\">\u0110\u1ea7u d\u00f2 UV High sensibility probes UV-2 Esa Pyronics<\/p>\n<div class=\"desc-pro-detail\">The UV2 is a flame detector for industrial use installed in a robust, die-cast aluminium box, equipped with plug in connection and threaded connection for the peepsight. It contains a gas filled UVtube. UV-rays (not daylight or artificial light from discharge or filament lamps) ionise the gas in the tube. Figure 1 shows the curb of the spectral response. The UV2 may be used either with all the electronic systems ESA produces or with any other system provided the tube is operated within its limits.<\/div>\n<div><\/div>\n<div>\n<p>CHARACTERISTICS<br \/>\nGENERAL:<\/p>\n<ul>\n<li>Spectral response: 185~260 nm<\/li>\n<li>Peepsight connection: \u00d8 3\/4\u201d gas<\/li>\n<li>Discharge starting voltage: (with UV radiation) 280V<\/li>\n<li>Recommended oper. voltage: 325 \u00b125V<\/li>\n<li>Max. voltage: 400V<\/li>\n<li>Recommended discharge current: 100\u00b5A<\/li>\n<li>Average discharge current (note A): 1mA<\/li>\n<li>Max. peak current (note B): 30mA<\/li>\n<li>Operating temperature -20~60\u00b0C<\/li>\n<li>Background (note C): max. 10 cpm<\/li>\n<li>Sensibility (note D) 5,000 cpm (&gt; 1pW)<\/li>\n<li>Life service with continuous discharge &gt; 10,000 hours<\/li>\n<\/ul>\n<p><strong>Applications:<\/strong><\/p>\n<ul>\n<li>UV flame detector for industrial use.<\/li>\n<\/ul>\n<p>Flame control devices that operate in permanent mode and according to the EN746 Norm, flowmeters, air\/gas ratio regulators, temperature and pressure regulators, transformers and ignition electrodes: we have been developing and testing hardware and various technically advanced electronic components in our laboratories for more than twenty years. These components have been developed for detection, control, safety, regulation and process automatic control.<br \/>\nA fundamental characteristic is the possibility of being able to be controlled both locally as well as manually, automatically and remotely besides, obviously fully complying with the Norms.<\/p>\n<p><strong>\u00a0\u00a0Bull.\u00a0\u00a0 \u00a0Description\u00a0\u00a0 \u00a0Series\u00a0\u00a0 \u00a0Rev.\u00a0\u00a0 \u00a0<\/strong><br \/>\nE7000\u00a0\u00a0 \u00a0Specification on how to choose and use flame sensor\u00a0\u00a0 \u00a0FLAME SENSOR\u00a0\u00a0 \u00a001 &#8211; 06\/97<br \/>\nE7001\u00a0\u00a0 \u00a0High sensibility probes\u00a0\u00a0 \u00a0UV-2\u00a0\u00a0 \u00a002 &#8211; 01\/00<br \/>\nE7003\u00a0\u00a0 \u00a0ESA UV-2 cheking device for permanent operation\u00a0\u00a0 \u00a0ESA SHUTTER SHR\u00a0\u00a0 \u00a001 &#8211; 04\/18<br \/>\nE7014\u00a0\u00a0 \u00a0Microprocessor operated burner control device\u00a0\u00a0 \u00a0ESA ESTRO\u00a0\u00a0 \u00a003 &#8211; 10\/10<br \/>\nE7014P\u00a0\u00a0 \u00a0Permanent operation microprocessor burner control\u00a0\u00a0 \u00a0ESA ESTRO-PO\u00a0\u00a0 \u00a002 &#8211; 05\/17<br \/>\nE7015\u00a0\u00a0 \u00a0Serial gateway for ESA ESTRO and ESA REFLAM\u00a0\u00a0 \u00a0ESA BRIDGE &amp; EXP-3\u00a0\u00a0 \u00a003 &#8211; 01\/17<br \/>\nE7019\u00a0\u00a0 \u00a0Thermoregulator and air\/gas ratio regulator\u00a0\u00a0 \u00a0ESA TARC-II\u00a0\u00a0 \u00a001 &#8211; 06\/02<br \/>\nE7021\u00a0\u00a0 \u00a0Permanent operation microprocessor burner control device\u00a0\u00a0 \u00a0ESA GENIO-S\u00a0\u00a0 \u00a001 &#8211; 05\/15<br \/>\nE7022\u00a0\u00a0 \u00a0Permanent operation microprocessor burner control device\u00a0\u00a0 \u00a0ESA GENIO-PRS\u00a0\u00a0 \u00a001 &#8211; 05\/15<br \/>\nE7061\u00a0\u00a0 \u00a0Communication parameter programmer\u00a0\u00a0 \u00a0ESA PROG-1\u00a0\u00a0 \u00a002 &#8211; 09\/16<br \/>\nE7081\u00a0\u00a0 \u00a0Serial communication interface for ESA ESTRO\u00a0\u00a0 \u00a0ESA ECS-DRIVER\u00a0\u00a0 \u00a002 &#8211; 08\/16<br \/>\nE7104\u00a0\u00a0 \u00a0Serial converter for ESA ESTRO and ESA REFLAM\u00a0\u00a0 \u00a0ESA PLEX-COM1\u00a0\u00a0 \u00a003 &#8211; 11\/15<br \/>\nE7105\u00a0\u00a0 \u00a0Multizone serial for ESA ESTRO flame control\u00a0\u00a0 \u00a0ESA PLEX-STD\u00a0\u00a0 \u00a002 &#8211; 01\/16<br \/>\nE7108\u00a0\u00a0 \u00a0Pulse Firing controller for ESA ESTRO and ESA REFLAM\u00a0\u00a0 \u00a0ESA PLEX-PULSE\u00a0\u00a0 \u00a001 &#8211; 12\/16<br \/>\nE7210\u00a0\u00a0 \u00a0Flow rate and pressure transmitter\u00a0\u00a0 \u00a0ESA PT II\u00a0\u00a0 \u00a003 &#8211; 01\/17<br \/>\nE7220\u00a0\u00a0 \u00a0Portable differential pressure gauge\u00a0\u00a0 \u00a0ESA DPG-E\u00a0\u00a0 \u00a002 &#8211; 10\/15<br \/>\nE7301\u00a0\u00a0 \u00a0Electric servomotor\u00a0\u00a0 \u00a0ESA SERIO TPF\u00a0\u00a0 \u00a001 &#8211; 05\/14<br \/>\nE7802\u00a0\u00a0 \u00a0Burner control and flame detector for permanent and not-permanent operation\u00a0\u00a0 \u00a0ESA REFLAM-H\u00a0\u00a0 \u00a001 &#8211; 04\/17<\/p>\n<\/div>\n","protected":false},"excerpt":{"rendered":"<p>ESA UV-2 \u0110\u1ea7u d\u00f2 UV High sensibility probes UV-2 Esa Pyronics The UV2 is a flame detector for industrial use installed in a robust, die-cast aluminium box, equipped with plug in connection and threaded connection for the peepsight. It contains a gas filled UVtube. UV-rays (not daylight or artificial light&hellip; <\/p>\n","protected":false},"featured_media":3301,"comment_status":"open","ping_status":"closed","template":"","meta":{"om_disable_all_campaigns":false,"_monsterinsights_skip_tracking":false,"_monsterinsights_sitenote_active":false,"_monsterinsights_sitenote_note":"","_monsterinsights_sitenote_category":0},"product_cat":[15],"product_tag":[88,628,627],"class_list":{"0":"post-3300","1":"product","2":"type-product","3":"status-publish","4":"has-post-thumbnail","6":"product_cat-apex","7":"product_tag-cam-bien","8":"product_tag-dai-ly-esa-viet-nam","9":"product_tag-esa-viet-nam","11":"first","12":"instock","13":"shipping-taxable","14":"product-type-simple"},"aioseo_notices":[],"yoast_head":"<!-- This site is optimized with the Yoast SEO plugin v22.8 - https:\/\/yoast.com\/wordpress\/plugins\/seo\/ -->\n<title>ESA UV-2 - OMANI VI\u1ec6T NAM<\/title>\n<meta name=\"description\" content=\"UV High sensibility probes UV-2 Esa Pyronics\" \/>\n<meta name=\"robots\" content=\"index, follow, max-snippet:-1, max-image-preview:large, max-video-preview:-1\" \/>\n<link rel=\"canonical\" href=\"https:\/\/sipin.com.vn\/index.php\/product\/esa-uv-2\/\" \/>\n<meta property=\"og:locale\" content=\"vi_VN\" \/>\n<meta property=\"og:type\" content=\"article\" \/>\n<meta property=\"og:title\" content=\"ESA UV-2 - OMANI VI\u1ec6T NAM\" \/>\n<meta property=\"og:description\" content=\"UV High sensibility probes UV-2 Esa Pyronics\" \/>\n<meta property=\"og:url\" content=\"https:\/\/sipin.com.vn\/index.php\/product\/esa-uv-2\/\" \/>\n<meta property=\"og:site_name\" content=\"OMANI VI\u1ec6T NAM\" \/>\n<meta property=\"article:modified_time\" content=\"2025-03-05T15:46:10+00:00\" \/>\n<meta property=\"og:image\" content=\"https:\/\/sipin.com.vn\/wp-content\/uploads\/2025\/03\/UV-2.png\" \/>\n\t<meta property=\"og:image:width\" content=\"373\" \/>\n\t<meta property=\"og:image:height\" content=\"595\" \/>\n\t<meta property=\"og:image:type\" content=\"image\/png\" \/>\n<meta name=\"twitter:card\" content=\"summary_large_image\" \/>\n<meta name=\"twitter:label1\" content=\"\u01af\u1edbc t\u00ednh th\u1eddi gian \u0111\u1ecdc\" \/>\n\t<meta name=\"twitter:data1\" content=\"3 ph\u00fat\" \/>\n<script type=\"application\/ld+json\" class=\"yoast-schema-graph\">{\"@context\":\"https:\/\/schema.org\",\"@graph\":[{\"@type\":\"WebPage\",\"@id\":\"https:\/\/sipin.com.vn\/index.php\/product\/esa-uv-2\/\",\"url\":\"https:\/\/sipin.com.vn\/index.php\/product\/esa-uv-2\/\",\"name\":\"ESA UV-2 - OMANI VI\u1ec6T NAM\",\"isPartOf\":{\"@id\":\"https:\/\/sipin.com.vn\/#website\"},\"primaryImageOfPage\":{\"@id\":\"https:\/\/sipin.com.vn\/index.php\/product\/esa-uv-2\/#primaryimage\"},\"image\":{\"@id\":\"https:\/\/sipin.com.vn\/index.php\/product\/esa-uv-2\/#primaryimage\"},\"thumbnailUrl\":\"https:\/\/sipin.com.vn\/wp-content\/uploads\/2025\/03\/UV-2.png\",\"datePublished\":\"2025-03-05T15:46:09+00:00\",\"dateModified\":\"2025-03-05T15:46:10+00:00\",\"description\":\"UV High sensibility probes UV-2 Esa Pyronics\",\"breadcrumb\":{\"@id\":\"https:\/\/sipin.com.vn\/index.php\/product\/esa-uv-2\/#breadcrumb\"},\"inLanguage\":\"vi\",\"potentialAction\":[{\"@type\":\"ReadAction\",\"target\":[\"https:\/\/sipin.com.vn\/index.php\/product\/esa-uv-2\/\"]}]},{\"@type\":\"ImageObject\",\"inLanguage\":\"vi\",\"@id\":\"https:\/\/sipin.com.vn\/index.php\/product\/esa-uv-2\/#primaryimage\",\"url\":\"https:\/\/sipin.com.vn\/wp-content\/uploads\/2025\/03\/UV-2.png\",\"contentUrl\":\"https:\/\/sipin.com.vn\/wp-content\/uploads\/2025\/03\/UV-2.png\",\"width\":373,\"height\":595},{\"@type\":\"BreadcrumbList\",\"@id\":\"https:\/\/sipin.com.vn\/index.php\/product\/esa-uv-2\/#breadcrumb\",\"itemListElement\":[{\"@type\":\"ListItem\",\"position\":1,\"name\":\"Home\",\"item\":\"https:\/\/sipin.com.vn\/\"},{\"@type\":\"ListItem\",\"position\":2,\"name\":\"S\u1ea2N PH\u1ea8M\",\"item\":\"https:\/\/sipin.com.vn\/index.php\/cua-hang\/\"},{\"@type\":\"ListItem\",\"position\":3,\"name\":\"ESA UV-2\"}]},{\"@type\":\"WebSite\",\"@id\":\"https:\/\/sipin.com.vn\/#website\",\"url\":\"https:\/\/sipin.com.vn\/\",\"name\":\"OMANI VI\u1ec6T NAM\",\"description\":\"Nh\u00e0 ph\u00e2n ph\u1ed1i thi\u1ebft b\u1ecb kh\u00ed n\u00e9n v\u00e0 thi\u1ebft b\u1ecb t\u1ef1 \u0111\u1ed9ng h\u00f3a trong c\u00f4ng nghi\u1ec7p\",\"publisher\":{\"@id\":\"https:\/\/sipin.com.vn\/#\/schema\/person\/0ad398a980dc3fd696111c2c5c8fa897\"},\"potentialAction\":[{\"@type\":\"SearchAction\",\"target\":{\"@type\":\"EntryPoint\",\"urlTemplate\":\"https:\/\/sipin.com.vn\/?s={search_term_string}\"},\"query-input\":\"required name=search_term_string\"}],\"inLanguage\":\"vi\"},{\"@type\":[\"Person\",\"Organization\"],\"@id\":\"https:\/\/sipin.com.vn\/#\/schema\/person\/0ad398a980dc3fd696111c2c5c8fa897\",\"name\":\"Nguy\u1ec5n V\u0103n Kh\u00e1nh\",\"image\":{\"@type\":\"ImageObject\",\"inLanguage\":\"vi\",\"@id\":\"https:\/\/sipin.com.vn\/#\/schema\/person\/image\/\",\"url\":\"https:\/\/sipin.com.vn\/wp-content\/uploads\/2024\/06\/logo-1024x1024.png\",\"contentUrl\":\"https:\/\/sipin.com.vn\/wp-content\/uploads\/2024\/06\/logo-1024x1024.png\",\"width\":1024,\"height\":1024,\"caption\":\"Nguy\u1ec5n V\u0103n Kh\u00e1nh\"},\"logo\":{\"@id\":\"https:\/\/sipin.com.vn\/#\/schema\/person\/image\/\"},\"sameAs\":[\"https:\/\/sipin.com.vn\"]}]}<\/script>\n<!-- \/ Yoast SEO plugin. -->","yoast_head_json":{"title":"ESA UV-2 - OMANI VI\u1ec6T NAM","description":"UV High sensibility probes UV-2 Esa Pyronics","robots":{"index":"index","follow":"follow","max-snippet":"max-snippet:-1","max-image-preview":"max-image-preview:large","max-video-preview":"max-video-preview:-1"},"canonical":"https:\/\/sipin.com.vn\/index.php\/product\/esa-uv-2\/","og_locale":"vi_VN","og_type":"article","og_title":"ESA UV-2 - OMANI VI\u1ec6T NAM","og_description":"UV High sensibility probes UV-2 Esa Pyronics","og_url":"https:\/\/sipin.com.vn\/index.php\/product\/esa-uv-2\/","og_site_name":"OMANI VI\u1ec6T NAM","article_modified_time":"2025-03-05T15:46:10+00:00","og_image":[{"width":373,"height":595,"url":"https:\/\/sipin.com.vn\/wp-content\/uploads\/2025\/03\/UV-2.png","type":"image\/png"}],"twitter_card":"summary_large_image","twitter_misc":{"\u01af\u1edbc t\u00ednh th\u1eddi gian \u0111\u1ecdc":"3 ph\u00fat"},"schema":{"@context":"https:\/\/schema.org","@graph":[{"@type":"WebPage","@id":"https:\/\/sipin.com.vn\/index.php\/product\/esa-uv-2\/","url":"https:\/\/sipin.com.vn\/index.php\/product\/esa-uv-2\/","name":"ESA UV-2 - OMANI VI\u1ec6T NAM","isPartOf":{"@id":"https:\/\/sipin.com.vn\/#website"},"primaryImageOfPage":{"@id":"https:\/\/sipin.com.vn\/index.php\/product\/esa-uv-2\/#primaryimage"},"image":{"@id":"https:\/\/sipin.com.vn\/index.php\/product\/esa-uv-2\/#primaryimage"},"thumbnailUrl":"https:\/\/sipin.com.vn\/wp-content\/uploads\/2025\/03\/UV-2.png","datePublished":"2025-03-05T15:46:09+00:00","dateModified":"2025-03-05T15:46:10+00:00","description":"UV High sensibility probes UV-2 Esa Pyronics","breadcrumb":{"@id":"https:\/\/sipin.com.vn\/index.php\/product\/esa-uv-2\/#breadcrumb"},"inLanguage":"vi","potentialAction":[{"@type":"ReadAction","target":["https:\/\/sipin.com.vn\/index.php\/product\/esa-uv-2\/"]}]},{"@type":"ImageObject","inLanguage":"vi","@id":"https:\/\/sipin.com.vn\/index.php\/product\/esa-uv-2\/#primaryimage","url":"https:\/\/sipin.com.vn\/wp-content\/uploads\/2025\/03\/UV-2.png","contentUrl":"https:\/\/sipin.com.vn\/wp-content\/uploads\/2025\/03\/UV-2.png","width":373,"height":595},{"@type":"BreadcrumbList","@id":"https:\/\/sipin.com.vn\/index.php\/product\/esa-uv-2\/#breadcrumb","itemListElement":[{"@type":"ListItem","position":1,"name":"Home","item":"https:\/\/sipin.com.vn\/"},{"@type":"ListItem","position":2,"name":"S\u1ea2N PH\u1ea8M","item":"https:\/\/sipin.com.vn\/index.php\/cua-hang\/"},{"@type":"ListItem","position":3,"name":"ESA UV-2"}]},{"@type":"WebSite","@id":"https:\/\/sipin.com.vn\/#website","url":"https:\/\/sipin.com.vn\/","name":"OMANI VI\u1ec6T NAM","description":"Nh\u00e0 ph\u00e2n ph\u1ed1i thi\u1ebft b\u1ecb kh\u00ed n\u00e9n v\u00e0 thi\u1ebft b\u1ecb t\u1ef1 \u0111\u1ed9ng h\u00f3a trong c\u00f4ng nghi\u1ec7p","publisher":{"@id":"https:\/\/sipin.com.vn\/#\/schema\/person\/0ad398a980dc3fd696111c2c5c8fa897"},"potentialAction":[{"@type":"SearchAction","target":{"@type":"EntryPoint","urlTemplate":"https:\/\/sipin.com.vn\/?s={search_term_string}"},"query-input":"required name=search_term_string"}],"inLanguage":"vi"},{"@type":["Person","Organization"],"@id":"https:\/\/sipin.com.vn\/#\/schema\/person\/0ad398a980dc3fd696111c2c5c8fa897","name":"Nguy\u1ec5n V\u0103n Kh\u00e1nh","image":{"@type":"ImageObject","inLanguage":"vi","@id":"https:\/\/sipin.com.vn\/#\/schema\/person\/image\/","url":"https:\/\/sipin.com.vn\/wp-content\/uploads\/2024\/06\/logo-1024x1024.png","contentUrl":"https:\/\/sipin.com.vn\/wp-content\/uploads\/2024\/06\/logo-1024x1024.png","width":1024,"height":1024,"caption":"Nguy\u1ec5n V\u0103n Kh\u00e1nh"},"logo":{"@id":"https:\/\/sipin.com.vn\/#\/schema\/person\/image\/"},"sameAs":["https:\/\/sipin.com.vn"]}]}},"_links":{"self":[{"href":"https:\/\/sipin.com.vn\/index.php\/wp-json\/wp\/v2\/product\/3300","targetHints":{"allow":["GET"]}}],"collection":[{"href":"https:\/\/sipin.com.vn\/index.php\/wp-json\/wp\/v2\/product"}],"about":[{"href":"https:\/\/sipin.com.vn\/index.php\/wp-json\/wp\/v2\/types\/product"}],"replies":[{"embeddable":true,"href":"https:\/\/sipin.com.vn\/index.php\/wp-json\/wp\/v2\/comments?post=3300"}],"wp:featuredmedia":[{"embeddable":true,"href":"https:\/\/sipin.com.vn\/index.php\/wp-json\/wp\/v2\/media\/3301"}],"wp:attachment":[{"href":"https:\/\/sipin.com.vn\/index.php\/wp-json\/wp\/v2\/media?parent=3300"}],"wp:term":[{"taxonomy":"product_cat","embeddable":true,"href":"https:\/\/sipin.com.vn\/index.php\/wp-json\/wp\/v2\/product_cat?post=3300"},{"taxonomy":"product_tag","embeddable":true,"href":"https:\/\/sipin.com.vn\/index.php\/wp-json\/wp\/v2\/product_tag?post=3300"}],"curies":[{"name":"wp","href":"https:\/\/api.w.org\/{rel}","templated":true}]}}