{"id":3147,"date":"2025-01-22T13:47:03","date_gmt":"2025-01-22T06:47:03","guid":{"rendered":"https:\/\/omanivietnam.com\/?post_type=product&#038;p=3147"},"modified":"2025-01-22T13:47:03","modified_gmt":"2025-01-22T06:47:03","slug":"ckd-scg-g-ca-50b-50-hp1","status":"publish","type":"product","link":"https:\/\/sipin.com.vn\/index.php\/product\/ckd-scg-g-ca-50b-50-hp1\/","title":{"rendered":"CKD SCG-G-CA-50B-50-HP1"},"content":{"rendered":"<p>CKD SCG-G-CA-50B-50-HP1<\/p>\n<p class=\"font34\">High Durability Components HP Series (Environment Resistant) Tie rod cylinder<\/p>\n<p>NEW : Added food manufacturing process (FP1-G-HP1).<br \/>\nIt is a tie-rod cylinder with a wide range of bore sizes (\u03a632-\u03a6100).<\/p>\n<p>G-HP1 : Environment Resistant Cylinder. The durability in dusty environments has been greatly improved with strong scrapers and lube keeping structures.<\/p>\n<p>[Long life in harsh environments]<br \/>\nWith more than four times the durability and more than 5 million cycles in a dust-proof environment is realized. (Tests based on our terms and conditions)<\/p>\n<p>[Stable operation in harsh environments]<br \/>\nA test which reproduced a dusty environment was carried out. The durability was confirmed in severe testing.<\/p>\n<p>[Port and needle on the same surface]<br \/>\nThe air supply \/ exhaust ports and cushion needle are positioned on the same surface.<br \/>\nTie rod general-purpose cylinder with easy installation and adjustment of the cylinder.<\/p>\n","protected":false},"excerpt":{"rendered":"<p>CKD SCG-G-CA-50B-50-HP1 High Durability Components HP Series (Environment Resistant) Tie rod cylinder NEW : Added food manufacturing process (FP1-G-HP1). It is a tie-rod cylinder with a wide range of bore sizes (\u03a632-\u03a6100). G-HP1 : Environment Resistant Cylinder. The durability in dusty environments has been greatly improved with strong scrapers and&hellip; <\/p>\n","protected":false},"featured_media":3148,"comment_status":"open","ping_status":"closed","template":"","meta":{"om_disable_all_campaigns":false,"_monsterinsights_skip_tracking":false,"_monsterinsights_sitenote_active":false,"_monsterinsights_sitenote_note":"","_monsterinsights_sitenote_category":0},"product_cat":[15],"product_tag":[100,101,98],"class_list":{"0":"post-3147","1":"product","2":"type-product","3":"status-publish","4":"has-post-thumbnail","6":"product_cat-apex","7":"product_tag-ckd-viet-nam","8":"product_tag-dai-ly-ckd-viet-nam","9":"product_tag-xy-lanh-khi","11":"first","12":"instock","13":"shipping-taxable","14":"product-type-simple"},"aioseo_notices":[],"yoast_head":"<!-- This site is optimized with the Yoast SEO plugin v22.8 - https:\/\/yoast.com\/wordpress\/plugins\/seo\/ -->\n<title>CKD SCG-G-CA-50B-50-HP1 - OMANI VI\u1ec6T NAM<\/title>\n<meta name=\"description\" content=\"SCG-G-CA-50B-50-HP1 High Durability Components HP Series. General Cylinder Tie Rod Type Cylinder SCG Series. It is a tie-rod cylinder with a wide range of bore sizes (\u03a632-\u03a6100). G-HP1 : Environment Resistant Cylinder. The durability in dusty environments has been ...\" \/>\n<meta name=\"robots\" content=\"index, follow, max-snippet:-1, max-image-preview:large, max-video-preview:-1\" \/>\n<link rel=\"canonical\" href=\"https:\/\/sipin.com.vn\/index.php\/product\/ckd-scg-g-ca-50b-50-hp1\/\" \/>\n<meta property=\"og:locale\" content=\"vi_VN\" \/>\n<meta property=\"og:type\" content=\"article\" \/>\n<meta property=\"og:title\" content=\"CKD SCG-G-CA-50B-50-HP1 - OMANI VI\u1ec6T NAM\" \/>\n<meta property=\"og:description\" content=\"SCG-G-CA-50B-50-HP1 High Durability Components HP Series. General Cylinder Tie Rod Type Cylinder SCG Series. It is a tie-rod cylinder with a wide range of bore sizes (\u03a632-\u03a6100). G-HP1 : Environment Resistant Cylinder. The durability in dusty environments has been ...\" \/>\n<meta property=\"og:url\" content=\"https:\/\/sipin.com.vn\/index.php\/product\/ckd-scg-g-ca-50b-50-hp1\/\" \/>\n<meta property=\"og:site_name\" content=\"OMANI VI\u1ec6T NAM\" \/>\n<meta property=\"og:image\" content=\"https:\/\/sipin.com.vn\/wp-content\/uploads\/2025\/01\/SCG-G-CA-50B-50-HP1.png\" \/>\n\t<meta property=\"og:image:width\" content=\"416\" \/>\n\t<meta property=\"og:image:height\" content=\"370\" \/>\n\t<meta property=\"og:image:type\" content=\"image\/png\" \/>\n<meta name=\"twitter:card\" content=\"summary_large_image\" \/>\n<meta name=\"twitter:label1\" content=\"\u01af\u1edbc t\u00ednh th\u1eddi gian \u0111\u1ecdc\" \/>\n\t<meta name=\"twitter:data1\" content=\"1 ph\u00fat\" \/>\n<script type=\"application\/ld+json\" class=\"yoast-schema-graph\">{\"@context\":\"https:\/\/schema.org\",\"@graph\":[{\"@type\":\"WebPage\",\"@id\":\"https:\/\/sipin.com.vn\/index.php\/product\/ckd-scg-g-ca-50b-50-hp1\/\",\"url\":\"https:\/\/sipin.com.vn\/index.php\/product\/ckd-scg-g-ca-50b-50-hp1\/\",\"name\":\"CKD SCG-G-CA-50B-50-HP1 - OMANI VI\u1ec6T NAM\",\"isPartOf\":{\"@id\":\"https:\/\/sipin.com.vn\/#website\"},\"primaryImageOfPage\":{\"@id\":\"https:\/\/sipin.com.vn\/index.php\/product\/ckd-scg-g-ca-50b-50-hp1\/#primaryimage\"},\"image\":{\"@id\":\"https:\/\/sipin.com.vn\/index.php\/product\/ckd-scg-g-ca-50b-50-hp1\/#primaryimage\"},\"thumbnailUrl\":\"https:\/\/sipin.com.vn\/wp-content\/uploads\/2025\/01\/SCG-G-CA-50B-50-HP1.png\",\"datePublished\":\"2025-01-22T06:47:03+00:00\",\"dateModified\":\"2025-01-22T06:47:03+00:00\",\"description\":\"SCG-G-CA-50B-50-HP1 High Durability Components HP Series. General Cylinder Tie Rod Type Cylinder SCG Series. It is a tie-rod cylinder with a wide range of bore sizes (\u03a632-\u03a6100). G-HP1 : Environment Resistant Cylinder. The durability in dusty environments has been ...\",\"breadcrumb\":{\"@id\":\"https:\/\/sipin.com.vn\/index.php\/product\/ckd-scg-g-ca-50b-50-hp1\/#breadcrumb\"},\"inLanguage\":\"vi\",\"potentialAction\":[{\"@type\":\"ReadAction\",\"target\":[\"https:\/\/sipin.com.vn\/index.php\/product\/ckd-scg-g-ca-50b-50-hp1\/\"]}]},{\"@type\":\"ImageObject\",\"inLanguage\":\"vi\",\"@id\":\"https:\/\/sipin.com.vn\/index.php\/product\/ckd-scg-g-ca-50b-50-hp1\/#primaryimage\",\"url\":\"https:\/\/sipin.com.vn\/wp-content\/uploads\/2025\/01\/SCG-G-CA-50B-50-HP1.png\",\"contentUrl\":\"https:\/\/sipin.com.vn\/wp-content\/uploads\/2025\/01\/SCG-G-CA-50B-50-HP1.png\",\"width\":416,\"height\":370},{\"@type\":\"BreadcrumbList\",\"@id\":\"https:\/\/sipin.com.vn\/index.php\/product\/ckd-scg-g-ca-50b-50-hp1\/#breadcrumb\",\"itemListElement\":[{\"@type\":\"ListItem\",\"position\":1,\"name\":\"Home\",\"item\":\"https:\/\/sipin.com.vn\/\"},{\"@type\":\"ListItem\",\"position\":2,\"name\":\"S\u1ea2N PH\u1ea8M\",\"item\":\"https:\/\/sipin.com.vn\/index.php\/cua-hang\/\"},{\"@type\":\"ListItem\",\"position\":3,\"name\":\"CKD SCG-G-CA-50B-50-HP1\"}]},{\"@type\":\"WebSite\",\"@id\":\"https:\/\/sipin.com.vn\/#website\",\"url\":\"https:\/\/sipin.com.vn\/\",\"name\":\"OMANI VI\u1ec6T NAM\",\"description\":\"Nh\u00e0 ph\u00e2n ph\u1ed1i thi\u1ebft b\u1ecb kh\u00ed n\u00e9n v\u00e0 thi\u1ebft b\u1ecb t\u1ef1 \u0111\u1ed9ng h\u00f3a trong c\u00f4ng nghi\u1ec7p\",\"publisher\":{\"@id\":\"https:\/\/sipin.com.vn\/#\/schema\/person\/0ad398a980dc3fd696111c2c5c8fa897\"},\"potentialAction\":[{\"@type\":\"SearchAction\",\"target\":{\"@type\":\"EntryPoint\",\"urlTemplate\":\"https:\/\/sipin.com.vn\/?s={search_term_string}\"},\"query-input\":\"required name=search_term_string\"}],\"inLanguage\":\"vi\"},{\"@type\":[\"Person\",\"Organization\"],\"@id\":\"https:\/\/sipin.com.vn\/#\/schema\/person\/0ad398a980dc3fd696111c2c5c8fa897\",\"name\":\"Nguy\u1ec5n V\u0103n Kh\u00e1nh\",\"image\":{\"@type\":\"ImageObject\",\"inLanguage\":\"vi\",\"@id\":\"https:\/\/sipin.com.vn\/#\/schema\/person\/image\/\",\"url\":\"https:\/\/sipin.com.vn\/wp-content\/uploads\/2024\/06\/logo-1024x1024.png\",\"contentUrl\":\"https:\/\/sipin.com.vn\/wp-content\/uploads\/2024\/06\/logo-1024x1024.png\",\"width\":1024,\"height\":1024,\"caption\":\"Nguy\u1ec5n V\u0103n Kh\u00e1nh\"},\"logo\":{\"@id\":\"https:\/\/sipin.com.vn\/#\/schema\/person\/image\/\"},\"sameAs\":[\"https:\/\/sipin.com.vn\"]}]}<\/script>\n<!-- \/ Yoast SEO plugin. -->","yoast_head_json":{"title":"CKD SCG-G-CA-50B-50-HP1 - OMANI VI\u1ec6T NAM","description":"SCG-G-CA-50B-50-HP1 High Durability Components HP Series. General Cylinder Tie Rod Type Cylinder SCG Series. It is a tie-rod cylinder with a wide range of bore sizes (\u03a632-\u03a6100). G-HP1 : Environment Resistant Cylinder. The durability in dusty environments has been ...","robots":{"index":"index","follow":"follow","max-snippet":"max-snippet:-1","max-image-preview":"max-image-preview:large","max-video-preview":"max-video-preview:-1"},"canonical":"https:\/\/sipin.com.vn\/index.php\/product\/ckd-scg-g-ca-50b-50-hp1\/","og_locale":"vi_VN","og_type":"article","og_title":"CKD SCG-G-CA-50B-50-HP1 - OMANI VI\u1ec6T NAM","og_description":"SCG-G-CA-50B-50-HP1 High Durability Components HP Series. General Cylinder Tie Rod Type Cylinder SCG Series. It is a tie-rod cylinder with a wide range of bore sizes (\u03a632-\u03a6100). G-HP1 : Environment Resistant Cylinder. The durability in dusty environments has been ...","og_url":"https:\/\/sipin.com.vn\/index.php\/product\/ckd-scg-g-ca-50b-50-hp1\/","og_site_name":"OMANI VI\u1ec6T NAM","og_image":[{"width":416,"height":370,"url":"https:\/\/sipin.com.vn\/wp-content\/uploads\/2025\/01\/SCG-G-CA-50B-50-HP1.png","type":"image\/png"}],"twitter_card":"summary_large_image","twitter_misc":{"\u01af\u1edbc t\u00ednh th\u1eddi gian \u0111\u1ecdc":"1 ph\u00fat"},"schema":{"@context":"https:\/\/schema.org","@graph":[{"@type":"WebPage","@id":"https:\/\/sipin.com.vn\/index.php\/product\/ckd-scg-g-ca-50b-50-hp1\/","url":"https:\/\/sipin.com.vn\/index.php\/product\/ckd-scg-g-ca-50b-50-hp1\/","name":"CKD SCG-G-CA-50B-50-HP1 - OMANI VI\u1ec6T NAM","isPartOf":{"@id":"https:\/\/sipin.com.vn\/#website"},"primaryImageOfPage":{"@id":"https:\/\/sipin.com.vn\/index.php\/product\/ckd-scg-g-ca-50b-50-hp1\/#primaryimage"},"image":{"@id":"https:\/\/sipin.com.vn\/index.php\/product\/ckd-scg-g-ca-50b-50-hp1\/#primaryimage"},"thumbnailUrl":"https:\/\/sipin.com.vn\/wp-content\/uploads\/2025\/01\/SCG-G-CA-50B-50-HP1.png","datePublished":"2025-01-22T06:47:03+00:00","dateModified":"2025-01-22T06:47:03+00:00","description":"SCG-G-CA-50B-50-HP1 High Durability Components HP Series. General Cylinder Tie Rod Type Cylinder SCG Series. It is a tie-rod cylinder with a wide range of bore sizes (\u03a632-\u03a6100). G-HP1 : Environment Resistant Cylinder. The durability in dusty environments has been ...","breadcrumb":{"@id":"https:\/\/sipin.com.vn\/index.php\/product\/ckd-scg-g-ca-50b-50-hp1\/#breadcrumb"},"inLanguage":"vi","potentialAction":[{"@type":"ReadAction","target":["https:\/\/sipin.com.vn\/index.php\/product\/ckd-scg-g-ca-50b-50-hp1\/"]}]},{"@type":"ImageObject","inLanguage":"vi","@id":"https:\/\/sipin.com.vn\/index.php\/product\/ckd-scg-g-ca-50b-50-hp1\/#primaryimage","url":"https:\/\/sipin.com.vn\/wp-content\/uploads\/2025\/01\/SCG-G-CA-50B-50-HP1.png","contentUrl":"https:\/\/sipin.com.vn\/wp-content\/uploads\/2025\/01\/SCG-G-CA-50B-50-HP1.png","width":416,"height":370},{"@type":"BreadcrumbList","@id":"https:\/\/sipin.com.vn\/index.php\/product\/ckd-scg-g-ca-50b-50-hp1\/#breadcrumb","itemListElement":[{"@type":"ListItem","position":1,"name":"Home","item":"https:\/\/sipin.com.vn\/"},{"@type":"ListItem","position":2,"name":"S\u1ea2N PH\u1ea8M","item":"https:\/\/sipin.com.vn\/index.php\/cua-hang\/"},{"@type":"ListItem","position":3,"name":"CKD SCG-G-CA-50B-50-HP1"}]},{"@type":"WebSite","@id":"https:\/\/sipin.com.vn\/#website","url":"https:\/\/sipin.com.vn\/","name":"OMANI VI\u1ec6T NAM","description":"Nh\u00e0 ph\u00e2n ph\u1ed1i thi\u1ebft b\u1ecb kh\u00ed n\u00e9n v\u00e0 thi\u1ebft b\u1ecb t\u1ef1 \u0111\u1ed9ng h\u00f3a trong c\u00f4ng nghi\u1ec7p","publisher":{"@id":"https:\/\/sipin.com.vn\/#\/schema\/person\/0ad398a980dc3fd696111c2c5c8fa897"},"potentialAction":[{"@type":"SearchAction","target":{"@type":"EntryPoint","urlTemplate":"https:\/\/sipin.com.vn\/?s={search_term_string}"},"query-input":"required name=search_term_string"}],"inLanguage":"vi"},{"@type":["Person","Organization"],"@id":"https:\/\/sipin.com.vn\/#\/schema\/person\/0ad398a980dc3fd696111c2c5c8fa897","name":"Nguy\u1ec5n V\u0103n Kh\u00e1nh","image":{"@type":"ImageObject","inLanguage":"vi","@id":"https:\/\/sipin.com.vn\/#\/schema\/person\/image\/","url":"https:\/\/sipin.com.vn\/wp-content\/uploads\/2024\/06\/logo-1024x1024.png","contentUrl":"https:\/\/sipin.com.vn\/wp-content\/uploads\/2024\/06\/logo-1024x1024.png","width":1024,"height":1024,"caption":"Nguy\u1ec5n V\u0103n Kh\u00e1nh"},"logo":{"@id":"https:\/\/sipin.com.vn\/#\/schema\/person\/image\/"},"sameAs":["https:\/\/sipin.com.vn"]}]}},"_links":{"self":[{"href":"https:\/\/sipin.com.vn\/index.php\/wp-json\/wp\/v2\/product\/3147","targetHints":{"allow":["GET"]}}],"collection":[{"href":"https:\/\/sipin.com.vn\/index.php\/wp-json\/wp\/v2\/product"}],"about":[{"href":"https:\/\/sipin.com.vn\/index.php\/wp-json\/wp\/v2\/types\/product"}],"replies":[{"embeddable":true,"href":"https:\/\/sipin.com.vn\/index.php\/wp-json\/wp\/v2\/comments?post=3147"}],"wp:featuredmedia":[{"embeddable":true,"href":"https:\/\/sipin.com.vn\/index.php\/wp-json\/wp\/v2\/media\/3148"}],"wp:attachment":[{"href":"https:\/\/sipin.com.vn\/index.php\/wp-json\/wp\/v2\/media?parent=3147"}],"wp:term":[{"taxonomy":"product_cat","embeddable":true,"href":"https:\/\/sipin.com.vn\/index.php\/wp-json\/wp\/v2\/product_cat?post=3147"},{"taxonomy":"product_tag","embeddable":true,"href":"https:\/\/sipin.com.vn\/index.php\/wp-json\/wp\/v2\/product_tag?post=3147"}],"curies":[{"name":"wp","href":"https:\/\/api.w.org\/{rel}","templated":true}]}}