{"id":2038,"date":"2024-10-06T21:57:49","date_gmt":"2024-10-06T14:57:49","guid":{"rendered":"https:\/\/omanivietnam.com\/?post_type=product&#038;p=2038"},"modified":"2024-10-06T21:59:44","modified_gmt":"2024-10-06T14:59:44","slug":"omron-ee-spx613","status":"publish","type":"product","link":"https:\/\/sipin.com.vn\/index.php\/product\/omron-ee-spx613\/","title":{"rendered":"OMRON EE-SPX613"},"content":{"rendered":"<p>OMRON EE-SPX613<\/p>\n<p class=\"product_title entry-title\">C\u1ea3m bi\u1ebfn quang Omron EE-SPX613 1M<\/p>\n<p>\u0110\u1eb7c t\u00ednh k\u1ef9 thu\u1eadt<\/p>\n<p>&#8211; M\u00e3 h\u00e0ng: EE-SPX613 &#8211; Ph\u01b0\u01a1ng ph\u00e1p \u0111o: tia h\u1ed3ng ngo\u1ea1i (Infrared optical electric device) &#8211; Ng\u00f5 ra: 1 NPN (open collector output) &#8211; T\u1ea3i max 100mA &#8211; Light-ON\/Dark-ON: switch &#8211; Ngu\u1ed3n c\u1ea5p 12-24Vdc (80mA at 24VDC) &#8211; Ti\u00eau th\u1ee5 \u0111i\u1ec7n n\u0103ng: Average 30mA, Peak 80mA &#8211; Nhi\u1ec7t \u0111\u1ed9 ho\u1ea1t \u0111\u1ed9ng: -10\u00b0C \u0111\u1ebfn 55\u00b0C &#8211; V\u1eadt li\u1ec7u v\u1ecf: Polycarbonate &#8211; C\u1ea5p b\u1ea3o v\u1ec7: IP50 &#8211; S\u01a1 \u0111\u1ed3 \u0111\u1ea5u d\u00e2y: N\u00e2u: 12-24VDC Xanh: 0V \u0110en: ng\u00f5 ra NPN<\/p>\n<p>Through-beam type, Pre-wired models (1m), Dark-ON\/Light-ON (selectable), NPN Open collector output<\/p>\n<table class=\"woocommerce-product-attributes shop_attributes\">\n<tbody>\n<tr>\n<td>\u0110\u01b0\u1eddng k\u00ednh \u1ed1ng d\u1eabn \u00e1p d\u1ee5ng<\/td>\n<td>6\u202613mm<\/td>\n<\/tr>\n<tr>\n<td>\u0110\u1ed9 d\u00e0y \u1ed1ng d\u1eabn \u00e1p d\u1ee5ng<\/td>\n<td>1mm<\/td>\n<\/tr>\n<tr>\n<td>V\u1eadt li\u1ec7u \u1ed1ng d\u1eabn \u00e1p d\u1ee5ng<\/td>\n<td>Nh\u1ef1a FEP ho\u1eb7c b\u1ea5t k\u1ef3 v\u1eadt li\u1ec7u n\u00e0o kh\u00e1c trong su\u1ed1t nh\u01b0 FEP<\/td>\n<\/tr>\n<tr>\n<td>Ngu\u1ed3n c\u1ea5p<\/td>\n<td>12\u202624VDC<\/td>\n<\/tr>\n<tr>\n<td>Lo\u1ea1i \u0111\u1ea7u ra<\/td>\n<td>NPN<\/td>\n<\/tr>\n<tr>\n<td>Ph\u1ee5 ki\u1ec7n \u0111i k\u00e8m<\/td>\n<td>Anti-slip tube, Binding band<\/td>\n<\/tr>\n<tr>\n<td>Ph\u1ee5 ki\u1ec7n mua r\u1eddi<\/td>\n<td>No<\/td>\n<\/tr>\n<tr>\n<td>Lo\u1ea1i<\/td>\n<td>C\u1ea3m bi\u1ebfn quang ph\u00e1t hi\u1ec7n m\u1ee9c ch\u1ea5t l\u1ecfng g\u1eafn \u1ed1ng<\/td>\n<\/tr>\n<tr>\n<td>Ph\u01b0\u01a1ng ph\u00e1p ph\u00e1t hi\u1ec7n<\/td>\n<td>Thu-ph\u00e1t ri\u00eang<\/td>\n<\/tr>\n<tr>\n<td>\u0110\u1ed1i t\u01b0\u1ee3ng ph\u00e1t hi\u1ec7n<\/td>\n<td>Ch\u1ea5t l\u1ecfng trong \u1ed1ng<\/td>\n<\/tr>\n<tr>\n<td>Ngu\u1ed3n s\u00e1ng<\/td>\n<td>H\u1ed3ng ngo\u1ea1i<\/td>\n<\/tr>\n<tr>\n<td>C\u00e0i \u0111\u1eb7t \u0111\u1ed9 nh\u1ea1y<\/td>\n<td>C\u00f3 th\u1ec3 \u0111i\u1ec1u ch\u1ec9nh<\/td>\n<\/tr>\n<tr>\n<td>Ch\u1ebf \u0111\u1ed9 ho\u1ea1t \u0111\u1ed9ng<\/td>\n<td>Dark ON, Light ON<\/td>\n<\/tr>\n<tr>\n<td>Ki\u1ec3u hi\u1ec3n th\u1ecb<\/td>\n<td>Hi\u1ec3n th\u1ecb LED<\/td>\n<\/tr>\n<tr>\n<td>Ch\u1ee9c n\u0103ng<\/td>\n<td>Light-ON\/Dark-ON selectable<\/td>\n<\/tr>\n<tr>\n<td>Truy\u1ec1n th\u00f4ng<\/td>\n<td>Kh\u00f4ng<\/td>\n<\/tr>\n<tr>\n<td>V\u1eadt li\u1ec7u v\u1ecf<\/td>\n<td>Polycarbonate<\/td>\n<\/tr>\n<tr>\n<td>Ph\u01b0\u01a1ng ph\u00e1p l\u1eafp \u0111\u1eb7t<\/td>\n<td>Surface mounting<\/td>\n<\/tr>\n<tr>\n<td>Ph\u01b0\u01a1ng ph\u00e1p k\u1ebft n\u1ed1i<\/td>\n<td>D\u00e2y li\u1ec1n<\/td>\n<\/tr>\n<tr>\n<td>Chi\u1ec1u d\u00e0i c\u00e1p<\/td>\n<td>1m<\/td>\n<\/tr>\n<tr>\n<td>M\u00f4i tr\u01b0\u1eddng ho\u1ea1t \u0111\u1ed9ng<\/td>\n<td>Ti\u00eau chu\u1ea9n<\/td>\n<\/tr>\n<tr>\n<td>Nhi\u1ec7t \u0111\u1ed9 m\u00f4i tr\u01b0\u1eddng<\/td>\n<td>-10\u202655\u00b0C<\/td>\n<\/tr>\n<tr>\n<td>\u0110\u1ed9 \u1ea9m m\u00f4i tr\u01b0\u1eddng<\/td>\n<td>5\u202685%<\/td>\n<\/tr>\n<tr>\n<td>Kh\u1ed1i l\u01b0\u1ee3ng t\u01b0\u01a1ng \u0111\u1ed1i<\/td>\n<td>55g<\/td>\n<\/tr>\n<tr>\n<td>Chi\u1ec1u r\u1ed9ng t\u1ed5ng th\u1ec3<\/td>\n<td>26mm<\/td>\n<\/tr>\n<tr>\n<td>Chi\u1ec1u cao t\u1ed5ng th\u1ec3<\/td>\n<td>16mm<\/td>\n<\/tr>\n<tr>\n<td>Chi\u1ec1u s\u00e2u t\u1ed5ng th\u1ec3<\/td>\n<td>17.2mm<\/td>\n<\/tr>\n<tr>\n<td>C\u1ea5p b\u1ea3o v\u1ec7<\/td>\n<td>IP50<\/td>\n<\/tr>\n<tr>\n<td>Ti\u00eau chu\u1ea9n<\/td>\n<td>CE, UL<\/td>\n<\/tr>\n<\/tbody>\n<\/table>\n<p>&nbsp;<\/p>\n<p>\u0110\u1ea1i l\u00fd OMRON vietnam, OMRON viet nam, OMRON vietnam distributor, Ph\u00e2n ph\u1ed1i OMRON t\u1ea1i vi\u1ec7t nam<\/p>\n<p>\u0110\u1ea1i l\u00fd OMRON vietnam, OMRON viet nam, OMRON vietnam distributor, Ph\u00e2n ph\u1ed1i OMRON t\u1ea1i vi\u1ec7t nam<\/p>\n<p>\u0110\u1ea1i l\u00fd OMRON vietnam, OMRON viet nam, OMRON vietnam distributor, Ph\u00e2n ph\u1ed1i OMRON t\u1ea1i vi\u1ec7t nam<\/p>\n<p>\u0110\u1ea1i l\u00fd OMRON vietnam, OMRON viet nam, OMRON vietnam distributor, Ph\u00e2n ph\u1ed1i OMRON t\u1ea1i vi\u1ec7t nam<\/p>\n<p>\u0110\u1ea1i l\u00fd OMRON vietnam, OMRON viet nam, OMRON vietnam distributor, Ph\u00e2n ph\u1ed1i OMRON t\u1ea1i vi\u1ec7t nam<\/p>\n","protected":false},"excerpt":{"rendered":"<p>OMRON EE-SPX613 C\u1ea3m bi\u1ebfn quang Omron EE-SPX613 1M \u0110\u1eb7c t\u00ednh k\u1ef9 thu\u1eadt &#8211; M\u00e3 h\u00e0ng: EE-SPX613 &#8211; Ph\u01b0\u01a1ng ph\u00e1p \u0111o: tia h\u1ed3ng ngo\u1ea1i (Infrared optical electric device) &#8211; Ng\u00f5 ra: 1 NPN (open collector output) &#8211; T\u1ea3i max 100mA &#8211; Light-ON\/Dark-ON: switch &#8211; Ngu\u1ed3n c\u1ea5p 12-24Vdc (80mA at 24VDC) &#8211;&hellip; <\/p>\n","protected":false},"featured_media":2039,"comment_status":"open","ping_status":"closed","template":"","meta":{"om_disable_all_campaigns":false,"_monsterinsights_skip_tracking":false,"_monsterinsights_sitenote_active":false,"_monsterinsights_sitenote_note":"","_monsterinsights_sitenote_category":0},"product_cat":[15],"product_tag":[88,105,104],"class_list":{"0":"post-2038","1":"product","2":"type-product","3":"status-publish","4":"has-post-thumbnail","6":"product_cat-apex","7":"product_tag-cam-bien","8":"product_tag-dai-ly-omron-viet-nam","9":"product_tag-omron-viet-nam","11":"first","12":"instock","13":"shipping-taxable","14":"product-type-simple"},"aioseo_notices":[],"yoast_head":"<!-- This site is optimized with the Yoast SEO plugin v22.8 - https:\/\/yoast.com\/wordpress\/plugins\/seo\/ -->\n<title>OMRON EE-SPX613 - OMANI VI\u1ec6T NAM<\/title>\n<meta name=\"robots\" content=\"index, follow, max-snippet:-1, max-image-preview:large, max-video-preview:-1\" \/>\n<link rel=\"canonical\" href=\"https:\/\/sipin.com.vn\/index.php\/product\/omron-ee-spx613\/\" \/>\n<meta property=\"og:locale\" content=\"vi_VN\" \/>\n<meta property=\"og:type\" content=\"article\" \/>\n<meta property=\"og:title\" content=\"OMRON EE-SPX613 - OMANI VI\u1ec6T NAM\" \/>\n<meta property=\"og:description\" content=\"OMRON EE-SPX613 C\u1ea3m bi\u1ebfn quang Omron EE-SPX613 1M \u0110\u1eb7c t\u00ednh k\u1ef9 thu\u1eadt &#8211; M\u00e3 h\u00e0ng: EE-SPX613 &#8211; Ph\u01b0\u01a1ng ph\u00e1p \u0111o: tia h\u1ed3ng ngo\u1ea1i (Infrared optical electric device) &#8211; Ng\u00f5 ra: 1 NPN (open collector output) &#8211; T\u1ea3i max 100mA &#8211; Light-ON\/Dark-ON: switch &#8211; Ngu\u1ed3n c\u1ea5p 12-24Vdc (80mA at 24VDC) &#8211;&hellip;\" \/>\n<meta property=\"og:url\" content=\"https:\/\/sipin.com.vn\/index.php\/product\/omron-ee-spx613\/\" \/>\n<meta property=\"og:site_name\" content=\"OMANI VI\u1ec6T NAM\" \/>\n<meta property=\"article:modified_time\" content=\"2024-10-06T14:59:44+00:00\" \/>\n<meta property=\"og:image\" content=\"https:\/\/sipin.com.vn\/wp-content\/uploads\/2024\/10\/EE-SPX613.png\" \/>\n\t<meta property=\"og:image:width\" content=\"435\" \/>\n\t<meta property=\"og:image:height\" content=\"424\" \/>\n\t<meta property=\"og:image:type\" content=\"image\/png\" \/>\n<meta name=\"twitter:card\" content=\"summary_large_image\" \/>\n<meta name=\"twitter:label1\" content=\"\u01af\u1edbc t\u00ednh th\u1eddi gian \u0111\u1ecdc\" \/>\n\t<meta name=\"twitter:data1\" content=\"3 ph\u00fat\" \/>\n<script type=\"application\/ld+json\" class=\"yoast-schema-graph\">{\"@context\":\"https:\/\/schema.org\",\"@graph\":[{\"@type\":\"WebPage\",\"@id\":\"https:\/\/sipin.com.vn\/index.php\/product\/omron-ee-spx613\/\",\"url\":\"https:\/\/sipin.com.vn\/index.php\/product\/omron-ee-spx613\/\",\"name\":\"OMRON EE-SPX613 - OMANI VI\u1ec6T NAM\",\"isPartOf\":{\"@id\":\"https:\/\/sipin.com.vn\/#website\"},\"primaryImageOfPage\":{\"@id\":\"https:\/\/sipin.com.vn\/index.php\/product\/omron-ee-spx613\/#primaryimage\"},\"image\":{\"@id\":\"https:\/\/sipin.com.vn\/index.php\/product\/omron-ee-spx613\/#primaryimage\"},\"thumbnailUrl\":\"https:\/\/sipin.com.vn\/wp-content\/uploads\/2024\/10\/EE-SPX613.png\",\"datePublished\":\"2024-10-06T14:57:49+00:00\",\"dateModified\":\"2024-10-06T14:59:44+00:00\",\"breadcrumb\":{\"@id\":\"https:\/\/sipin.com.vn\/index.php\/product\/omron-ee-spx613\/#breadcrumb\"},\"inLanguage\":\"vi\",\"potentialAction\":[{\"@type\":\"ReadAction\",\"target\":[\"https:\/\/sipin.com.vn\/index.php\/product\/omron-ee-spx613\/\"]}]},{\"@type\":\"ImageObject\",\"inLanguage\":\"vi\",\"@id\":\"https:\/\/sipin.com.vn\/index.php\/product\/omron-ee-spx613\/#primaryimage\",\"url\":\"https:\/\/sipin.com.vn\/wp-content\/uploads\/2024\/10\/EE-SPX613.png\",\"contentUrl\":\"https:\/\/sipin.com.vn\/wp-content\/uploads\/2024\/10\/EE-SPX613.png\",\"width\":435,\"height\":424},{\"@type\":\"BreadcrumbList\",\"@id\":\"https:\/\/sipin.com.vn\/index.php\/product\/omron-ee-spx613\/#breadcrumb\",\"itemListElement\":[{\"@type\":\"ListItem\",\"position\":1,\"name\":\"Home\",\"item\":\"https:\/\/sipin.com.vn\/\"},{\"@type\":\"ListItem\",\"position\":2,\"name\":\"S\u1ea2N PH\u1ea8M\",\"item\":\"https:\/\/sipin.com.vn\/index.php\/cua-hang\/\"},{\"@type\":\"ListItem\",\"position\":3,\"name\":\"OMRON EE-SPX613\"}]},{\"@type\":\"WebSite\",\"@id\":\"https:\/\/sipin.com.vn\/#website\",\"url\":\"https:\/\/sipin.com.vn\/\",\"name\":\"OMANI VI\u1ec6T NAM\",\"description\":\"Nh\u00e0 ph\u00e2n ph\u1ed1i thi\u1ebft b\u1ecb kh\u00ed n\u00e9n v\u00e0 thi\u1ebft b\u1ecb t\u1ef1 \u0111\u1ed9ng h\u00f3a trong c\u00f4ng nghi\u1ec7p\",\"publisher\":{\"@id\":\"https:\/\/sipin.com.vn\/#\/schema\/person\/0ad398a980dc3fd696111c2c5c8fa897\"},\"potentialAction\":[{\"@type\":\"SearchAction\",\"target\":{\"@type\":\"EntryPoint\",\"urlTemplate\":\"https:\/\/sipin.com.vn\/?s={search_term_string}\"},\"query-input\":\"required name=search_term_string\"}],\"inLanguage\":\"vi\"},{\"@type\":[\"Person\",\"Organization\"],\"@id\":\"https:\/\/sipin.com.vn\/#\/schema\/person\/0ad398a980dc3fd696111c2c5c8fa897\",\"name\":\"Nguy\u1ec5n V\u0103n Kh\u00e1nh\",\"image\":{\"@type\":\"ImageObject\",\"inLanguage\":\"vi\",\"@id\":\"https:\/\/sipin.com.vn\/#\/schema\/person\/image\/\",\"url\":\"https:\/\/sipin.com.vn\/wp-content\/uploads\/2024\/06\/logo-1024x1024.png\",\"contentUrl\":\"https:\/\/sipin.com.vn\/wp-content\/uploads\/2024\/06\/logo-1024x1024.png\",\"width\":1024,\"height\":1024,\"caption\":\"Nguy\u1ec5n V\u0103n Kh\u00e1nh\"},\"logo\":{\"@id\":\"https:\/\/sipin.com.vn\/#\/schema\/person\/image\/\"},\"sameAs\":[\"https:\/\/sipin.com.vn\"]}]}<\/script>\n<!-- \/ Yoast SEO plugin. -->","yoast_head_json":{"title":"OMRON EE-SPX613 - OMANI VI\u1ec6T NAM","robots":{"index":"index","follow":"follow","max-snippet":"max-snippet:-1","max-image-preview":"max-image-preview:large","max-video-preview":"max-video-preview:-1"},"canonical":"https:\/\/sipin.com.vn\/index.php\/product\/omron-ee-spx613\/","og_locale":"vi_VN","og_type":"article","og_title":"OMRON EE-SPX613 - OMANI VI\u1ec6T NAM","og_description":"OMRON EE-SPX613 C\u1ea3m bi\u1ebfn quang Omron EE-SPX613 1M \u0110\u1eb7c t\u00ednh k\u1ef9 thu\u1eadt &#8211; M\u00e3 h\u00e0ng: EE-SPX613 &#8211; Ph\u01b0\u01a1ng ph\u00e1p \u0111o: tia h\u1ed3ng ngo\u1ea1i (Infrared optical electric device) &#8211; Ng\u00f5 ra: 1 NPN (open collector output) &#8211; T\u1ea3i max 100mA &#8211; Light-ON\/Dark-ON: switch &#8211; Ngu\u1ed3n c\u1ea5p 12-24Vdc (80mA at 24VDC) &#8211;&hellip;","og_url":"https:\/\/sipin.com.vn\/index.php\/product\/omron-ee-spx613\/","og_site_name":"OMANI VI\u1ec6T NAM","article_modified_time":"2024-10-06T14:59:44+00:00","og_image":[{"width":435,"height":424,"url":"https:\/\/sipin.com.vn\/wp-content\/uploads\/2024\/10\/EE-SPX613.png","type":"image\/png"}],"twitter_card":"summary_large_image","twitter_misc":{"\u01af\u1edbc t\u00ednh th\u1eddi gian \u0111\u1ecdc":"3 ph\u00fat"},"schema":{"@context":"https:\/\/schema.org","@graph":[{"@type":"WebPage","@id":"https:\/\/sipin.com.vn\/index.php\/product\/omron-ee-spx613\/","url":"https:\/\/sipin.com.vn\/index.php\/product\/omron-ee-spx613\/","name":"OMRON EE-SPX613 - OMANI VI\u1ec6T NAM","isPartOf":{"@id":"https:\/\/sipin.com.vn\/#website"},"primaryImageOfPage":{"@id":"https:\/\/sipin.com.vn\/index.php\/product\/omron-ee-spx613\/#primaryimage"},"image":{"@id":"https:\/\/sipin.com.vn\/index.php\/product\/omron-ee-spx613\/#primaryimage"},"thumbnailUrl":"https:\/\/sipin.com.vn\/wp-content\/uploads\/2024\/10\/EE-SPX613.png","datePublished":"2024-10-06T14:57:49+00:00","dateModified":"2024-10-06T14:59:44+00:00","breadcrumb":{"@id":"https:\/\/sipin.com.vn\/index.php\/product\/omron-ee-spx613\/#breadcrumb"},"inLanguage":"vi","potentialAction":[{"@type":"ReadAction","target":["https:\/\/sipin.com.vn\/index.php\/product\/omron-ee-spx613\/"]}]},{"@type":"ImageObject","inLanguage":"vi","@id":"https:\/\/sipin.com.vn\/index.php\/product\/omron-ee-spx613\/#primaryimage","url":"https:\/\/sipin.com.vn\/wp-content\/uploads\/2024\/10\/EE-SPX613.png","contentUrl":"https:\/\/sipin.com.vn\/wp-content\/uploads\/2024\/10\/EE-SPX613.png","width":435,"height":424},{"@type":"BreadcrumbList","@id":"https:\/\/sipin.com.vn\/index.php\/product\/omron-ee-spx613\/#breadcrumb","itemListElement":[{"@type":"ListItem","position":1,"name":"Home","item":"https:\/\/sipin.com.vn\/"},{"@type":"ListItem","position":2,"name":"S\u1ea2N PH\u1ea8M","item":"https:\/\/sipin.com.vn\/index.php\/cua-hang\/"},{"@type":"ListItem","position":3,"name":"OMRON EE-SPX613"}]},{"@type":"WebSite","@id":"https:\/\/sipin.com.vn\/#website","url":"https:\/\/sipin.com.vn\/","name":"OMANI VI\u1ec6T NAM","description":"Nh\u00e0 ph\u00e2n ph\u1ed1i thi\u1ebft b\u1ecb kh\u00ed n\u00e9n v\u00e0 thi\u1ebft b\u1ecb t\u1ef1 \u0111\u1ed9ng h\u00f3a trong c\u00f4ng nghi\u1ec7p","publisher":{"@id":"https:\/\/sipin.com.vn\/#\/schema\/person\/0ad398a980dc3fd696111c2c5c8fa897"},"potentialAction":[{"@type":"SearchAction","target":{"@type":"EntryPoint","urlTemplate":"https:\/\/sipin.com.vn\/?s={search_term_string}"},"query-input":"required name=search_term_string"}],"inLanguage":"vi"},{"@type":["Person","Organization"],"@id":"https:\/\/sipin.com.vn\/#\/schema\/person\/0ad398a980dc3fd696111c2c5c8fa897","name":"Nguy\u1ec5n V\u0103n Kh\u00e1nh","image":{"@type":"ImageObject","inLanguage":"vi","@id":"https:\/\/sipin.com.vn\/#\/schema\/person\/image\/","url":"https:\/\/sipin.com.vn\/wp-content\/uploads\/2024\/06\/logo-1024x1024.png","contentUrl":"https:\/\/sipin.com.vn\/wp-content\/uploads\/2024\/06\/logo-1024x1024.png","width":1024,"height":1024,"caption":"Nguy\u1ec5n V\u0103n Kh\u00e1nh"},"logo":{"@id":"https:\/\/sipin.com.vn\/#\/schema\/person\/image\/"},"sameAs":["https:\/\/sipin.com.vn"]}]}},"_links":{"self":[{"href":"https:\/\/sipin.com.vn\/index.php\/wp-json\/wp\/v2\/product\/2038","targetHints":{"allow":["GET"]}}],"collection":[{"href":"https:\/\/sipin.com.vn\/index.php\/wp-json\/wp\/v2\/product"}],"about":[{"href":"https:\/\/sipin.com.vn\/index.php\/wp-json\/wp\/v2\/types\/product"}],"replies":[{"embeddable":true,"href":"https:\/\/sipin.com.vn\/index.php\/wp-json\/wp\/v2\/comments?post=2038"}],"wp:featuredmedia":[{"embeddable":true,"href":"https:\/\/sipin.com.vn\/index.php\/wp-json\/wp\/v2\/media\/2039"}],"wp:attachment":[{"href":"https:\/\/sipin.com.vn\/index.php\/wp-json\/wp\/v2\/media?parent=2038"}],"wp:term":[{"taxonomy":"product_cat","embeddable":true,"href":"https:\/\/sipin.com.vn\/index.php\/wp-json\/wp\/v2\/product_cat?post=2038"},{"taxonomy":"product_tag","embeddable":true,"href":"https:\/\/sipin.com.vn\/index.php\/wp-json\/wp\/v2\/product_tag?post=2038"}],"curies":[{"name":"wp","href":"https:\/\/api.w.org\/{rel}","templated":true}]}}