{"id":1918,"date":"2024-09-29T14:45:47","date_gmt":"2024-09-29T07:45:47","guid":{"rendered":"https:\/\/omanivietnam.com\/?post_type=product&#038;p=1918"},"modified":"2024-09-29T14:49:38","modified_gmt":"2024-09-29T07:49:38","slug":"honeywell-c7035a1023","status":"publish","type":"product","link":"https:\/\/sipin.com.vn\/index.php\/product\/honeywell-c7035a1023\/","title":{"rendered":"HONEYWELL C7035A1023"},"content":{"rendered":"<p>HONEYWELL C7035A1023<\/p>\n<div class=\"overview\">M\u00e1y d\u00f2 ng\u1ecdn l\u1eeda nh\u1ecf g\u1ecdn \u0111\u1ec3 s\u1eed d\u1ee5ng v\u1edbi \u0111i\u1ec1u khi\u1ec3n b\u1ea3o v\u1ec7 ng\u1ecdn l\u1eeda v\u1edbi b\u1ed9 khu\u1ebfch \u0111\u1ea1i tia c\u1ef1c t\u00edm.<\/div>\n<div class=\"features\">\n<p><strong>T\u00ednh n\u0103ng, \u0111\u1eb7c \u0111i\u1ec3m<\/strong><\/p>\n<ul>\n<li>S\u1eed d\u1ee5ng v\u1edbi Honeywell Flame B\u1ea3o v\u1ec7 c\u00e1c \u0111i\u1ec1u khi\u1ec3n an to\u00e0n ch\u00ednh v\u00e0 \u0111\u1ea7u \u0111\u1ed1t y\u00eau c\u1ea7u ph\u00e1t hi\u1ec7n ng\u1ecdn l\u1eeda c\u1ef1c t\u00edm.<\/li>\n<li>G\u1eafn k\u1ebft tr\u00ean m\u1ed9t \u1ed1ng ng\u1eafm nh\u00ecn th\u1ea5y b\u1eb1ng c\u00e1ch s\u1eed d\u1ee5ng m\u1ed9t c\u1ed5 \u00e1o kh\u00f4ng th\u1ec3 thi\u1ebfu.<\/li>\n<li>B\u1ea3o v\u1ec7 \u1ed1ng c\u1ea3m bi\u1ebfn b\u1eb1ng khi\u00ean.<\/li>\n<li>\u0110\u00e1p \u1ee9ng y\u00eau c\u1ea7u ch\u1eb7t ch\u1ebd ngo\u00e0i tr\u1eddi c\u1ee7a Underwriters Laboratories Inc., NEMA 4 v\u00e0 NEMA 4X.<\/li>\n<li>D\u00e2y \u0111i\u1ec7n song song cho c\u00e1c \u1ee9ng d\u1ee5ng nh\u00ecn th\u1ea5y kh\u00f3 kh\u0103n.<\/li>\n<li>Seals ch\u1ed1ng l\u1ea1i \u00e1p l\u1ef1c cao nh\u01b0 5 psi (34,5 kPa) khi c\u00e0i \u0111\u1eb7t \u0111\u00fang.<\/li>\n<li>\u1ed0ng c\u1ea3m bi\u1ebfn tia c\u1ef1c t\u00edm c\u00f3 th\u1ec3 thay th\u1ebf tr\u01b0\u1eddng.<\/li>\n<\/ul>\n<\/div>\n<div class=\"specs\">\n<p><strong>Th\u00f4ng s\u1ed1 s\u1ea3n ph\u1ea9m<\/strong><\/p>\n<p>\u1ee8ng d\u1ee5ng<br \/>\nL\u00f2 \u0111\u1ed1t than;\u00a0\u0110\u1ea7u \u0111\u1ed1t gas;\u00a0\u0110\u1ea7u \u0111\u1ed1t d\u1ea7u<br \/>\nK\u00edch th\u01b0\u1edbc (in.)<br \/>\n\u0110\u01b0\u1eddng k\u00ednh 1 1\/2 in x d\u00e0i 4 1\/8 in<br \/>\nK\u00edch th\u01b0\u1edbc (mm)<br \/>\n\u0110\u01b0\u1eddng k\u00ednh 38 mm x 105 mm d\u00e0i<br \/>\n\u0110\u01b0\u1ee3c s\u1eed d\u1ee5ng v\u1edbi<br \/>\nB\u1ed9 khu\u1ebfch \u0111\u1ea1i l\u1eeda: R7249A, B, R7849A, B, R7749B, R7259, R7290<br \/>\nTr\u1ecdng l\u01b0\u1ee3ng (lb)<br \/>\n6 oz<br \/>\nTr\u1ecdng l\u01b0\u1ee3ng (kg)<br \/>\n0,17 kg<br \/>\nB\u00ecnh lu\u1eadn<br \/>\nPh\u00e1t hi\u1ec7n b\u1ee9c x\u1ea1 c\u1ef1c t\u00edm trong ng\u1ecdn l\u1eeda<br \/>\nG\u1eafn k\u1ebft<br \/>\nH\u1ea1t t\u00edch ph\u00e2n cho 1 trong.<br \/>\nPh\u00ea duy\u1ec7t, Underwriters Laboratories Inc.<br \/>\nLi\u1ec7t k\u00ea: T\u1ec7p s\u1ed1 MP268, H\u01b0\u1edbng d\u1eabn s\u1ed1 MCCZ<br \/>\nPh\u00ea duy\u1ec7t, Hi\u1ec7p h\u1ed9i ti\u00eau chu\u1ea9n Canada<br \/>\n\u0110\u01b0\u1ee3c ch\u1ee9ng nh\u1eadn: B\u00e1o c\u00e1o ch\u00ednh LR95329-1<br \/>\nK\u1ebft n\u1ed1i \u0111i\u1ec7n<br \/>\n2 D\u00e2y d\u1eabn NEC L\u1edbp 1<br \/>\nRung \u0111\u1ed9ng<br \/>\nT\u1ed1i \u0111a 0,5 G<br \/>\nPh\u00ea duy\u1ec7t, Swiss RE<br \/>\nC\u00f3 th\u1ec3 ch\u1ea5p nh\u1eadn<br \/>\nPh\u00ea duy\u1ec7t, Nh\u00e0 m\u00e1y Mutual<br \/>\nPh\u00ea duy\u1ec7t: B\u00e1o c\u00e1o s\u1ed1 24181.03<br \/>\nPh\u1ea1m vi nhi\u1ec7t \u0111\u1ed9 m\u00f4i tr\u01b0\u1eddng xung quanh (F)<br \/>\n0 F \u0111\u1ebfn 250 F<br \/>\nPh\u1ea1m vi nhi\u1ec7t \u0111\u1ed9 m\u00f4i tr\u01b0\u1eddng xung quanh (C)<br \/>\n-18 C \u0111\u1ebfn +121 C<br \/>\nX\u1ebfp h\u1ea1ng NEMA<br \/>\nNEMA 3 v\u00e0 NEMA 4<br \/>\n\u0110\u1ed9 d\u00e0i ch\u00ec (in.)<br \/>\n72 in<br \/>\nChi\u1ec1u d\u00e0i ch\u00ec (mm)<br \/>\n1829 mm<\/p>\n<\/div>\n<div><\/div>\n<div>\n<p><strong>Th\u00f4ng s\u1ed1 k\u1ef9 thu\u1eadt Honeywell C7035A1023<\/strong><\/p>\n<table>\n<tbody>\n<tr>\n<td width=\"312\">Application<\/td>\n<td width=\"312\">Coal fired burners; Gas fired burners; Oil fired burners<\/td>\n<\/tr>\n<tr>\n<td width=\"312\">Dimensions (in.)<\/td>\n<td width=\"312\">1 1\/2 in. diameter x 4 1\/8 in. long<\/td>\n<\/tr>\n<tr>\n<td width=\"312\">Used With<\/td>\n<td width=\"312\">Flame Amplifiers: R7249A, B, R7849A, B, R7749B, R7259, R7290<\/td>\n<\/tr>\n<tr>\n<td width=\"312\">Weight (lb)<\/td>\n<td width=\"312\">6 oz<\/td>\n<\/tr>\n<tr>\n<td width=\"312\">Comments<\/td>\n<td width=\"312\">Detects ultraviolet radiation in flames<\/td>\n<\/tr>\n<tr>\n<td width=\"312\">Mounting<\/td>\n<td width=\"312\">Integral nut for 1 in. sighting pipe.<\/td>\n<\/tr>\n<tr>\n<td width=\"312\">Approvals, Underwriters Laboratories Inc.<\/td>\n<td width=\"312\">Listed: File No. MP268, Guide No. MCCZ<\/td>\n<\/tr>\n<tr>\n<td width=\"312\">Approvals, Canadian Standards Association<\/td>\n<td width=\"312\">Certified: Master Report LR95329-1<\/td>\n<\/tr>\n<tr>\n<td width=\"312\">Electrical Connections<\/td>\n<td width=\"312\">2 NEC Class 1 lead wires<\/td>\n<\/tr>\n<tr>\n<td width=\"312\">Vibration<\/td>\n<td width=\"312\">5 G max<\/td>\n<\/tr>\n<tr>\n<td width=\"312\">Approvals, Swiss RE<\/td>\n<td width=\"312\">Acceptable<\/td>\n<\/tr>\n<tr>\n<td width=\"312\">Approvals, Factory Mutual<\/td>\n<td width=\"312\">Approved: Report No. 24181.03<\/td>\n<\/tr>\n<tr>\n<td width=\"312\">Ambient Temperature Range (F)<\/td>\n<td width=\"312\">0 F to 250 F<\/td>\n<\/tr>\n<tr>\n<td width=\"312\">NEMA Rating<\/td>\n<td width=\"312\">NEMA 3 and NEMA 4<\/td>\n<\/tr>\n<tr>\n<td width=\"312\">Lead Length (in.)<\/td>\n<td width=\"312\">72 in.<\/td>\n<\/tr>\n<tr>\n<td width=\"312\">Lead Length (mm)<\/td>\n<td width=\"312\">1829 mm<\/td>\n<\/tr>\n<\/tbody>\n<\/table>\n<p>M\u1ed9t s\u1ed1 d\u00f2ng c\u1ea3m bi\u1ebfn Honeywell:<\/p>\n<table border=\"0\" cellspacing=\"0\" cellpadding=\"0\">\n<colgroup>\n<col width=\"115\" \/><\/colgroup>\n<tbody>\n<tr>\n<td width=\"115\" height=\"19\"><span data-spm-anchor-id=\"a261y.7663282.descBanner.i3.295ce644hcvzdN\">C7012A1145<\/span><\/td>\n<\/tr>\n<tr>\n<td height=\"19\">C7012A1152<\/td>\n<\/tr>\n<tr>\n<td height=\"19\">C7012A1160<\/td>\n<\/tr>\n<tr>\n<td height=\"19\">C7012A1186<\/td>\n<\/tr>\n<tr>\n<td height=\"19\">C7012A1194<\/td>\n<\/tr>\n<tr>\n<td height=\"19\">C7012C1042<\/td>\n<\/tr>\n<tr>\n<td height=\"19\">C7012E1104<\/td>\n<\/tr>\n<tr>\n<td height=\"19\">C7012E1112<\/td>\n<\/tr>\n<tr>\n<td height=\"19\">C7012E1120<\/td>\n<\/tr>\n<tr>\n<td height=\"19\">C7012E1146<\/td>\n<\/tr>\n<tr>\n<td height=\"19\">C7012E1153<\/td>\n<\/tr>\n<tr>\n<td height=\"19\">C7012E1161<\/td>\n<\/tr>\n<tr>\n<td height=\"19\">C7012E1278<\/td>\n<\/tr>\n<tr>\n<td height=\"19\">C7012F1052<\/td>\n<\/tr>\n<tr>\n<td height=\"19\">C7027A1023<\/td>\n<\/tr>\n<tr>\n<td height=\"19\">C7027A1031<\/td>\n<\/tr>\n<tr>\n<td height=\"19\">C7027A1049<\/td>\n<\/tr>\n<tr>\n<td height=\"19\">C7027A1056<\/td>\n<\/tr>\n<tr>\n<td height=\"19\">C7027A1064<\/td>\n<\/tr>\n<tr>\n<td height=\"19\">C7027A1072<\/td>\n<\/tr>\n<tr>\n<td height=\"19\">C7027A1080<\/td>\n<\/tr>\n<tr>\n<td height=\"19\">C7027A1098<\/td>\n<\/tr>\n<tr>\n<td height=\"19\">C7035A1023<\/td>\n<\/tr>\n<tr>\n<td height=\"19\">C7035A1031<\/td>\n<\/tr>\n<tr>\n<td height=\"19\">C7035A1056<\/td>\n<\/tr>\n<tr>\n<td height=\"19\">C7035A1064<\/td>\n<\/tr>\n<tr>\n<td height=\"19\">C7035A1080<\/td>\n<\/tr>\n<\/tbody>\n<\/table>\n<\/div>\n<p>\u0110\u1ea1i l\u00fd HONEYWELL vietnam, HONEYWELL viet nam, HONEYWELL vietnam distributor, Ph\u00e2n ph\u1ed1i HONEYWELL t\u1ea1i vi\u1ec7t nam<\/p>\n<p>\u0110\u1ea1i l\u00fd HONEYWELL vietnam, HONEYWELL viet nam, HONEYWELL vietnam distributor, Ph\u00e2n ph\u1ed1i HONEYWELL t\u1ea1i vi\u1ec7t nam<\/p>\n<p>\u0110\u1ea1i l\u00fd HONEYWELL vietnam, HONEYWELL viet nam, HONEYWELL vietnam distributor, Ph\u00e2n ph\u1ed1i HONEYWELL t\u1ea1i vi\u1ec7t nam<\/p>\n<p>\u0110\u1ea1i l\u00fd HONEYWELL vietnam, HONEYWELL viet nam, HONEYWELL vietnam distributor, Ph\u00e2n ph\u1ed1i HONEYWELL t\u1ea1i vi\u1ec7t nam<\/p>\n<p>\u0110\u1ea1i l\u00fd HONEYWELL vietnam, HONEYWELL viet nam, HONEYWELL vietnam distributor, Ph\u00e2n ph\u1ed1i HONEYWELL t\u1ea1i vi\u1ec7t nam<\/p>\n","protected":false},"excerpt":{"rendered":"<p>HONEYWELL C7035A1023 M\u00e1y d\u00f2 ng\u1ecdn l\u1eeda nh\u1ecf g\u1ecdn \u0111\u1ec3 s\u1eed d\u1ee5ng v\u1edbi \u0111i\u1ec1u khi\u1ec3n b\u1ea3o v\u1ec7 ng\u1ecdn l\u1eeda v\u1edbi b\u1ed9 khu\u1ebfch \u0111\u1ea1i tia c\u1ef1c t\u00edm. T\u00ednh n\u0103ng, \u0111\u1eb7c \u0111i\u1ec3m S\u1eed d\u1ee5ng v\u1edbi Honeywell Flame B\u1ea3o v\u1ec7 c\u00e1c \u0111i\u1ec1u khi\u1ec3n an to\u00e0n ch\u00ednh v\u00e0 \u0111\u1ea7u \u0111\u1ed1t y\u00eau c\u1ea7u ph\u00e1t hi\u1ec7n ng\u1ecdn&hellip; <\/p>\n","protected":false},"featured_media":1919,"comment_status":"open","ping_status":"closed","template":"","meta":{"om_disable_all_campaigns":false,"_monsterinsights_skip_tracking":false,"_monsterinsights_sitenote_active":false,"_monsterinsights_sitenote_note":"","_monsterinsights_sitenote_category":0},"product_cat":[15],"product_tag":[88,196,195],"class_list":{"0":"post-1918","1":"product","2":"type-product","3":"status-publish","4":"has-post-thumbnail","6":"product_cat-apex","7":"product_tag-cam-bien","8":"product_tag-dai-ly-honeywell-viet-nam","9":"product_tag-honeywell-viet-nam","11":"first","12":"instock","13":"shipping-taxable","14":"product-type-simple"},"aioseo_notices":[],"yoast_head":"<!-- This site is optimized with the Yoast SEO plugin v22.8 - https:\/\/yoast.com\/wordpress\/plugins\/seo\/ -->\n<title>HONEYWELL C7035A1023 - OMANI VI\u1ec6T NAM<\/title>\n<meta name=\"robots\" content=\"index, follow, max-snippet:-1, max-image-preview:large, max-video-preview:-1\" \/>\n<link rel=\"canonical\" href=\"https:\/\/sipin.com.vn\/index.php\/product\/honeywell-c7035a1023\/\" \/>\n<meta property=\"og:locale\" content=\"vi_VN\" \/>\n<meta property=\"og:type\" content=\"article\" \/>\n<meta property=\"og:title\" content=\"HONEYWELL C7035A1023 - OMANI VI\u1ec6T NAM\" \/>\n<meta property=\"og:description\" content=\"HONEYWELL C7035A1023 M\u00e1y d\u00f2 ng\u1ecdn l\u1eeda nh\u1ecf g\u1ecdn \u0111\u1ec3 s\u1eed d\u1ee5ng v\u1edbi \u0111i\u1ec1u khi\u1ec3n b\u1ea3o v\u1ec7 ng\u1ecdn l\u1eeda v\u1edbi b\u1ed9 khu\u1ebfch \u0111\u1ea1i tia c\u1ef1c t\u00edm. T\u00ednh n\u0103ng, \u0111\u1eb7c \u0111i\u1ec3m S\u1eed d\u1ee5ng v\u1edbi Honeywell Flame B\u1ea3o v\u1ec7 c\u00e1c \u0111i\u1ec1u khi\u1ec3n an to\u00e0n ch\u00ednh v\u00e0 \u0111\u1ea7u \u0111\u1ed1t y\u00eau c\u1ea7u ph\u00e1t hi\u1ec7n ng\u1ecdn&hellip;\" \/>\n<meta property=\"og:url\" content=\"https:\/\/sipin.com.vn\/index.php\/product\/honeywell-c7035a1023\/\" \/>\n<meta property=\"og:site_name\" content=\"OMANI VI\u1ec6T NAM\" \/>\n<meta property=\"article:modified_time\" content=\"2024-09-29T07:49:38+00:00\" \/>\n<meta property=\"og:image\" content=\"https:\/\/sipin.com.vn\/wp-content\/uploads\/2024\/09\/C7035A1023.png\" \/>\n\t<meta property=\"og:image:width\" content=\"659\" \/>\n\t<meta property=\"og:image:height\" content=\"502\" \/>\n\t<meta property=\"og:image:type\" content=\"image\/png\" \/>\n<meta name=\"twitter:card\" content=\"summary_large_image\" \/>\n<meta name=\"twitter:label1\" content=\"\u01af\u1edbc t\u00ednh th\u1eddi gian \u0111\u1ecdc\" \/>\n\t<meta name=\"twitter:data1\" content=\"4 ph\u00fat\" \/>\n<script type=\"application\/ld+json\" class=\"yoast-schema-graph\">{\"@context\":\"https:\/\/schema.org\",\"@graph\":[{\"@type\":\"WebPage\",\"@id\":\"https:\/\/sipin.com.vn\/index.php\/product\/honeywell-c7035a1023\/\",\"url\":\"https:\/\/sipin.com.vn\/index.php\/product\/honeywell-c7035a1023\/\",\"name\":\"HONEYWELL C7035A1023 - OMANI VI\u1ec6T NAM\",\"isPartOf\":{\"@id\":\"https:\/\/sipin.com.vn\/#website\"},\"primaryImageOfPage\":{\"@id\":\"https:\/\/sipin.com.vn\/index.php\/product\/honeywell-c7035a1023\/#primaryimage\"},\"image\":{\"@id\":\"https:\/\/sipin.com.vn\/index.php\/product\/honeywell-c7035a1023\/#primaryimage\"},\"thumbnailUrl\":\"https:\/\/sipin.com.vn\/wp-content\/uploads\/2024\/09\/C7035A1023.png\",\"datePublished\":\"2024-09-29T07:45:47+00:00\",\"dateModified\":\"2024-09-29T07:49:38+00:00\",\"breadcrumb\":{\"@id\":\"https:\/\/sipin.com.vn\/index.php\/product\/honeywell-c7035a1023\/#breadcrumb\"},\"inLanguage\":\"vi\",\"potentialAction\":[{\"@type\":\"ReadAction\",\"target\":[\"https:\/\/sipin.com.vn\/index.php\/product\/honeywell-c7035a1023\/\"]}]},{\"@type\":\"ImageObject\",\"inLanguage\":\"vi\",\"@id\":\"https:\/\/sipin.com.vn\/index.php\/product\/honeywell-c7035a1023\/#primaryimage\",\"url\":\"https:\/\/sipin.com.vn\/wp-content\/uploads\/2024\/09\/C7035A1023.png\",\"contentUrl\":\"https:\/\/sipin.com.vn\/wp-content\/uploads\/2024\/09\/C7035A1023.png\",\"width\":659,\"height\":502},{\"@type\":\"BreadcrumbList\",\"@id\":\"https:\/\/sipin.com.vn\/index.php\/product\/honeywell-c7035a1023\/#breadcrumb\",\"itemListElement\":[{\"@type\":\"ListItem\",\"position\":1,\"name\":\"Home\",\"item\":\"https:\/\/sipin.com.vn\/\"},{\"@type\":\"ListItem\",\"position\":2,\"name\":\"S\u1ea2N PH\u1ea8M\",\"item\":\"https:\/\/sipin.com.vn\/index.php\/cua-hang\/\"},{\"@type\":\"ListItem\",\"position\":3,\"name\":\"HONEYWELL C7035A1023\"}]},{\"@type\":\"WebSite\",\"@id\":\"https:\/\/sipin.com.vn\/#website\",\"url\":\"https:\/\/sipin.com.vn\/\",\"name\":\"OMANI VI\u1ec6T NAM\",\"description\":\"Nh\u00e0 ph\u00e2n ph\u1ed1i thi\u1ebft b\u1ecb kh\u00ed n\u00e9n v\u00e0 thi\u1ebft b\u1ecb t\u1ef1 \u0111\u1ed9ng h\u00f3a trong c\u00f4ng nghi\u1ec7p\",\"publisher\":{\"@id\":\"https:\/\/sipin.com.vn\/#\/schema\/person\/0ad398a980dc3fd696111c2c5c8fa897\"},\"potentialAction\":[{\"@type\":\"SearchAction\",\"target\":{\"@type\":\"EntryPoint\",\"urlTemplate\":\"https:\/\/sipin.com.vn\/?s={search_term_string}\"},\"query-input\":\"required name=search_term_string\"}],\"inLanguage\":\"vi\"},{\"@type\":[\"Person\",\"Organization\"],\"@id\":\"https:\/\/sipin.com.vn\/#\/schema\/person\/0ad398a980dc3fd696111c2c5c8fa897\",\"name\":\"Nguy\u1ec5n V\u0103n Kh\u00e1nh\",\"image\":{\"@type\":\"ImageObject\",\"inLanguage\":\"vi\",\"@id\":\"https:\/\/sipin.com.vn\/#\/schema\/person\/image\/\",\"url\":\"https:\/\/sipin.com.vn\/wp-content\/uploads\/2024\/06\/logo-1024x1024.png\",\"contentUrl\":\"https:\/\/sipin.com.vn\/wp-content\/uploads\/2024\/06\/logo-1024x1024.png\",\"width\":1024,\"height\":1024,\"caption\":\"Nguy\u1ec5n V\u0103n Kh\u00e1nh\"},\"logo\":{\"@id\":\"https:\/\/sipin.com.vn\/#\/schema\/person\/image\/\"},\"sameAs\":[\"https:\/\/sipin.com.vn\"]}]}<\/script>\n<!-- \/ Yoast SEO plugin. -->","yoast_head_json":{"title":"HONEYWELL C7035A1023 - OMANI VI\u1ec6T NAM","robots":{"index":"index","follow":"follow","max-snippet":"max-snippet:-1","max-image-preview":"max-image-preview:large","max-video-preview":"max-video-preview:-1"},"canonical":"https:\/\/sipin.com.vn\/index.php\/product\/honeywell-c7035a1023\/","og_locale":"vi_VN","og_type":"article","og_title":"HONEYWELL C7035A1023 - OMANI VI\u1ec6T NAM","og_description":"HONEYWELL C7035A1023 M\u00e1y d\u00f2 ng\u1ecdn l\u1eeda nh\u1ecf g\u1ecdn \u0111\u1ec3 s\u1eed d\u1ee5ng v\u1edbi \u0111i\u1ec1u khi\u1ec3n b\u1ea3o v\u1ec7 ng\u1ecdn l\u1eeda v\u1edbi b\u1ed9 khu\u1ebfch \u0111\u1ea1i tia c\u1ef1c t\u00edm. T\u00ednh n\u0103ng, \u0111\u1eb7c \u0111i\u1ec3m S\u1eed d\u1ee5ng v\u1edbi Honeywell Flame B\u1ea3o v\u1ec7 c\u00e1c \u0111i\u1ec1u khi\u1ec3n an to\u00e0n ch\u00ednh v\u00e0 \u0111\u1ea7u \u0111\u1ed1t y\u00eau c\u1ea7u ph\u00e1t hi\u1ec7n ng\u1ecdn&hellip;","og_url":"https:\/\/sipin.com.vn\/index.php\/product\/honeywell-c7035a1023\/","og_site_name":"OMANI VI\u1ec6T NAM","article_modified_time":"2024-09-29T07:49:38+00:00","og_image":[{"width":659,"height":502,"url":"https:\/\/sipin.com.vn\/wp-content\/uploads\/2024\/09\/C7035A1023.png","type":"image\/png"}],"twitter_card":"summary_large_image","twitter_misc":{"\u01af\u1edbc t\u00ednh th\u1eddi gian \u0111\u1ecdc":"4 ph\u00fat"},"schema":{"@context":"https:\/\/schema.org","@graph":[{"@type":"WebPage","@id":"https:\/\/sipin.com.vn\/index.php\/product\/honeywell-c7035a1023\/","url":"https:\/\/sipin.com.vn\/index.php\/product\/honeywell-c7035a1023\/","name":"HONEYWELL C7035A1023 - OMANI VI\u1ec6T NAM","isPartOf":{"@id":"https:\/\/sipin.com.vn\/#website"},"primaryImageOfPage":{"@id":"https:\/\/sipin.com.vn\/index.php\/product\/honeywell-c7035a1023\/#primaryimage"},"image":{"@id":"https:\/\/sipin.com.vn\/index.php\/product\/honeywell-c7035a1023\/#primaryimage"},"thumbnailUrl":"https:\/\/sipin.com.vn\/wp-content\/uploads\/2024\/09\/C7035A1023.png","datePublished":"2024-09-29T07:45:47+00:00","dateModified":"2024-09-29T07:49:38+00:00","breadcrumb":{"@id":"https:\/\/sipin.com.vn\/index.php\/product\/honeywell-c7035a1023\/#breadcrumb"},"inLanguage":"vi","potentialAction":[{"@type":"ReadAction","target":["https:\/\/sipin.com.vn\/index.php\/product\/honeywell-c7035a1023\/"]}]},{"@type":"ImageObject","inLanguage":"vi","@id":"https:\/\/sipin.com.vn\/index.php\/product\/honeywell-c7035a1023\/#primaryimage","url":"https:\/\/sipin.com.vn\/wp-content\/uploads\/2024\/09\/C7035A1023.png","contentUrl":"https:\/\/sipin.com.vn\/wp-content\/uploads\/2024\/09\/C7035A1023.png","width":659,"height":502},{"@type":"BreadcrumbList","@id":"https:\/\/sipin.com.vn\/index.php\/product\/honeywell-c7035a1023\/#breadcrumb","itemListElement":[{"@type":"ListItem","position":1,"name":"Home","item":"https:\/\/sipin.com.vn\/"},{"@type":"ListItem","position":2,"name":"S\u1ea2N PH\u1ea8M","item":"https:\/\/sipin.com.vn\/index.php\/cua-hang\/"},{"@type":"ListItem","position":3,"name":"HONEYWELL C7035A1023"}]},{"@type":"WebSite","@id":"https:\/\/sipin.com.vn\/#website","url":"https:\/\/sipin.com.vn\/","name":"OMANI VI\u1ec6T NAM","description":"Nh\u00e0 ph\u00e2n ph\u1ed1i thi\u1ebft b\u1ecb kh\u00ed n\u00e9n v\u00e0 thi\u1ebft b\u1ecb t\u1ef1 \u0111\u1ed9ng h\u00f3a trong c\u00f4ng nghi\u1ec7p","publisher":{"@id":"https:\/\/sipin.com.vn\/#\/schema\/person\/0ad398a980dc3fd696111c2c5c8fa897"},"potentialAction":[{"@type":"SearchAction","target":{"@type":"EntryPoint","urlTemplate":"https:\/\/sipin.com.vn\/?s={search_term_string}"},"query-input":"required name=search_term_string"}],"inLanguage":"vi"},{"@type":["Person","Organization"],"@id":"https:\/\/sipin.com.vn\/#\/schema\/person\/0ad398a980dc3fd696111c2c5c8fa897","name":"Nguy\u1ec5n V\u0103n Kh\u00e1nh","image":{"@type":"ImageObject","inLanguage":"vi","@id":"https:\/\/sipin.com.vn\/#\/schema\/person\/image\/","url":"https:\/\/sipin.com.vn\/wp-content\/uploads\/2024\/06\/logo-1024x1024.png","contentUrl":"https:\/\/sipin.com.vn\/wp-content\/uploads\/2024\/06\/logo-1024x1024.png","width":1024,"height":1024,"caption":"Nguy\u1ec5n V\u0103n Kh\u00e1nh"},"logo":{"@id":"https:\/\/sipin.com.vn\/#\/schema\/person\/image\/"},"sameAs":["https:\/\/sipin.com.vn"]}]}},"_links":{"self":[{"href":"https:\/\/sipin.com.vn\/index.php\/wp-json\/wp\/v2\/product\/1918","targetHints":{"allow":["GET"]}}],"collection":[{"href":"https:\/\/sipin.com.vn\/index.php\/wp-json\/wp\/v2\/product"}],"about":[{"href":"https:\/\/sipin.com.vn\/index.php\/wp-json\/wp\/v2\/types\/product"}],"replies":[{"embeddable":true,"href":"https:\/\/sipin.com.vn\/index.php\/wp-json\/wp\/v2\/comments?post=1918"}],"wp:featuredmedia":[{"embeddable":true,"href":"https:\/\/sipin.com.vn\/index.php\/wp-json\/wp\/v2\/media\/1919"}],"wp:attachment":[{"href":"https:\/\/sipin.com.vn\/index.php\/wp-json\/wp\/v2\/media?parent=1918"}],"wp:term":[{"taxonomy":"product_cat","embeddable":true,"href":"https:\/\/sipin.com.vn\/index.php\/wp-json\/wp\/v2\/product_cat?post=1918"},{"taxonomy":"product_tag","embeddable":true,"href":"https:\/\/sipin.com.vn\/index.php\/wp-json\/wp\/v2\/product_tag?post=1918"}],"curies":[{"name":"wp","href":"https:\/\/api.w.org\/{rel}","templated":true}]}}