{"id":1632,"date":"2024-08-31T15:03:56","date_gmt":"2024-08-31T08:03:56","guid":{"rendered":"https:\/\/omanivietnam.com\/?post_type=product&#038;p=1632"},"modified":"2024-08-31T15:05:19","modified_gmt":"2024-08-31T08:05:19","slug":"ina-ir12x15x12-xl","status":"publish","type":"product","link":"https:\/\/sipin.com.vn\/index.php\/product\/ina-ir12x15x12-xl\/","title":{"rendered":"INA IR12X15X12-XL"},"content":{"rendered":"<div class=\"scha__product-designation scha__product-designation--set-color\">\n<p data-test-id=\"product-designation\">INA IR12X15X12-XL<\/p>\n<p class=\"f-28 scha__product-designation__label\" data-test-id=\"product-designation\">IR12X15X12-XL<\/p>\n<\/div>\n<p class=\"m-h1 m-adaptive-product__title\">Inner rings IR, precision machined, (IR12X15X12-XL)<\/p>\n<p class=\"scha__pdp__short-description\" data-test-id=\"pdp-short-description\">Inner ring<\/p>\n<p class=\"scha__pdp__long-description\" data-test-id=\"pdp-long-description\">Inner ring IR..-XL, cylindrical<\/p>\n<div class=\"_title_1eqbb_32\">Main Dimensions &amp; Performance Data<\/div>\n<div class=\"_tableContainer_1eqbb_15\">\n<table class=\"_table_1eqbb_15 _tableStripes_1eqbb_120\">\n<tbody>\n<tr class=\"_bodyRow_1eqbb_117\">\n<td class=\"_bodyCell_1eqbb_29\">d<\/td>\n<td class=\"_bodyCell_1eqbb_29\">\n<div>12\u00a0mm<\/div>\n<\/td>\n<td class=\"_bodyCell_1eqbb_29\">Bore diameter<\/td>\n<\/tr>\n<tr class=\"_bodyRow_1eqbb_117 _evenRow_1eqbb_120\">\n<td class=\"_bodyCell_1eqbb_29\">F<\/td>\n<td class=\"_bodyCell_1eqbb_29\">\n<div>15\u00a0mm<\/div>\n<\/td>\n<td class=\"_bodyCell_1eqbb_29\">Raceway diameter inner ring<\/td>\n<\/tr>\n<tr class=\"_bodyRow_1eqbb_117\">\n<td class=\"_bodyCell_1eqbb_29\">B<\/td>\n<td class=\"_bodyCell_1eqbb_29\">\n<div>12\u00a0mm<\/div>\n<\/td>\n<td class=\"_bodyCell_1eqbb_29\">Width<\/td>\n<\/tr>\n<tr class=\"_bodyRow_1eqbb_117 _evenRow_1eqbb_120\">\n<td class=\"_bodyCell_1eqbb_29\"><\/td>\n<td class=\"_bodyCell_1eqbb_29\">\n<div>-0.004\u00a0mm<\/div>\n<\/td>\n<td class=\"_bodyCell_1eqbb_29\">Raceway diameter upper tolerance<\/td>\n<\/tr>\n<tr class=\"_bodyRow_1eqbb_117\">\n<td class=\"_bodyCell_1eqbb_29\"><\/td>\n<td class=\"_bodyCell_1eqbb_29\">\n<div>-0.018\u00a0mm<\/div>\n<\/td>\n<td class=\"_bodyCell_1eqbb_29\">Raceway diameter lower tolerance<\/td>\n<\/tr>\n<tr class=\"_bodyRow_1eqbb_117 _evenRow_1eqbb_120\">\n<td class=\"_bodyCell_1eqbb_29\">r<sub>min<\/sub><\/td>\n<td class=\"_bodyCell_1eqbb_29\">\n<div>0.3\u00a0mm<\/div>\n<\/td>\n<td class=\"_bodyCell_1eqbb_29\">Minimum chamfer dimension<\/td>\n<\/tr>\n<tr class=\"_bodyRow_1eqbb_117\">\n<td class=\"_bodyCell_1eqbb_29\">\u2248m<\/td>\n<td class=\"_bodyCell_1eqbb_29\">\n<div>5.6\u00a0g<\/div>\n<\/td>\n<td class=\"_bodyCell_1eqbb_29\">Weight<\/td>\n<\/tr>\n<\/tbody>\n<\/table>\n<p><img decoding=\"async\" src=\"https:\/\/image.lily-bearing.com\/images\/roller-bearings\/needle-roller-bearings\/ir12x15x12xl.jpg\" alt=\"IR12X15X12-XL Inner Rings cad drawing\" \/><\/p>\n<\/div>\n<p>&nbsp;<\/p>\n<p>\u0110\u1ea1i l\u00fd INA vietnam, INA viet nam, INA vietnam distributor, Ph\u00e2n ph\u1ed1i INA t\u1ea1i vi\u1ec7t nam<\/p>\n<p>\u0110\u1ea1i l\u00fd INA vietnam, INA viet nam, INA vietnam distributor, Ph\u00e2n ph\u1ed1i INA t\u1ea1i vi\u1ec7t nam<\/p>\n<p>\u0110\u1ea1i l\u00fd INA vietnam, INA viet nam, INA vietnam distributor, Ph\u00e2n ph\u1ed1i INA t\u1ea1i vi\u1ec7t nam<\/p>\n<p>\u0110\u1ea1i l\u00fd INA vietnam, INA viet nam, INA vietnam distributor, Ph\u00e2n ph\u1ed1i INA t\u1ea1i vi\u1ec7t nam<\/p>\n<p>\u0110\u1ea1i l\u00fd INA vietnam, INA viet nam, INA vietnam distributor, Ph\u00e2n ph\u1ed1i INA t\u1ea1i vi\u1ec7t nam<\/p>\n","protected":false},"excerpt":{"rendered":"<p>INA IR12X15X12-XL IR12X15X12-XL Inner rings IR, precision machined, (IR12X15X12-XL) Inner ring Inner ring IR..-XL, cylindrical Main Dimensions &amp; Performance Data d 12\u00a0mm Bore diameter F 15\u00a0mm Raceway diameter inner ring B 12\u00a0mm Width -0.004\u00a0mm Raceway diameter upper tolerance -0.018\u00a0mm Raceway diameter lower tolerance rmin 0.3\u00a0mm Minimum chamfer dimension \u2248m 5.6\u00a0g&hellip; <\/p>\n","protected":false},"featured_media":1633,"comment_status":"open","ping_status":"closed","template":"","meta":{"om_disable_all_campaigns":false,"_monsterinsights_skip_tracking":false,"_monsterinsights_sitenote_active":false,"_monsterinsights_sitenote_note":"","_monsterinsights_sitenote_category":0},"product_cat":[15],"product_tag":[164,438,437],"class_list":{"0":"post-1632","1":"product","2":"type-product","3":"status-publish","4":"has-post-thumbnail","6":"product_cat-apex","7":"product_tag-bac-dan","8":"product_tag-dai-ly-ina-viet-nam","9":"product_tag-ina-viet-nam","11":"first","12":"instock","13":"shipping-taxable","14":"product-type-simple"},"aioseo_notices":[],"yoast_head":"<!-- This site is optimized with the Yoast SEO plugin v22.8 - https:\/\/yoast.com\/wordpress\/plugins\/seo\/ -->\n<title>INA IR12X15X12-XL - OMANI VI\u1ec6T NAM<\/title>\n<meta name=\"robots\" content=\"index, follow, max-snippet:-1, max-image-preview:large, max-video-preview:-1\" \/>\n<link rel=\"canonical\" href=\"https:\/\/sipin.com.vn\/index.php\/product\/ina-ir12x15x12-xl\/\" \/>\n<meta property=\"og:locale\" content=\"vi_VN\" \/>\n<meta property=\"og:type\" content=\"article\" \/>\n<meta property=\"og:title\" content=\"INA IR12X15X12-XL - OMANI VI\u1ec6T NAM\" \/>\n<meta property=\"og:description\" content=\"INA IR12X15X12-XL IR12X15X12-XL Inner rings IR, precision machined, (IR12X15X12-XL) Inner ring Inner ring IR..-XL, cylindrical Main Dimensions &amp; Performance Data d 12\u00a0mm Bore diameter F 15\u00a0mm Raceway diameter inner ring B 12\u00a0mm Width -0.004\u00a0mm Raceway diameter upper tolerance -0.018\u00a0mm Raceway diameter lower tolerance rmin 0.3\u00a0mm Minimum chamfer dimension \u2248m 5.6\u00a0g&hellip;\" \/>\n<meta property=\"og:url\" content=\"https:\/\/sipin.com.vn\/index.php\/product\/ina-ir12x15x12-xl\/\" \/>\n<meta property=\"og:site_name\" content=\"OMANI VI\u1ec6T NAM\" \/>\n<meta property=\"article:modified_time\" content=\"2024-08-31T08:05:19+00:00\" \/>\n<meta property=\"og:image\" content=\"https:\/\/sipin.com.vn\/wp-content\/uploads\/2024\/08\/IR12X15X12-XL.png\" \/>\n\t<meta property=\"og:image:width\" content=\"450\" \/>\n\t<meta property=\"og:image:height\" content=\"368\" \/>\n\t<meta property=\"og:image:type\" content=\"image\/png\" \/>\n<meta name=\"twitter:card\" content=\"summary_large_image\" \/>\n<meta name=\"twitter:label1\" content=\"\u01af\u1edbc t\u00ednh th\u1eddi gian \u0111\u1ecdc\" \/>\n\t<meta name=\"twitter:data1\" content=\"2 ph\u00fat\" \/>\n<script type=\"application\/ld+json\" class=\"yoast-schema-graph\">{\"@context\":\"https:\/\/schema.org\",\"@graph\":[{\"@type\":\"WebPage\",\"@id\":\"https:\/\/sipin.com.vn\/index.php\/product\/ina-ir12x15x12-xl\/\",\"url\":\"https:\/\/sipin.com.vn\/index.php\/product\/ina-ir12x15x12-xl\/\",\"name\":\"INA IR12X15X12-XL - OMANI VI\u1ec6T NAM\",\"isPartOf\":{\"@id\":\"https:\/\/sipin.com.vn\/#website\"},\"primaryImageOfPage\":{\"@id\":\"https:\/\/sipin.com.vn\/index.php\/product\/ina-ir12x15x12-xl\/#primaryimage\"},\"image\":{\"@id\":\"https:\/\/sipin.com.vn\/index.php\/product\/ina-ir12x15x12-xl\/#primaryimage\"},\"thumbnailUrl\":\"https:\/\/sipin.com.vn\/wp-content\/uploads\/2024\/08\/IR12X15X12-XL.png\",\"datePublished\":\"2024-08-31T08:03:56+00:00\",\"dateModified\":\"2024-08-31T08:05:19+00:00\",\"breadcrumb\":{\"@id\":\"https:\/\/sipin.com.vn\/index.php\/product\/ina-ir12x15x12-xl\/#breadcrumb\"},\"inLanguage\":\"vi\",\"potentialAction\":[{\"@type\":\"ReadAction\",\"target\":[\"https:\/\/sipin.com.vn\/index.php\/product\/ina-ir12x15x12-xl\/\"]}]},{\"@type\":\"ImageObject\",\"inLanguage\":\"vi\",\"@id\":\"https:\/\/sipin.com.vn\/index.php\/product\/ina-ir12x15x12-xl\/#primaryimage\",\"url\":\"https:\/\/sipin.com.vn\/wp-content\/uploads\/2024\/08\/IR12X15X12-XL.png\",\"contentUrl\":\"https:\/\/sipin.com.vn\/wp-content\/uploads\/2024\/08\/IR12X15X12-XL.png\",\"width\":450,\"height\":368},{\"@type\":\"BreadcrumbList\",\"@id\":\"https:\/\/sipin.com.vn\/index.php\/product\/ina-ir12x15x12-xl\/#breadcrumb\",\"itemListElement\":[{\"@type\":\"ListItem\",\"position\":1,\"name\":\"Home\",\"item\":\"https:\/\/sipin.com.vn\/\"},{\"@type\":\"ListItem\",\"position\":2,\"name\":\"S\u1ea2N PH\u1ea8M\",\"item\":\"https:\/\/sipin.com.vn\/index.php\/cua-hang\/\"},{\"@type\":\"ListItem\",\"position\":3,\"name\":\"INA IR12X15X12-XL\"}]},{\"@type\":\"WebSite\",\"@id\":\"https:\/\/sipin.com.vn\/#website\",\"url\":\"https:\/\/sipin.com.vn\/\",\"name\":\"OMANI VI\u1ec6T NAM\",\"description\":\"Nh\u00e0 ph\u00e2n ph\u1ed1i thi\u1ebft b\u1ecb kh\u00ed n\u00e9n v\u00e0 thi\u1ebft b\u1ecb t\u1ef1 \u0111\u1ed9ng h\u00f3a trong c\u00f4ng nghi\u1ec7p\",\"publisher\":{\"@id\":\"https:\/\/sipin.com.vn\/#\/schema\/person\/0ad398a980dc3fd696111c2c5c8fa897\"},\"potentialAction\":[{\"@type\":\"SearchAction\",\"target\":{\"@type\":\"EntryPoint\",\"urlTemplate\":\"https:\/\/sipin.com.vn\/?s={search_term_string}\"},\"query-input\":\"required name=search_term_string\"}],\"inLanguage\":\"vi\"},{\"@type\":[\"Person\",\"Organization\"],\"@id\":\"https:\/\/sipin.com.vn\/#\/schema\/person\/0ad398a980dc3fd696111c2c5c8fa897\",\"name\":\"Nguy\u1ec5n V\u0103n Kh\u00e1nh\",\"image\":{\"@type\":\"ImageObject\",\"inLanguage\":\"vi\",\"@id\":\"https:\/\/sipin.com.vn\/#\/schema\/person\/image\/\",\"url\":\"https:\/\/sipin.com.vn\/wp-content\/uploads\/2024\/06\/logo-1024x1024.png\",\"contentUrl\":\"https:\/\/sipin.com.vn\/wp-content\/uploads\/2024\/06\/logo-1024x1024.png\",\"width\":1024,\"height\":1024,\"caption\":\"Nguy\u1ec5n V\u0103n Kh\u00e1nh\"},\"logo\":{\"@id\":\"https:\/\/sipin.com.vn\/#\/schema\/person\/image\/\"},\"sameAs\":[\"https:\/\/sipin.com.vn\"]}]}<\/script>\n<!-- \/ Yoast SEO plugin. -->","yoast_head_json":{"title":"INA IR12X15X12-XL - OMANI VI\u1ec6T NAM","robots":{"index":"index","follow":"follow","max-snippet":"max-snippet:-1","max-image-preview":"max-image-preview:large","max-video-preview":"max-video-preview:-1"},"canonical":"https:\/\/sipin.com.vn\/index.php\/product\/ina-ir12x15x12-xl\/","og_locale":"vi_VN","og_type":"article","og_title":"INA IR12X15X12-XL - OMANI VI\u1ec6T NAM","og_description":"INA IR12X15X12-XL IR12X15X12-XL Inner rings IR, precision machined, (IR12X15X12-XL) Inner ring Inner ring IR..-XL, cylindrical Main Dimensions &amp; Performance Data d 12\u00a0mm Bore diameter F 15\u00a0mm Raceway diameter inner ring B 12\u00a0mm Width -0.004\u00a0mm Raceway diameter upper tolerance -0.018\u00a0mm Raceway diameter lower tolerance rmin 0.3\u00a0mm Minimum chamfer dimension \u2248m 5.6\u00a0g&hellip;","og_url":"https:\/\/sipin.com.vn\/index.php\/product\/ina-ir12x15x12-xl\/","og_site_name":"OMANI VI\u1ec6T NAM","article_modified_time":"2024-08-31T08:05:19+00:00","og_image":[{"width":450,"height":368,"url":"https:\/\/sipin.com.vn\/wp-content\/uploads\/2024\/08\/IR12X15X12-XL.png","type":"image\/png"}],"twitter_card":"summary_large_image","twitter_misc":{"\u01af\u1edbc t\u00ednh th\u1eddi gian \u0111\u1ecdc":"2 ph\u00fat"},"schema":{"@context":"https:\/\/schema.org","@graph":[{"@type":"WebPage","@id":"https:\/\/sipin.com.vn\/index.php\/product\/ina-ir12x15x12-xl\/","url":"https:\/\/sipin.com.vn\/index.php\/product\/ina-ir12x15x12-xl\/","name":"INA IR12X15X12-XL - OMANI VI\u1ec6T NAM","isPartOf":{"@id":"https:\/\/sipin.com.vn\/#website"},"primaryImageOfPage":{"@id":"https:\/\/sipin.com.vn\/index.php\/product\/ina-ir12x15x12-xl\/#primaryimage"},"image":{"@id":"https:\/\/sipin.com.vn\/index.php\/product\/ina-ir12x15x12-xl\/#primaryimage"},"thumbnailUrl":"https:\/\/sipin.com.vn\/wp-content\/uploads\/2024\/08\/IR12X15X12-XL.png","datePublished":"2024-08-31T08:03:56+00:00","dateModified":"2024-08-31T08:05:19+00:00","breadcrumb":{"@id":"https:\/\/sipin.com.vn\/index.php\/product\/ina-ir12x15x12-xl\/#breadcrumb"},"inLanguage":"vi","potentialAction":[{"@type":"ReadAction","target":["https:\/\/sipin.com.vn\/index.php\/product\/ina-ir12x15x12-xl\/"]}]},{"@type":"ImageObject","inLanguage":"vi","@id":"https:\/\/sipin.com.vn\/index.php\/product\/ina-ir12x15x12-xl\/#primaryimage","url":"https:\/\/sipin.com.vn\/wp-content\/uploads\/2024\/08\/IR12X15X12-XL.png","contentUrl":"https:\/\/sipin.com.vn\/wp-content\/uploads\/2024\/08\/IR12X15X12-XL.png","width":450,"height":368},{"@type":"BreadcrumbList","@id":"https:\/\/sipin.com.vn\/index.php\/product\/ina-ir12x15x12-xl\/#breadcrumb","itemListElement":[{"@type":"ListItem","position":1,"name":"Home","item":"https:\/\/sipin.com.vn\/"},{"@type":"ListItem","position":2,"name":"S\u1ea2N PH\u1ea8M","item":"https:\/\/sipin.com.vn\/index.php\/cua-hang\/"},{"@type":"ListItem","position":3,"name":"INA IR12X15X12-XL"}]},{"@type":"WebSite","@id":"https:\/\/sipin.com.vn\/#website","url":"https:\/\/sipin.com.vn\/","name":"OMANI VI\u1ec6T NAM","description":"Nh\u00e0 ph\u00e2n ph\u1ed1i thi\u1ebft b\u1ecb kh\u00ed n\u00e9n v\u00e0 thi\u1ebft b\u1ecb t\u1ef1 \u0111\u1ed9ng h\u00f3a trong c\u00f4ng nghi\u1ec7p","publisher":{"@id":"https:\/\/sipin.com.vn\/#\/schema\/person\/0ad398a980dc3fd696111c2c5c8fa897"},"potentialAction":[{"@type":"SearchAction","target":{"@type":"EntryPoint","urlTemplate":"https:\/\/sipin.com.vn\/?s={search_term_string}"},"query-input":"required name=search_term_string"}],"inLanguage":"vi"},{"@type":["Person","Organization"],"@id":"https:\/\/sipin.com.vn\/#\/schema\/person\/0ad398a980dc3fd696111c2c5c8fa897","name":"Nguy\u1ec5n V\u0103n Kh\u00e1nh","image":{"@type":"ImageObject","inLanguage":"vi","@id":"https:\/\/sipin.com.vn\/#\/schema\/person\/image\/","url":"https:\/\/sipin.com.vn\/wp-content\/uploads\/2024\/06\/logo-1024x1024.png","contentUrl":"https:\/\/sipin.com.vn\/wp-content\/uploads\/2024\/06\/logo-1024x1024.png","width":1024,"height":1024,"caption":"Nguy\u1ec5n V\u0103n Kh\u00e1nh"},"logo":{"@id":"https:\/\/sipin.com.vn\/#\/schema\/person\/image\/"},"sameAs":["https:\/\/sipin.com.vn"]}]}},"_links":{"self":[{"href":"https:\/\/sipin.com.vn\/index.php\/wp-json\/wp\/v2\/product\/1632","targetHints":{"allow":["GET"]}}],"collection":[{"href":"https:\/\/sipin.com.vn\/index.php\/wp-json\/wp\/v2\/product"}],"about":[{"href":"https:\/\/sipin.com.vn\/index.php\/wp-json\/wp\/v2\/types\/product"}],"replies":[{"embeddable":true,"href":"https:\/\/sipin.com.vn\/index.php\/wp-json\/wp\/v2\/comments?post=1632"}],"wp:featuredmedia":[{"embeddable":true,"href":"https:\/\/sipin.com.vn\/index.php\/wp-json\/wp\/v2\/media\/1633"}],"wp:attachment":[{"href":"https:\/\/sipin.com.vn\/index.php\/wp-json\/wp\/v2\/media?parent=1632"}],"wp:term":[{"taxonomy":"product_cat","embeddable":true,"href":"https:\/\/sipin.com.vn\/index.php\/wp-json\/wp\/v2\/product_cat?post=1632"},{"taxonomy":"product_tag","embeddable":true,"href":"https:\/\/sipin.com.vn\/index.php\/wp-json\/wp\/v2\/product_tag?post=1632"}],"curies":[{"name":"wp","href":"https:\/\/api.w.org\/{rel}","templated":true}]}}