{"id":1408,"date":"2024-08-11T06:00:58","date_gmt":"2024-08-10T23:00:58","guid":{"rendered":"https:\/\/omanivietnam.com\/?post_type=product&#038;p=1408"},"modified":"2025-01-24T21:46:11","modified_gmt":"2025-01-24T14:46:11","slug":"omron-s8vk-c06024","status":"publish","type":"product","link":"https:\/\/sipin.com.vn\/index.php\/product\/omron-s8vk-c06024\/","title":{"rendered":"OMRON S8VK-C06024"},"content":{"rendered":"<p>OMRON S8VK-C06024<\/p>\n<p>B\u1ed9 ngu\u1ed3n Omron S8VK-C06024<\/p>\n<ul>\n<li>Ph\u1ea1m vi nhi\u1ec7t \u0111\u1ed9 ho\u1ea1t \u0111\u1ed9ng t\u1eeb -25\u00ba \u0111\u1ebfn + 60\u00baC<\/li>\n<li>B\u1ed9 \u0111\u00f4i thi\u1ebft b\u1ecb \u0111\u1ea7u cu\u1ed1i \u0111\u1ea7u ra DC (ba cho c\u1ef1c \u00e2m) gi\u00fap \u0111\u1ea5u d\u00e2y d\u1ec5 d\u00e0ng<\/li>\n<li>Kh\u1ea3 n\u0103ng \u0111\u1ea7u v\u00e0o \u0111a n\u0103ng, 100 \u0111\u1ebfn 240 VAC v\u00e0 90 \u0111\u1ebfn 350 VDC<\/li>\n<li>Ph\u00f9 h\u1ee3p v\u1edbi EN61204-3, EN55011 Class A<\/li>\n<li>K\u1eb9p g\u1eafn DIN-rail \u0111\u01b0\u1ee3c c\u1ea3i ti\u1ebfn cung c\u1ea5p kh\u1ea3 n\u0103ng ch\u1ed1ng rung t\u1ed1t h\u01a1n v\u00e0 cho ph\u00e9p d\u1ec5 d\u00e0ng l\u1eafp \u0111\u1eb7t (s\u1eed d\u1ee5ng m\u1ed9t tay \u0111\u1ec3 l\u1eafp trong nh\u00e1y m\u1eaft).<\/li>\n<\/ul>\n<p>Th\u00f4ng s\u1ed1 k\u0129 thu\u1eadt S8VK-C06024<\/p>\n<ul>\n<li>Ngu\u1ed3n c\u1ea5p 100~240VAC (85~264VAC) 50\/60Hz. 90-350VDC<\/li>\n<li>Ng\u00f5 ra 24VDC \u00b110%, kh\u00f4ng ch\u1ec9 th\u1ecb.<\/li>\n<li>C\u00f4ng su\u1ea5t: 60W 2.5A.<\/li>\n<li>B\u1ea3o v\u1ec7 qu\u00e1 d\u00f2ng, ng\u1eafn m\u1ea1ch, qu\u00e1 \u00e1p, t\u1ef1 \u0111\u1ed9ng kh\u1edfi \u0111\u1ed9ng l\u1ea1i.<\/li>\n<li>Cho ph\u00e9p k\u1ebft n\u1ed1i n\u1ed1i ti\u1ebfp 2 ngu\u1ed3n v\u1edbi nhau.<\/li>\n<li>\u0110\u00e8n b\u00e1o ch\u1ec9 th\u1ecb tr\u1ea1ng th\u00e1i ng\u1ecf ra m\u00e0u xanh.<\/li>\n<li>B\u1ed9 ngu\u1ed3n OMRON\u00a0\u0111\u1ea1t c\u00e1c ti\u00eau chu\u1ea9n an to\u00e0n v\u1ec1 \u0111i\u1ec7n v\u00e0 th\u00f4ng s\u1ed1 k\u1ef9 thu\u1eadt.<\/li>\n<li>L\u1eafp \u0111\u1eb7t \u0111\u01a1n gi\u1ea3n, d\u1ec5 d\u00e0ng b\u1ea3o tr\u00ec, thi\u1ebft k\u1ebf v\u1edbi tu\u1ed5i th\u1ecd cao.<\/li>\n<li>Ng\u00f5 ra \u1ea3nh h\u01b0\u1edfng b\u1edfi nhi\u1ec7t \u0111\u1ed9: 0.05%\/\u00b0C max<\/li>\n<li>C\u00f3 th\u1ec3 \u0111i\u1ec1u ch\u1ec9nh:\u00a0 \u201310% ~ 15% (V.ADJ)<\/li>\n<\/ul>\n<p><img decoding=\"async\" src=\"https:\/\/cambienomron.vn\/wp-content\/uploads\/2020\/12\/t058_s8vk-c_switch_mode_power_supply_datasheet_en-2-scaled.jpg\" alt=\"t058 s8vk c switch mode power supply datasheet en 2 scaled\" \/><\/p>\n<p>C\u00e1c s\u1ea3n ph\u1ea9m t\u01b0\u01a1ng t\u1ef1<\/p>\n<p>&nbsp;<\/p>\n<p>S8VK-C06024<\/p>\n<p>S8VK-C12024<\/p>\n<p>S8VK-C24024<\/p>\n<p>S8VK-C48024<\/p>\n<p>\u0110\u1ea1i l\u00fd OMRON vietnam, OMRON viet nam, OMRON vietnam distributor, Ph\u00e2n ph\u1ed1i OMRON t\u1ea1i vi\u1ec7t nam<\/p>\n<p>\u0110\u1ea1i l\u00fd OMRON vietnam, OMRON viet nam, OMRON vietnam distributor, Ph\u00e2n ph\u1ed1i OMRON t\u1ea1i vi\u1ec7t nam<\/p>\n<p>\u0110\u1ea1i l\u00fd OMRON vietnam, OMRON viet nam, OMRON vietnam distributor, Ph\u00e2n ph\u1ed1i OMRON t\u1ea1i vi\u1ec7t nam<\/p>\n<p>\u0110\u1ea1i l\u00fd OMRON vietnam, OMRON viet nam, OMRON vietnam distributor, Ph\u00e2n ph\u1ed1i OMRON t\u1ea1i vi\u1ec7t nam<\/p>\n<p>\u0110\u1ea1i l\u00fd OMRON vietnam, OMRON viet nam, OMRON vietnam distributor, Ph\u00e2n ph\u1ed1i OMRON t\u1ea1i vi\u1ec7t nam<\/p>\n","protected":false},"excerpt":{"rendered":"<p>OMRON S8VK-C06024 B\u1ed9 ngu\u1ed3n Omron S8VK-C06024 Ph\u1ea1m vi nhi\u1ec7t \u0111\u1ed9 ho\u1ea1t \u0111\u1ed9ng t\u1eeb -25\u00ba \u0111\u1ebfn + 60\u00baC B\u1ed9 \u0111\u00f4i thi\u1ebft b\u1ecb \u0111\u1ea7u cu\u1ed1i \u0111\u1ea7u ra DC (ba cho c\u1ef1c \u00e2m) gi\u00fap \u0111\u1ea5u d\u00e2y d\u1ec5 d\u00e0ng Kh\u1ea3 n\u0103ng \u0111\u1ea7u v\u00e0o \u0111a n\u0103ng, 100 \u0111\u1ebfn 240 VAC v\u00e0 90 \u0111\u1ebfn 350 VDC&hellip; <\/p>\n","protected":false},"featured_media":1409,"comment_status":"open","ping_status":"closed","template":"","meta":{"om_disable_all_campaigns":false,"_monsterinsights_skip_tracking":false,"_monsterinsights_sitenote_active":false,"_monsterinsights_sitenote_note":"","_monsterinsights_sitenote_category":0},"product_cat":[15],"product_tag":[221,105,104],"class_list":{"0":"post-1408","1":"product","2":"type-product","3":"status-publish","4":"has-post-thumbnail","6":"product_cat-apex","7":"product_tag-bo-nguon","8":"product_tag-dai-ly-omron-viet-nam","9":"product_tag-omron-viet-nam","11":"first","12":"instock","13":"shipping-taxable","14":"product-type-simple"},"aioseo_notices":[],"yoast_head":"<!-- This site is optimized with the Yoast SEO plugin v22.8 - https:\/\/yoast.com\/wordpress\/plugins\/seo\/ -->\n<title>OMRON S8VK-C06024 - OMANI VI\u1ec6T NAM<\/title>\n<meta name=\"description\" content=\"S8VK-C06024 Power Supplies\" \/>\n<meta name=\"robots\" content=\"index, follow, max-snippet:-1, max-image-preview:large, max-video-preview:-1\" \/>\n<link rel=\"canonical\" href=\"https:\/\/sipin.com.vn\/index.php\/product\/omron-s8vk-c06024\/\" \/>\n<meta property=\"og:locale\" content=\"vi_VN\" \/>\n<meta property=\"og:type\" content=\"article\" \/>\n<meta property=\"og:title\" content=\"OMRON S8VK-C06024 - OMANI VI\u1ec6T NAM\" \/>\n<meta property=\"og:description\" content=\"S8VK-C06024 Power Supplies\" \/>\n<meta property=\"og:url\" content=\"https:\/\/sipin.com.vn\/index.php\/product\/omron-s8vk-c06024\/\" \/>\n<meta property=\"og:site_name\" content=\"OMANI VI\u1ec6T NAM\" \/>\n<meta property=\"article:modified_time\" content=\"2025-01-24T14:46:11+00:00\" \/>\n<meta property=\"og:image\" content=\"https:\/\/sipin.com.vn\/wp-content\/uploads\/2024\/08\/S8VK-C06024.png\" \/>\n\t<meta property=\"og:image:width\" content=\"515\" \/>\n\t<meta property=\"og:image:height\" content=\"524\" \/>\n\t<meta property=\"og:image:type\" content=\"image\/png\" \/>\n<meta name=\"twitter:card\" content=\"summary_large_image\" \/>\n<meta name=\"twitter:label1\" content=\"\u01af\u1edbc t\u00ednh th\u1eddi gian \u0111\u1ecdc\" \/>\n\t<meta name=\"twitter:data1\" content=\"2 ph\u00fat\" \/>\n<script type=\"application\/ld+json\" class=\"yoast-schema-graph\">{\"@context\":\"https:\/\/schema.org\",\"@graph\":[{\"@type\":\"WebPage\",\"@id\":\"https:\/\/sipin.com.vn\/index.php\/product\/omron-s8vk-c06024\/\",\"url\":\"https:\/\/sipin.com.vn\/index.php\/product\/omron-s8vk-c06024\/\",\"name\":\"OMRON S8VK-C06024 - OMANI VI\u1ec6T NAM\",\"isPartOf\":{\"@id\":\"https:\/\/sipin.com.vn\/#website\"},\"primaryImageOfPage\":{\"@id\":\"https:\/\/sipin.com.vn\/index.php\/product\/omron-s8vk-c06024\/#primaryimage\"},\"image\":{\"@id\":\"https:\/\/sipin.com.vn\/index.php\/product\/omron-s8vk-c06024\/#primaryimage\"},\"thumbnailUrl\":\"https:\/\/sipin.com.vn\/wp-content\/uploads\/2024\/08\/S8VK-C06024.png\",\"datePublished\":\"2024-08-10T23:00:58+00:00\",\"dateModified\":\"2025-01-24T14:46:11+00:00\",\"description\":\"S8VK-C06024 Power Supplies\",\"breadcrumb\":{\"@id\":\"https:\/\/sipin.com.vn\/index.php\/product\/omron-s8vk-c06024\/#breadcrumb\"},\"inLanguage\":\"vi\",\"potentialAction\":[{\"@type\":\"ReadAction\",\"target\":[\"https:\/\/sipin.com.vn\/index.php\/product\/omron-s8vk-c06024\/\"]}]},{\"@type\":\"ImageObject\",\"inLanguage\":\"vi\",\"@id\":\"https:\/\/sipin.com.vn\/index.php\/product\/omron-s8vk-c06024\/#primaryimage\",\"url\":\"https:\/\/sipin.com.vn\/wp-content\/uploads\/2024\/08\/S8VK-C06024.png\",\"contentUrl\":\"https:\/\/sipin.com.vn\/wp-content\/uploads\/2024\/08\/S8VK-C06024.png\",\"width\":515,\"height\":524},{\"@type\":\"BreadcrumbList\",\"@id\":\"https:\/\/sipin.com.vn\/index.php\/product\/omron-s8vk-c06024\/#breadcrumb\",\"itemListElement\":[{\"@type\":\"ListItem\",\"position\":1,\"name\":\"Home\",\"item\":\"https:\/\/sipin.com.vn\/\"},{\"@type\":\"ListItem\",\"position\":2,\"name\":\"S\u1ea2N PH\u1ea8M\",\"item\":\"https:\/\/sipin.com.vn\/index.php\/cua-hang\/\"},{\"@type\":\"ListItem\",\"position\":3,\"name\":\"OMRON S8VK-C06024\"}]},{\"@type\":\"WebSite\",\"@id\":\"https:\/\/sipin.com.vn\/#website\",\"url\":\"https:\/\/sipin.com.vn\/\",\"name\":\"OMANI VI\u1ec6T NAM\",\"description\":\"Nh\u00e0 ph\u00e2n ph\u1ed1i thi\u1ebft b\u1ecb kh\u00ed n\u00e9n v\u00e0 thi\u1ebft b\u1ecb t\u1ef1 \u0111\u1ed9ng h\u00f3a trong c\u00f4ng nghi\u1ec7p\",\"publisher\":{\"@id\":\"https:\/\/sipin.com.vn\/#\/schema\/person\/0ad398a980dc3fd696111c2c5c8fa897\"},\"potentialAction\":[{\"@type\":\"SearchAction\",\"target\":{\"@type\":\"EntryPoint\",\"urlTemplate\":\"https:\/\/sipin.com.vn\/?s={search_term_string}\"},\"query-input\":\"required name=search_term_string\"}],\"inLanguage\":\"vi\"},{\"@type\":[\"Person\",\"Organization\"],\"@id\":\"https:\/\/sipin.com.vn\/#\/schema\/person\/0ad398a980dc3fd696111c2c5c8fa897\",\"name\":\"Nguy\u1ec5n V\u0103n Kh\u00e1nh\",\"image\":{\"@type\":\"ImageObject\",\"inLanguage\":\"vi\",\"@id\":\"https:\/\/sipin.com.vn\/#\/schema\/person\/image\/\",\"url\":\"https:\/\/sipin.com.vn\/wp-content\/uploads\/2024\/06\/logo-1024x1024.png\",\"contentUrl\":\"https:\/\/sipin.com.vn\/wp-content\/uploads\/2024\/06\/logo-1024x1024.png\",\"width\":1024,\"height\":1024,\"caption\":\"Nguy\u1ec5n V\u0103n Kh\u00e1nh\"},\"logo\":{\"@id\":\"https:\/\/sipin.com.vn\/#\/schema\/person\/image\/\"},\"sameAs\":[\"https:\/\/sipin.com.vn\"]}]}<\/script>\n<!-- \/ Yoast SEO plugin. -->","yoast_head_json":{"title":"OMRON S8VK-C06024 - OMANI VI\u1ec6T NAM","description":"S8VK-C06024 Power Supplies","robots":{"index":"index","follow":"follow","max-snippet":"max-snippet:-1","max-image-preview":"max-image-preview:large","max-video-preview":"max-video-preview:-1"},"canonical":"https:\/\/sipin.com.vn\/index.php\/product\/omron-s8vk-c06024\/","og_locale":"vi_VN","og_type":"article","og_title":"OMRON S8VK-C06024 - OMANI VI\u1ec6T NAM","og_description":"S8VK-C06024 Power Supplies","og_url":"https:\/\/sipin.com.vn\/index.php\/product\/omron-s8vk-c06024\/","og_site_name":"OMANI VI\u1ec6T NAM","article_modified_time":"2025-01-24T14:46:11+00:00","og_image":[{"width":515,"height":524,"url":"https:\/\/sipin.com.vn\/wp-content\/uploads\/2024\/08\/S8VK-C06024.png","type":"image\/png"}],"twitter_card":"summary_large_image","twitter_misc":{"\u01af\u1edbc t\u00ednh th\u1eddi gian \u0111\u1ecdc":"2 ph\u00fat"},"schema":{"@context":"https:\/\/schema.org","@graph":[{"@type":"WebPage","@id":"https:\/\/sipin.com.vn\/index.php\/product\/omron-s8vk-c06024\/","url":"https:\/\/sipin.com.vn\/index.php\/product\/omron-s8vk-c06024\/","name":"OMRON S8VK-C06024 - OMANI VI\u1ec6T NAM","isPartOf":{"@id":"https:\/\/sipin.com.vn\/#website"},"primaryImageOfPage":{"@id":"https:\/\/sipin.com.vn\/index.php\/product\/omron-s8vk-c06024\/#primaryimage"},"image":{"@id":"https:\/\/sipin.com.vn\/index.php\/product\/omron-s8vk-c06024\/#primaryimage"},"thumbnailUrl":"https:\/\/sipin.com.vn\/wp-content\/uploads\/2024\/08\/S8VK-C06024.png","datePublished":"2024-08-10T23:00:58+00:00","dateModified":"2025-01-24T14:46:11+00:00","description":"S8VK-C06024 Power Supplies","breadcrumb":{"@id":"https:\/\/sipin.com.vn\/index.php\/product\/omron-s8vk-c06024\/#breadcrumb"},"inLanguage":"vi","potentialAction":[{"@type":"ReadAction","target":["https:\/\/sipin.com.vn\/index.php\/product\/omron-s8vk-c06024\/"]}]},{"@type":"ImageObject","inLanguage":"vi","@id":"https:\/\/sipin.com.vn\/index.php\/product\/omron-s8vk-c06024\/#primaryimage","url":"https:\/\/sipin.com.vn\/wp-content\/uploads\/2024\/08\/S8VK-C06024.png","contentUrl":"https:\/\/sipin.com.vn\/wp-content\/uploads\/2024\/08\/S8VK-C06024.png","width":515,"height":524},{"@type":"BreadcrumbList","@id":"https:\/\/sipin.com.vn\/index.php\/product\/omron-s8vk-c06024\/#breadcrumb","itemListElement":[{"@type":"ListItem","position":1,"name":"Home","item":"https:\/\/sipin.com.vn\/"},{"@type":"ListItem","position":2,"name":"S\u1ea2N PH\u1ea8M","item":"https:\/\/sipin.com.vn\/index.php\/cua-hang\/"},{"@type":"ListItem","position":3,"name":"OMRON S8VK-C06024"}]},{"@type":"WebSite","@id":"https:\/\/sipin.com.vn\/#website","url":"https:\/\/sipin.com.vn\/","name":"OMANI VI\u1ec6T NAM","description":"Nh\u00e0 ph\u00e2n ph\u1ed1i thi\u1ebft b\u1ecb kh\u00ed n\u00e9n v\u00e0 thi\u1ebft b\u1ecb t\u1ef1 \u0111\u1ed9ng h\u00f3a trong c\u00f4ng nghi\u1ec7p","publisher":{"@id":"https:\/\/sipin.com.vn\/#\/schema\/person\/0ad398a980dc3fd696111c2c5c8fa897"},"potentialAction":[{"@type":"SearchAction","target":{"@type":"EntryPoint","urlTemplate":"https:\/\/sipin.com.vn\/?s={search_term_string}"},"query-input":"required name=search_term_string"}],"inLanguage":"vi"},{"@type":["Person","Organization"],"@id":"https:\/\/sipin.com.vn\/#\/schema\/person\/0ad398a980dc3fd696111c2c5c8fa897","name":"Nguy\u1ec5n V\u0103n Kh\u00e1nh","image":{"@type":"ImageObject","inLanguage":"vi","@id":"https:\/\/sipin.com.vn\/#\/schema\/person\/image\/","url":"https:\/\/sipin.com.vn\/wp-content\/uploads\/2024\/06\/logo-1024x1024.png","contentUrl":"https:\/\/sipin.com.vn\/wp-content\/uploads\/2024\/06\/logo-1024x1024.png","width":1024,"height":1024,"caption":"Nguy\u1ec5n V\u0103n Kh\u00e1nh"},"logo":{"@id":"https:\/\/sipin.com.vn\/#\/schema\/person\/image\/"},"sameAs":["https:\/\/sipin.com.vn"]}]}},"_links":{"self":[{"href":"https:\/\/sipin.com.vn\/index.php\/wp-json\/wp\/v2\/product\/1408","targetHints":{"allow":["GET"]}}],"collection":[{"href":"https:\/\/sipin.com.vn\/index.php\/wp-json\/wp\/v2\/product"}],"about":[{"href":"https:\/\/sipin.com.vn\/index.php\/wp-json\/wp\/v2\/types\/product"}],"replies":[{"embeddable":true,"href":"https:\/\/sipin.com.vn\/index.php\/wp-json\/wp\/v2\/comments?post=1408"}],"wp:featuredmedia":[{"embeddable":true,"href":"https:\/\/sipin.com.vn\/index.php\/wp-json\/wp\/v2\/media\/1409"}],"wp:attachment":[{"href":"https:\/\/sipin.com.vn\/index.php\/wp-json\/wp\/v2\/media?parent=1408"}],"wp:term":[{"taxonomy":"product_cat","embeddable":true,"href":"https:\/\/sipin.com.vn\/index.php\/wp-json\/wp\/v2\/product_cat?post=1408"},{"taxonomy":"product_tag","embeddable":true,"href":"https:\/\/sipin.com.vn\/index.php\/wp-json\/wp\/v2\/product_tag?post=1408"}],"curies":[{"name":"wp","href":"https:\/\/api.w.org\/{rel}","templated":true}]}}