{"id":1239,"date":"2024-07-27T09:14:44","date_gmt":"2024-07-27T02:14:44","guid":{"rendered":"https:\/\/omanivietnam.com\/?post_type=product&#038;p=1239"},"modified":"2024-07-27T09:14:44","modified_gmt":"2024-07-27T02:14:44","slug":"bussmann-170m8554","status":"publish","type":"product","link":"https:\/\/sipin.com.vn\/index.php\/product\/bussmann-170m8554\/","title":{"rendered":"BUSSMANN 170M8554"},"content":{"rendered":"<p>BUSSMANN 170M8554<\/p>\n<p>Th\u00f4ng s\u1ed1 k\u1ef9 thu\u1eadt<\/p>\n<table>\n<tbody>\n<tr>\n<th>\u0110i\u1ec7n \u00e1p<\/th>\n<td>690 VAC<\/td>\n<\/tr>\n<tr>\n<th>D\u00f2ng \u0111i\u1ec7n<\/th>\n<td>1250 A<\/td>\n<\/tr>\n<tr>\n<th>D\u00f2ng c\u1eaft<\/th>\n<td>200kA<\/td>\n<\/tr>\n<tr>\n<th>K\u00edch th\u01b0\u1edbc<\/th>\n<td>NH 3<\/td>\n<\/tr>\n<\/tbody>\n<\/table>\n<p>Th\u00f4ng tin s\u1ea3n ph\u1ea9m<\/p>\n<table>\n<tbody>\n<tr>\n<th>M\u00e3 s\u1ea3n ph\u1ea9m<\/th>\n<td>170M8554<\/td>\n<\/tr>\n<tr>\n<td>Partno<\/td>\n<td>\u00a0&#8211;<\/td>\n<\/tr>\n<tr>\n<td><strong>Series<\/strong><\/td>\n<td>\u00a0170M<\/td>\n<\/tr>\n<tr>\n<td><strong>Ch\u1ee7ng lo\u1ea1i<\/strong><\/td>\n<td>\u00a0C\u1ea7u ch\u00ec c\u1eaft nhanh d\u00f2ng AR<\/td>\n<\/tr>\n<tr>\n<td><strong>Ti\u00eau chu\u1ea9n<\/strong><\/td>\n<td>IEC 60269-4<\/td>\n<\/tr>\n<tr>\n<td><strong>\u1ee8ng d\u1ee5ng<\/strong><\/td>\n<td>D\u00f9ng b\u1ea3o v\u1ec7 thi\u1ebft b\u1ecb b\u00e1n d\u1eabn<\/td>\n<\/tr>\n<\/tbody>\n<\/table>\n<p class=\"default\">Product Description<\/p>\n<div id=\"productDescription\" class=\"a-section a-spacing-small\">\n<p>This 170M range of square body high-speed low-voltage HRC fuses are designed to open rapidly and are the ideal solution for high-power applications which require a compact design with superior performance. The fuse contact surfaces are electroplated with layer of tin that provides an excellent electrical and thermal interface.<\/p>\n<p>Square body high-speed fuses have a high cycle rate and are designed to minimise peak current let through and arc voltage, a fast-melting time ensures a rapid opening time of an electrical circuit. Once tripped square body fuses are not resettable and must be replaced.<\/p>\n<p>Typical applications for square body fuses include the power converters\/rectifiers, DC common bus, DC drives, transformers, reduced voltage starters and other industrial control gear.<\/p>\n<\/div>\n<p>C\u00e1c s\u1ea3n ph\u1ea9m t\u01b0\u01a1ng t\u1ef1<\/p>\n<p>Fuse 170M8554 170M8555 170M8556 170M8557 1250A-160<\/p>\n<ul class=\"a-unordered-list a-vertical a-spacing-mini\">\n<li class=\"a-spacing-mini\"><span class=\"a-list-item\">Model: 170M8554 170M8555 170M8556 170M8557<\/span><\/li>\n<li class=\"a-spacing-mini\"><span class=\"a-list-item\">Color classification: original authentic 170M8554 1250A original authentic 170M8555 1400A original authentic 170M8556 1500A original authentic 170M8557 1600A<\/span><\/li>\n<\/ul>\n<p>\u0110\u1ea1i l\u00fd BUSSMANN vietnam, BUSSMANN viet nam, BUSSMANN vietnam distributor, Ph\u00e2n ph\u1ed1i BUSSMANN t\u1ea1i vi\u1ec7t nam<\/p>\n<p>\u0110\u1ea1i l\u00fd BUSSMANN vietnam, BUSSMANN viet nam, BUSSMANN vietnam distributor, Ph\u00e2n ph\u1ed1i BUSSMANN t\u1ea1i vi\u1ec7t nam<\/p>\n<p>\u0110\u1ea1i l\u00fd BUSSMANN vietnam, BUSSMANN viet nam, BUSSMANN vietnam distributor, Ph\u00e2n ph\u1ed1i BUSSMANN t\u1ea1i vi\u1ec7t nam<\/p>\n<p>\u0110\u1ea1i l\u00fd BUSSMANN vietnam, BUSSMANN viet nam, BUSSMANN vietnam distributor, Ph\u00e2n ph\u1ed1i BUSSMANN t\u1ea1i vi\u1ec7t nam<\/p>\n<p>\u0110\u1ea1i l\u00fd BUSSMANN vietnam, BUSSMANN viet nam, BUSSMANN vietnam distributor, Ph\u00e2n ph\u1ed1i BUSSMANN t\u1ea1i vi\u1ec7t nam<\/p>\n","protected":false},"excerpt":{"rendered":"<p>BUSSMANN 170M8554 Th\u00f4ng s\u1ed1 k\u1ef9 thu\u1eadt \u0110i\u1ec7n \u00e1p 690 VAC D\u00f2ng \u0111i\u1ec7n 1250 A D\u00f2ng c\u1eaft 200kA K\u00edch th\u01b0\u1edbc NH 3 Th\u00f4ng tin s\u1ea3n ph\u1ea9m M\u00e3 s\u1ea3n ph\u1ea9m 170M8554 Partno \u00a0&#8211; Series \u00a0170M Ch\u1ee7ng lo\u1ea1i \u00a0C\u1ea7u ch\u00ec c\u1eaft nhanh d\u00f2ng AR Ti\u00eau chu\u1ea9n IEC 60269-4 \u1ee8ng d\u1ee5ng D\u00f9ng b\u1ea3o v\u1ec7&hellip; <\/p>\n","protected":false},"featured_media":1240,"comment_status":"open","ping_status":"closed","template":"","meta":{"om_disable_all_campaigns":false,"_monsterinsights_skip_tracking":false,"_monsterinsights_sitenote_active":false,"_monsterinsights_sitenote_note":"","_monsterinsights_sitenote_category":0},"product_cat":[15],"product_tag":[188,190,189],"class_list":{"0":"post-1239","1":"product","2":"type-product","3":"status-publish","4":"has-post-thumbnail","6":"product_cat-apex","7":"product_tag-bussmann-viet-nam","8":"product_tag-cau-chi","9":"product_tag-dai-ly-bussmann-viet-nam","11":"first","12":"instock","13":"shipping-taxable","14":"product-type-simple"},"aioseo_notices":[],"yoast_head":"<!-- This site is optimized with the Yoast SEO plugin v22.8 - https:\/\/yoast.com\/wordpress\/plugins\/seo\/ -->\n<title>BUSSMANN 170M8554 - OMANI VI\u1ec6T NAM<\/title>\n<meta name=\"robots\" content=\"index, follow, max-snippet:-1, max-image-preview:large, max-video-preview:-1\" \/>\n<link rel=\"canonical\" href=\"https:\/\/sipin.com.vn\/index.php\/product\/bussmann-170m8554\/\" \/>\n<meta property=\"og:locale\" content=\"vi_VN\" \/>\n<meta property=\"og:type\" content=\"article\" \/>\n<meta property=\"og:title\" content=\"BUSSMANN 170M8554 - OMANI VI\u1ec6T NAM\" \/>\n<meta property=\"og:description\" content=\"BUSSMANN 170M8554 Th\u00f4ng s\u1ed1 k\u1ef9 thu\u1eadt \u0110i\u1ec7n \u00e1p 690 VAC D\u00f2ng \u0111i\u1ec7n 1250 A D\u00f2ng c\u1eaft 200kA K\u00edch th\u01b0\u1edbc NH 3 Th\u00f4ng tin s\u1ea3n ph\u1ea9m M\u00e3 s\u1ea3n ph\u1ea9m 170M8554 Partno \u00a0&#8211; Series \u00a0170M Ch\u1ee7ng lo\u1ea1i \u00a0C\u1ea7u ch\u00ec c\u1eaft nhanh d\u00f2ng AR Ti\u00eau chu\u1ea9n IEC 60269-4 \u1ee8ng d\u1ee5ng D\u00f9ng b\u1ea3o v\u1ec7&hellip;\" \/>\n<meta property=\"og:url\" content=\"https:\/\/sipin.com.vn\/index.php\/product\/bussmann-170m8554\/\" \/>\n<meta property=\"og:site_name\" content=\"OMANI VI\u1ec6T NAM\" \/>\n<meta property=\"og:image\" content=\"https:\/\/sipin.com.vn\/wp-content\/uploads\/2024\/07\/170M8554.png\" \/>\n\t<meta property=\"og:image:width\" content=\"401\" \/>\n\t<meta property=\"og:image:height\" content=\"301\" \/>\n\t<meta property=\"og:image:type\" content=\"image\/png\" \/>\n<meta name=\"twitter:card\" content=\"summary_large_image\" \/>\n<meta name=\"twitter:label1\" content=\"\u01af\u1edbc t\u00ednh th\u1eddi gian \u0111\u1ecdc\" \/>\n\t<meta name=\"twitter:data1\" content=\"2 ph\u00fat\" \/>\n<script type=\"application\/ld+json\" class=\"yoast-schema-graph\">{\"@context\":\"https:\/\/schema.org\",\"@graph\":[{\"@type\":\"WebPage\",\"@id\":\"https:\/\/sipin.com.vn\/index.php\/product\/bussmann-170m8554\/\",\"url\":\"https:\/\/sipin.com.vn\/index.php\/product\/bussmann-170m8554\/\",\"name\":\"BUSSMANN 170M8554 - OMANI VI\u1ec6T NAM\",\"isPartOf\":{\"@id\":\"https:\/\/sipin.com.vn\/#website\"},\"primaryImageOfPage\":{\"@id\":\"https:\/\/sipin.com.vn\/index.php\/product\/bussmann-170m8554\/#primaryimage\"},\"image\":{\"@id\":\"https:\/\/sipin.com.vn\/index.php\/product\/bussmann-170m8554\/#primaryimage\"},\"thumbnailUrl\":\"https:\/\/sipin.com.vn\/wp-content\/uploads\/2024\/07\/170M8554.png\",\"datePublished\":\"2024-07-27T02:14:44+00:00\",\"dateModified\":\"2024-07-27T02:14:44+00:00\",\"breadcrumb\":{\"@id\":\"https:\/\/sipin.com.vn\/index.php\/product\/bussmann-170m8554\/#breadcrumb\"},\"inLanguage\":\"vi\",\"potentialAction\":[{\"@type\":\"ReadAction\",\"target\":[\"https:\/\/sipin.com.vn\/index.php\/product\/bussmann-170m8554\/\"]}]},{\"@type\":\"ImageObject\",\"inLanguage\":\"vi\",\"@id\":\"https:\/\/sipin.com.vn\/index.php\/product\/bussmann-170m8554\/#primaryimage\",\"url\":\"https:\/\/sipin.com.vn\/wp-content\/uploads\/2024\/07\/170M8554.png\",\"contentUrl\":\"https:\/\/sipin.com.vn\/wp-content\/uploads\/2024\/07\/170M8554.png\",\"width\":401,\"height\":301},{\"@type\":\"BreadcrumbList\",\"@id\":\"https:\/\/sipin.com.vn\/index.php\/product\/bussmann-170m8554\/#breadcrumb\",\"itemListElement\":[{\"@type\":\"ListItem\",\"position\":1,\"name\":\"Home\",\"item\":\"https:\/\/sipin.com.vn\/\"},{\"@type\":\"ListItem\",\"position\":2,\"name\":\"S\u1ea2N PH\u1ea8M\",\"item\":\"https:\/\/sipin.com.vn\/index.php\/cua-hang\/\"},{\"@type\":\"ListItem\",\"position\":3,\"name\":\"BUSSMANN 170M8554\"}]},{\"@type\":\"WebSite\",\"@id\":\"https:\/\/sipin.com.vn\/#website\",\"url\":\"https:\/\/sipin.com.vn\/\",\"name\":\"OMANI VI\u1ec6T NAM\",\"description\":\"Nh\u00e0 ph\u00e2n ph\u1ed1i thi\u1ebft b\u1ecb kh\u00ed n\u00e9n v\u00e0 thi\u1ebft b\u1ecb t\u1ef1 \u0111\u1ed9ng h\u00f3a trong c\u00f4ng nghi\u1ec7p\",\"publisher\":{\"@id\":\"https:\/\/sipin.com.vn\/#\/schema\/person\/0ad398a980dc3fd696111c2c5c8fa897\"},\"potentialAction\":[{\"@type\":\"SearchAction\",\"target\":{\"@type\":\"EntryPoint\",\"urlTemplate\":\"https:\/\/sipin.com.vn\/?s={search_term_string}\"},\"query-input\":\"required name=search_term_string\"}],\"inLanguage\":\"vi\"},{\"@type\":[\"Person\",\"Organization\"],\"@id\":\"https:\/\/sipin.com.vn\/#\/schema\/person\/0ad398a980dc3fd696111c2c5c8fa897\",\"name\":\"Nguy\u1ec5n V\u0103n Kh\u00e1nh\",\"image\":{\"@type\":\"ImageObject\",\"inLanguage\":\"vi\",\"@id\":\"https:\/\/sipin.com.vn\/#\/schema\/person\/image\/\",\"url\":\"https:\/\/sipin.com.vn\/wp-content\/uploads\/2024\/06\/logo-1024x1024.png\",\"contentUrl\":\"https:\/\/sipin.com.vn\/wp-content\/uploads\/2024\/06\/logo-1024x1024.png\",\"width\":1024,\"height\":1024,\"caption\":\"Nguy\u1ec5n V\u0103n Kh\u00e1nh\"},\"logo\":{\"@id\":\"https:\/\/sipin.com.vn\/#\/schema\/person\/image\/\"},\"sameAs\":[\"https:\/\/sipin.com.vn\"]}]}<\/script>\n<!-- \/ Yoast SEO plugin. -->","yoast_head_json":{"title":"BUSSMANN 170M8554 - OMANI VI\u1ec6T NAM","robots":{"index":"index","follow":"follow","max-snippet":"max-snippet:-1","max-image-preview":"max-image-preview:large","max-video-preview":"max-video-preview:-1"},"canonical":"https:\/\/sipin.com.vn\/index.php\/product\/bussmann-170m8554\/","og_locale":"vi_VN","og_type":"article","og_title":"BUSSMANN 170M8554 - OMANI VI\u1ec6T NAM","og_description":"BUSSMANN 170M8554 Th\u00f4ng s\u1ed1 k\u1ef9 thu\u1eadt \u0110i\u1ec7n \u00e1p 690 VAC D\u00f2ng \u0111i\u1ec7n 1250 A D\u00f2ng c\u1eaft 200kA K\u00edch th\u01b0\u1edbc NH 3 Th\u00f4ng tin s\u1ea3n ph\u1ea9m M\u00e3 s\u1ea3n ph\u1ea9m 170M8554 Partno \u00a0&#8211; Series \u00a0170M Ch\u1ee7ng lo\u1ea1i \u00a0C\u1ea7u ch\u00ec c\u1eaft nhanh d\u00f2ng AR Ti\u00eau chu\u1ea9n IEC 60269-4 \u1ee8ng d\u1ee5ng D\u00f9ng b\u1ea3o v\u1ec7&hellip;","og_url":"https:\/\/sipin.com.vn\/index.php\/product\/bussmann-170m8554\/","og_site_name":"OMANI VI\u1ec6T NAM","og_image":[{"width":401,"height":301,"url":"https:\/\/sipin.com.vn\/wp-content\/uploads\/2024\/07\/170M8554.png","type":"image\/png"}],"twitter_card":"summary_large_image","twitter_misc":{"\u01af\u1edbc t\u00ednh th\u1eddi gian \u0111\u1ecdc":"2 ph\u00fat"},"schema":{"@context":"https:\/\/schema.org","@graph":[{"@type":"WebPage","@id":"https:\/\/sipin.com.vn\/index.php\/product\/bussmann-170m8554\/","url":"https:\/\/sipin.com.vn\/index.php\/product\/bussmann-170m8554\/","name":"BUSSMANN 170M8554 - OMANI VI\u1ec6T NAM","isPartOf":{"@id":"https:\/\/sipin.com.vn\/#website"},"primaryImageOfPage":{"@id":"https:\/\/sipin.com.vn\/index.php\/product\/bussmann-170m8554\/#primaryimage"},"image":{"@id":"https:\/\/sipin.com.vn\/index.php\/product\/bussmann-170m8554\/#primaryimage"},"thumbnailUrl":"https:\/\/sipin.com.vn\/wp-content\/uploads\/2024\/07\/170M8554.png","datePublished":"2024-07-27T02:14:44+00:00","dateModified":"2024-07-27T02:14:44+00:00","breadcrumb":{"@id":"https:\/\/sipin.com.vn\/index.php\/product\/bussmann-170m8554\/#breadcrumb"},"inLanguage":"vi","potentialAction":[{"@type":"ReadAction","target":["https:\/\/sipin.com.vn\/index.php\/product\/bussmann-170m8554\/"]}]},{"@type":"ImageObject","inLanguage":"vi","@id":"https:\/\/sipin.com.vn\/index.php\/product\/bussmann-170m8554\/#primaryimage","url":"https:\/\/sipin.com.vn\/wp-content\/uploads\/2024\/07\/170M8554.png","contentUrl":"https:\/\/sipin.com.vn\/wp-content\/uploads\/2024\/07\/170M8554.png","width":401,"height":301},{"@type":"BreadcrumbList","@id":"https:\/\/sipin.com.vn\/index.php\/product\/bussmann-170m8554\/#breadcrumb","itemListElement":[{"@type":"ListItem","position":1,"name":"Home","item":"https:\/\/sipin.com.vn\/"},{"@type":"ListItem","position":2,"name":"S\u1ea2N PH\u1ea8M","item":"https:\/\/sipin.com.vn\/index.php\/cua-hang\/"},{"@type":"ListItem","position":3,"name":"BUSSMANN 170M8554"}]},{"@type":"WebSite","@id":"https:\/\/sipin.com.vn\/#website","url":"https:\/\/sipin.com.vn\/","name":"OMANI VI\u1ec6T NAM","description":"Nh\u00e0 ph\u00e2n ph\u1ed1i thi\u1ebft b\u1ecb kh\u00ed n\u00e9n v\u00e0 thi\u1ebft b\u1ecb t\u1ef1 \u0111\u1ed9ng h\u00f3a trong c\u00f4ng nghi\u1ec7p","publisher":{"@id":"https:\/\/sipin.com.vn\/#\/schema\/person\/0ad398a980dc3fd696111c2c5c8fa897"},"potentialAction":[{"@type":"SearchAction","target":{"@type":"EntryPoint","urlTemplate":"https:\/\/sipin.com.vn\/?s={search_term_string}"},"query-input":"required name=search_term_string"}],"inLanguage":"vi"},{"@type":["Person","Organization"],"@id":"https:\/\/sipin.com.vn\/#\/schema\/person\/0ad398a980dc3fd696111c2c5c8fa897","name":"Nguy\u1ec5n V\u0103n Kh\u00e1nh","image":{"@type":"ImageObject","inLanguage":"vi","@id":"https:\/\/sipin.com.vn\/#\/schema\/person\/image\/","url":"https:\/\/sipin.com.vn\/wp-content\/uploads\/2024\/06\/logo-1024x1024.png","contentUrl":"https:\/\/sipin.com.vn\/wp-content\/uploads\/2024\/06\/logo-1024x1024.png","width":1024,"height":1024,"caption":"Nguy\u1ec5n V\u0103n Kh\u00e1nh"},"logo":{"@id":"https:\/\/sipin.com.vn\/#\/schema\/person\/image\/"},"sameAs":["https:\/\/sipin.com.vn"]}]}},"_links":{"self":[{"href":"https:\/\/sipin.com.vn\/index.php\/wp-json\/wp\/v2\/product\/1239","targetHints":{"allow":["GET"]}}],"collection":[{"href":"https:\/\/sipin.com.vn\/index.php\/wp-json\/wp\/v2\/product"}],"about":[{"href":"https:\/\/sipin.com.vn\/index.php\/wp-json\/wp\/v2\/types\/product"}],"replies":[{"embeddable":true,"href":"https:\/\/sipin.com.vn\/index.php\/wp-json\/wp\/v2\/comments?post=1239"}],"wp:featuredmedia":[{"embeddable":true,"href":"https:\/\/sipin.com.vn\/index.php\/wp-json\/wp\/v2\/media\/1240"}],"wp:attachment":[{"href":"https:\/\/sipin.com.vn\/index.php\/wp-json\/wp\/v2\/media?parent=1239"}],"wp:term":[{"taxonomy":"product_cat","embeddable":true,"href":"https:\/\/sipin.com.vn\/index.php\/wp-json\/wp\/v2\/product_cat?post=1239"},{"taxonomy":"product_tag","embeddable":true,"href":"https:\/\/sipin.com.vn\/index.php\/wp-json\/wp\/v2\/product_tag?post=1239"}],"curies":[{"name":"wp","href":"https:\/\/api.w.org\/{rel}","templated":true}]}}