{"id":1197,"date":"2024-07-21T05:34:26","date_gmt":"2024-07-20T22:34:26","guid":{"rendered":"https:\/\/omanivietnam.com\/?post_type=product&#038;p=1197"},"modified":"2024-07-21T05:34:26","modified_gmt":"2024-07-20T22:34:26","slug":"ross-w6077b2401","status":"publish","type":"product","link":"https:\/\/sipin.com.vn\/index.php\/product\/ross-w6077b2401\/","title":{"rendered":"ROSS W6077B2401"},"content":{"rendered":"<p>ROSS W6077B2401<\/p>\n<ul>\n<li>Poppet &amp; Spool &amp; Sleeve Options<\/li>\n<li>Pilot operation provides high shifting force with low power consumption<\/li>\n<li>Available port sizes include: 1\/8\u201d, 1\/4\u201d, 3\/8\u201d, 1\/2\u201d, and 3\/4\u201d<\/li>\n<li>Inlet pressure from vacuum to 150 psig (10 bar)<\/li>\n<li>Available with Buna-N and Flouroelastomer seals for a wide temperature range<\/li>\n<li>Single base and manifold base mounting<\/li>\n<\/ul>\n<table class=\"fz-14\">\n<tbody>\n<tr>\n<td>Valve Type<\/td>\n<td>Directional Control<\/td>\n<\/tr>\n<tr>\n<td>Series<\/td>\n<td>W60<\/td>\n<\/tr>\n<tr>\n<td>Valve Standard<\/td>\n<td>ISO 5599-1<\/td>\n<\/tr>\n<tr>\n<td>Application<\/td>\n<td>Standard Temperature<\/td>\n<\/tr>\n<tr>\n<td>Construction<\/td>\n<td>Spool and Sleeve<\/td>\n<\/tr>\n<tr>\n<td>Mounting<\/td>\n<td>Base Mount<\/td>\n<\/tr>\n<tr>\n<td>Connection<\/td>\n<td>EN 175301-803 Form A<\/td>\n<\/tr>\n<tr>\n<td>Manual Override<\/td>\n<td>Non-locking<\/td>\n<\/tr>\n<tr>\n<td>Size<\/td>\n<td>1<\/td>\n<\/tr>\n<tr>\n<td>Avg. Cv<\/td>\n<td>0.8<\/td>\n<\/tr>\n<tr>\n<td>Voltage<\/td>\n<td>24 VDC<\/td>\n<\/tr>\n<tr>\n<td>Duty Rating<\/td>\n<td>Continuous Duty<\/td>\n<\/tr>\n<tr>\n<td>Power Consumption<\/td>\n<td>5.8 watts nominal, 6.5 watts maximum<\/td>\n<\/tr>\n<tr>\n<td>Ambient Temperature<\/td>\n<td>40 to 175 F (4 to 80 C)<\/td>\n<\/tr>\n<tr>\n<td>Media Temperature<\/td>\n<td>40 to 175 F (4 to 80 C)<\/td>\n<\/tr>\n<tr>\n<td>Fluid Media<\/td>\n<td>Filtered Air<\/td>\n<\/tr>\n<tr>\n<td>Operating Pressure<\/td>\n<td>Vacuum to 150 psig (10 bar)<\/td>\n<\/tr>\n<tr>\n<td>Pilot Supply Minimum<\/td>\n<td>Must be \u2265 inlet pressure<\/td>\n<\/tr>\n<tr>\n<td>Length<\/td>\n<td>1.7 in (42 mm)<\/td>\n<\/tr>\n<tr>\n<td>Valve Body Material<\/td>\n<td>Bar Stock Aluminum<\/td>\n<\/tr>\n<tr>\n<td>Poppet\/Spool Material<\/td>\n<td>Stainless Steel<\/td>\n<\/tr>\n<tr>\n<td>Seal Material<\/td>\n<td>Buna-N<\/td>\n<\/tr>\n<tr>\n<td>Actuation<\/td>\n<td>Electrical<\/td>\n<\/tr>\n<tr>\n<td>Default Position<\/td>\n<td>Normally Closed<\/td>\n<\/tr>\n<tr>\n<td>Center Position<\/td>\n<td>Closed<\/td>\n<\/tr>\n<tr>\n<td>Return<\/td>\n<td>Detented<\/td>\n<\/tr>\n<tr>\n<td>Pilot Type<\/td>\n<td>Internal\/External<\/td>\n<\/tr>\n<tr>\n<td>Height<\/td>\n<td>4.4 in (112 mm)<\/td>\n<\/tr>\n<tr>\n<td>Weight<\/td>\n<td>1.8 lb (0.9 kg)<\/td>\n<\/tr>\n<tr>\n<td>Function<\/td>\n<td>5\/3 Double Solenoid<\/td>\n<\/tr>\n<tr>\n<td>Width<\/td>\n<td>6.7 in (170 mm)<\/td>\n<\/tr>\n<\/tbody>\n<\/table>\n<p>&nbsp;<\/p>\n<p>C\u00e1c s\u1ea3n ph\u1ea9m Ross:<\/p>\n<p>1017K77, 837K77, RM2A-8MB, I4500AAXR, 7129-501, W6077B2401 (24VDC), D2771C6032, D2174B3917, W6476B3401, W6077B3407, W6476B2407, W6476B2401, W6077B2401, 2153B5901, C5X00B9030<\/p>\n<p>\u0110\u1ea1i l\u00fd ROSS vietnam, ROSS viet nam, ROSS vietnam distributor, Ph\u00e2n ph\u1ed1i ROSS t\u1ea1i vi\u1ec7t nam<\/p>\n<p>\u0110\u1ea1i l\u00fd ROSS vietnam, ROSS viet nam, ROSS vietnam distributor, Ph\u00e2n ph\u1ed1i ROSS t\u1ea1i vi\u1ec7t nam<\/p>\n<p>\u0110\u1ea1i l\u00fd ROSS vietnam, ROSS viet nam, ROSS vietnam distributor, Ph\u00e2n ph\u1ed1i ROSS t\u1ea1i vi\u1ec7t nam<\/p>\n<p>\u0110\u1ea1i l\u00fd ROSS vietnam, ROSS viet nam, ROSS vietnam distributor, Ph\u00e2n ph\u1ed1i ROSS t\u1ea1i vi\u1ec7t nam<\/p>\n<p>\u0110\u1ea1i l\u00fd ROSS vietnam, ROSS viet nam, ROSS vietnam distributor, Ph\u00e2n ph\u1ed1i ROSS t\u1ea1i vi\u1ec7t nam<\/p>\n","protected":false},"excerpt":{"rendered":"<p>ROSS W6077B2401 Poppet &amp; Spool &amp; Sleeve Options Pilot operation provides high shifting force with low power consumption Available port sizes include: 1\/8\u201d, 1\/4\u201d, 3\/8\u201d, 1\/2\u201d, and 3\/4\u201d Inlet pressure from vacuum to 150 psig (10 bar) Available with Buna-N and Flouroelastomer seals for a wide temperature range Single base&hellip; <\/p>\n","protected":false},"featured_media":1198,"comment_status":"open","ping_status":"closed","template":"","meta":{"om_disable_all_campaigns":false,"_monsterinsights_skip_tracking":false,"_monsterinsights_sitenote_active":false,"_monsterinsights_sitenote_note":"","_monsterinsights_sitenote_category":0},"product_cat":[15],"product_tag":[316,315,102],"class_list":{"0":"post-1197","1":"product","2":"type-product","3":"status-publish","4":"has-post-thumbnail","6":"product_cat-apex","7":"product_tag-dai-ly-ross-viet-nam","8":"product_tag-ross-viet-nam","9":"product_tag-van-khi-nen","11":"first","12":"instock","13":"shipping-taxable","14":"product-type-simple"},"aioseo_notices":[],"yoast_head":"<!-- This site is optimized with the Yoast SEO plugin v22.8 - https:\/\/yoast.com\/wordpress\/plugins\/seo\/ -->\n<title>ROSS W6077B2401 - OMANI VI\u1ec6T NAM<\/title>\n<meta name=\"robots\" content=\"index, follow, max-snippet:-1, max-image-preview:large, max-video-preview:-1\" \/>\n<link rel=\"canonical\" href=\"https:\/\/sipin.com.vn\/index.php\/product\/ross-w6077b2401\/\" \/>\n<meta property=\"og:locale\" content=\"vi_VN\" \/>\n<meta property=\"og:type\" content=\"article\" \/>\n<meta property=\"og:title\" content=\"ROSS W6077B2401 - OMANI VI\u1ec6T NAM\" \/>\n<meta property=\"og:description\" content=\"ROSS W6077B2401 Poppet &amp; Spool &amp; Sleeve Options Pilot operation provides high shifting force with low power consumption Available port sizes include: 1\/8\u201d, 1\/4\u201d, 3\/8\u201d, 1\/2\u201d, and 3\/4\u201d Inlet pressure from vacuum to 150 psig (10 bar) Available with Buna-N and Flouroelastomer seals for a wide temperature range Single base&hellip;\" \/>\n<meta property=\"og:url\" content=\"https:\/\/sipin.com.vn\/index.php\/product\/ross-w6077b2401\/\" \/>\n<meta property=\"og:site_name\" content=\"OMANI VI\u1ec6T NAM\" \/>\n<meta property=\"og:image\" content=\"https:\/\/sipin.com.vn\/wp-content\/uploads\/2024\/07\/W6077B2401.png\" \/>\n\t<meta property=\"og:image:width\" content=\"697\" \/>\n\t<meta property=\"og:image:height\" content=\"369\" \/>\n\t<meta property=\"og:image:type\" content=\"image\/png\" \/>\n<meta name=\"twitter:card\" content=\"summary_large_image\" \/>\n<meta name=\"twitter:label1\" content=\"\u01af\u1edbc t\u00ednh th\u1eddi gian \u0111\u1ecdc\" \/>\n\t<meta name=\"twitter:data1\" content=\"2 ph\u00fat\" \/>\n<script type=\"application\/ld+json\" class=\"yoast-schema-graph\">{\"@context\":\"https:\/\/schema.org\",\"@graph\":[{\"@type\":\"WebPage\",\"@id\":\"https:\/\/sipin.com.vn\/index.php\/product\/ross-w6077b2401\/\",\"url\":\"https:\/\/sipin.com.vn\/index.php\/product\/ross-w6077b2401\/\",\"name\":\"ROSS W6077B2401 - OMANI VI\u1ec6T NAM\",\"isPartOf\":{\"@id\":\"https:\/\/sipin.com.vn\/#website\"},\"primaryImageOfPage\":{\"@id\":\"https:\/\/sipin.com.vn\/index.php\/product\/ross-w6077b2401\/#primaryimage\"},\"image\":{\"@id\":\"https:\/\/sipin.com.vn\/index.php\/product\/ross-w6077b2401\/#primaryimage\"},\"thumbnailUrl\":\"https:\/\/sipin.com.vn\/wp-content\/uploads\/2024\/07\/W6077B2401.png\",\"datePublished\":\"2024-07-20T22:34:26+00:00\",\"dateModified\":\"2024-07-20T22:34:26+00:00\",\"breadcrumb\":{\"@id\":\"https:\/\/sipin.com.vn\/index.php\/product\/ross-w6077b2401\/#breadcrumb\"},\"inLanguage\":\"vi\",\"potentialAction\":[{\"@type\":\"ReadAction\",\"target\":[\"https:\/\/sipin.com.vn\/index.php\/product\/ross-w6077b2401\/\"]}]},{\"@type\":\"ImageObject\",\"inLanguage\":\"vi\",\"@id\":\"https:\/\/sipin.com.vn\/index.php\/product\/ross-w6077b2401\/#primaryimage\",\"url\":\"https:\/\/sipin.com.vn\/wp-content\/uploads\/2024\/07\/W6077B2401.png\",\"contentUrl\":\"https:\/\/sipin.com.vn\/wp-content\/uploads\/2024\/07\/W6077B2401.png\",\"width\":697,\"height\":369},{\"@type\":\"BreadcrumbList\",\"@id\":\"https:\/\/sipin.com.vn\/index.php\/product\/ross-w6077b2401\/#breadcrumb\",\"itemListElement\":[{\"@type\":\"ListItem\",\"position\":1,\"name\":\"Home\",\"item\":\"https:\/\/sipin.com.vn\/\"},{\"@type\":\"ListItem\",\"position\":2,\"name\":\"S\u1ea2N PH\u1ea8M\",\"item\":\"https:\/\/sipin.com.vn\/index.php\/cua-hang\/\"},{\"@type\":\"ListItem\",\"position\":3,\"name\":\"ROSS W6077B2401\"}]},{\"@type\":\"WebSite\",\"@id\":\"https:\/\/sipin.com.vn\/#website\",\"url\":\"https:\/\/sipin.com.vn\/\",\"name\":\"OMANI VI\u1ec6T NAM\",\"description\":\"Nh\u00e0 ph\u00e2n ph\u1ed1i thi\u1ebft b\u1ecb kh\u00ed n\u00e9n v\u00e0 thi\u1ebft b\u1ecb t\u1ef1 \u0111\u1ed9ng h\u00f3a trong c\u00f4ng nghi\u1ec7p\",\"publisher\":{\"@id\":\"https:\/\/sipin.com.vn\/#\/schema\/person\/0ad398a980dc3fd696111c2c5c8fa897\"},\"potentialAction\":[{\"@type\":\"SearchAction\",\"target\":{\"@type\":\"EntryPoint\",\"urlTemplate\":\"https:\/\/sipin.com.vn\/?s={search_term_string}\"},\"query-input\":\"required name=search_term_string\"}],\"inLanguage\":\"vi\"},{\"@type\":[\"Person\",\"Organization\"],\"@id\":\"https:\/\/sipin.com.vn\/#\/schema\/person\/0ad398a980dc3fd696111c2c5c8fa897\",\"name\":\"Nguy\u1ec5n V\u0103n Kh\u00e1nh\",\"image\":{\"@type\":\"ImageObject\",\"inLanguage\":\"vi\",\"@id\":\"https:\/\/sipin.com.vn\/#\/schema\/person\/image\/\",\"url\":\"https:\/\/sipin.com.vn\/wp-content\/uploads\/2024\/06\/logo-1024x1024.png\",\"contentUrl\":\"https:\/\/sipin.com.vn\/wp-content\/uploads\/2024\/06\/logo-1024x1024.png\",\"width\":1024,\"height\":1024,\"caption\":\"Nguy\u1ec5n V\u0103n Kh\u00e1nh\"},\"logo\":{\"@id\":\"https:\/\/sipin.com.vn\/#\/schema\/person\/image\/\"},\"sameAs\":[\"https:\/\/sipin.com.vn\"]}]}<\/script>\n<!-- \/ Yoast SEO plugin. -->","yoast_head_json":{"title":"ROSS W6077B2401 - OMANI VI\u1ec6T NAM","robots":{"index":"index","follow":"follow","max-snippet":"max-snippet:-1","max-image-preview":"max-image-preview:large","max-video-preview":"max-video-preview:-1"},"canonical":"https:\/\/sipin.com.vn\/index.php\/product\/ross-w6077b2401\/","og_locale":"vi_VN","og_type":"article","og_title":"ROSS W6077B2401 - OMANI VI\u1ec6T NAM","og_description":"ROSS W6077B2401 Poppet &amp; Spool &amp; Sleeve Options Pilot operation provides high shifting force with low power consumption Available port sizes include: 1\/8\u201d, 1\/4\u201d, 3\/8\u201d, 1\/2\u201d, and 3\/4\u201d Inlet pressure from vacuum to 150 psig (10 bar) Available with Buna-N and Flouroelastomer seals for a wide temperature range Single base&hellip;","og_url":"https:\/\/sipin.com.vn\/index.php\/product\/ross-w6077b2401\/","og_site_name":"OMANI VI\u1ec6T NAM","og_image":[{"width":697,"height":369,"url":"https:\/\/sipin.com.vn\/wp-content\/uploads\/2024\/07\/W6077B2401.png","type":"image\/png"}],"twitter_card":"summary_large_image","twitter_misc":{"\u01af\u1edbc t\u00ednh th\u1eddi gian \u0111\u1ecdc":"2 ph\u00fat"},"schema":{"@context":"https:\/\/schema.org","@graph":[{"@type":"WebPage","@id":"https:\/\/sipin.com.vn\/index.php\/product\/ross-w6077b2401\/","url":"https:\/\/sipin.com.vn\/index.php\/product\/ross-w6077b2401\/","name":"ROSS W6077B2401 - OMANI VI\u1ec6T NAM","isPartOf":{"@id":"https:\/\/sipin.com.vn\/#website"},"primaryImageOfPage":{"@id":"https:\/\/sipin.com.vn\/index.php\/product\/ross-w6077b2401\/#primaryimage"},"image":{"@id":"https:\/\/sipin.com.vn\/index.php\/product\/ross-w6077b2401\/#primaryimage"},"thumbnailUrl":"https:\/\/sipin.com.vn\/wp-content\/uploads\/2024\/07\/W6077B2401.png","datePublished":"2024-07-20T22:34:26+00:00","dateModified":"2024-07-20T22:34:26+00:00","breadcrumb":{"@id":"https:\/\/sipin.com.vn\/index.php\/product\/ross-w6077b2401\/#breadcrumb"},"inLanguage":"vi","potentialAction":[{"@type":"ReadAction","target":["https:\/\/sipin.com.vn\/index.php\/product\/ross-w6077b2401\/"]}]},{"@type":"ImageObject","inLanguage":"vi","@id":"https:\/\/sipin.com.vn\/index.php\/product\/ross-w6077b2401\/#primaryimage","url":"https:\/\/sipin.com.vn\/wp-content\/uploads\/2024\/07\/W6077B2401.png","contentUrl":"https:\/\/sipin.com.vn\/wp-content\/uploads\/2024\/07\/W6077B2401.png","width":697,"height":369},{"@type":"BreadcrumbList","@id":"https:\/\/sipin.com.vn\/index.php\/product\/ross-w6077b2401\/#breadcrumb","itemListElement":[{"@type":"ListItem","position":1,"name":"Home","item":"https:\/\/sipin.com.vn\/"},{"@type":"ListItem","position":2,"name":"S\u1ea2N PH\u1ea8M","item":"https:\/\/sipin.com.vn\/index.php\/cua-hang\/"},{"@type":"ListItem","position":3,"name":"ROSS W6077B2401"}]},{"@type":"WebSite","@id":"https:\/\/sipin.com.vn\/#website","url":"https:\/\/sipin.com.vn\/","name":"OMANI VI\u1ec6T NAM","description":"Nh\u00e0 ph\u00e2n ph\u1ed1i thi\u1ebft b\u1ecb kh\u00ed n\u00e9n v\u00e0 thi\u1ebft b\u1ecb t\u1ef1 \u0111\u1ed9ng h\u00f3a trong c\u00f4ng nghi\u1ec7p","publisher":{"@id":"https:\/\/sipin.com.vn\/#\/schema\/person\/0ad398a980dc3fd696111c2c5c8fa897"},"potentialAction":[{"@type":"SearchAction","target":{"@type":"EntryPoint","urlTemplate":"https:\/\/sipin.com.vn\/?s={search_term_string}"},"query-input":"required name=search_term_string"}],"inLanguage":"vi"},{"@type":["Person","Organization"],"@id":"https:\/\/sipin.com.vn\/#\/schema\/person\/0ad398a980dc3fd696111c2c5c8fa897","name":"Nguy\u1ec5n V\u0103n Kh\u00e1nh","image":{"@type":"ImageObject","inLanguage":"vi","@id":"https:\/\/sipin.com.vn\/#\/schema\/person\/image\/","url":"https:\/\/sipin.com.vn\/wp-content\/uploads\/2024\/06\/logo-1024x1024.png","contentUrl":"https:\/\/sipin.com.vn\/wp-content\/uploads\/2024\/06\/logo-1024x1024.png","width":1024,"height":1024,"caption":"Nguy\u1ec5n V\u0103n Kh\u00e1nh"},"logo":{"@id":"https:\/\/sipin.com.vn\/#\/schema\/person\/image\/"},"sameAs":["https:\/\/sipin.com.vn"]}]}},"_links":{"self":[{"href":"https:\/\/sipin.com.vn\/index.php\/wp-json\/wp\/v2\/product\/1197","targetHints":{"allow":["GET"]}}],"collection":[{"href":"https:\/\/sipin.com.vn\/index.php\/wp-json\/wp\/v2\/product"}],"about":[{"href":"https:\/\/sipin.com.vn\/index.php\/wp-json\/wp\/v2\/types\/product"}],"replies":[{"embeddable":true,"href":"https:\/\/sipin.com.vn\/index.php\/wp-json\/wp\/v2\/comments?post=1197"}],"wp:featuredmedia":[{"embeddable":true,"href":"https:\/\/sipin.com.vn\/index.php\/wp-json\/wp\/v2\/media\/1198"}],"wp:attachment":[{"href":"https:\/\/sipin.com.vn\/index.php\/wp-json\/wp\/v2\/media?parent=1197"}],"wp:term":[{"taxonomy":"product_cat","embeddable":true,"href":"https:\/\/sipin.com.vn\/index.php\/wp-json\/wp\/v2\/product_cat?post=1197"},{"taxonomy":"product_tag","embeddable":true,"href":"https:\/\/sipin.com.vn\/index.php\/wp-json\/wp\/v2\/product_tag?post=1197"}],"curies":[{"name":"wp","href":"https:\/\/api.w.org\/{rel}","templated":true}]}}