{"id":1190,"date":"2024-07-21T05:10:09","date_gmt":"2024-07-20T22:10:09","guid":{"rendered":"https:\/\/omanivietnam.com\/?post_type=product&#038;p=1190"},"modified":"2024-07-21T05:14:35","modified_gmt":"2024-07-20T22:14:35","slug":"ross-837k77","status":"publish","type":"product","link":"https:\/\/sipin.com.vn\/index.php\/product\/ross-837k77\/","title":{"rendered":"ROSS 837K77"},"content":{"rendered":"<p>ROSS 837K77<\/p>\n<p class=\"heading copy-color fz-25\">Valve Body Kit <span class=\"block mt-hr copy\">837K77<\/span><\/p>\n<ul>\n<li>Includes all parts needed for complete reconditioning of a valve body.<\/li>\n<li>Included are spool &amp; sleeve or poppets, spindles, gaskets, seals, and instructions for use.<\/li>\n<li>19, 21, 27, 31, 35, 80, CP, CX, LF, LX, DM2D, W60, W64, W65, W70, &amp; W74 Valve Series<\/li>\n<\/ul>\n<div id=\"tab-nav\" class=\"row mb-2 no-print\">\n<div class=\"column md-2 text-center\">\n<h3 class=\"copy active tab-link\" data-tab=\"#details\">Details<\/h3>\n<\/div>\n<\/div>\n<div class=\"row\">\n<div class=\"column\">\n<div id=\"details\" class=\"tab\">\n<div class=\"table-responsive\">\n<table class=\"fz-14\">\n<tbody>\n<tr>\n<td>Body Size<\/td>\n<td>1<\/td>\n<\/tr>\n<tr>\n<td>Port Sizes<\/td>\n<td>1\/8 &#8211; 3\/8<\/td>\n<\/tr>\n<tr>\n<td>Seal Material<\/td>\n<td>Buna-N<\/td>\n<\/tr>\n<tr>\n<td>Application<\/td>\n<td>General<\/td>\n<\/tr>\n<tr>\n<td>Valve Function<\/td>\n<td>5\/3<\/td>\n<\/tr>\n<tr>\n<td>Valve Series<\/td>\n<td>W60<\/td>\n<\/tr>\n<tr>\n<td>Series Name<\/td>\n<td>ISO 5599-1<\/td>\n<\/tr>\n<\/tbody>\n<\/table>\n<\/div>\n<p>&nbsp;<\/p>\n<p>C\u00e1c d\u00f2ng s\u1ea3n ph\u1ea9m Ross:<\/p>\n<p>1017K77, 837K77, RM2A-8MB, I4500AAXR, 7129-501, W6077B2401 (24VDC), D2771C6032, D2174B3917, W6476B3401, W6077B3407, W6476B2407, W6476B2401, W6077B2401, 2153B5901, C5X00B9030<\/p>\n<\/div>\n<p>\u0110\u1ea1i l\u00fd ROSS vietnam, ROSS viet nam, ROSS vietnam distributor, Ph\u00e2n ph\u1ed1i ROSS t\u1ea1i vi\u1ec7t nam<\/p>\n<p>\u0110\u1ea1i l\u00fd ROSS vietnam, ROSS viet nam, ROSS vietnam distributor, Ph\u00e2n ph\u1ed1i ROSS t\u1ea1i vi\u1ec7t nam<\/p>\n<p>\u0110\u1ea1i l\u00fd ROSS vietnam, ROSS viet nam, ROSS vietnam distributor, Ph\u00e2n ph\u1ed1i ROSS t\u1ea1i vi\u1ec7t nam<\/p>\n<p>\u0110\u1ea1i l\u00fd ROSS vietnam, ROSS viet nam, ROSS vietnam distributor, Ph\u00e2n ph\u1ed1i ROSS t\u1ea1i vi\u1ec7t nam<\/p>\n<p>\u0110\u1ea1i l\u00fd ROSS vietnam, ROSS viet nam, ROSS vietnam distributor, Ph\u00e2n ph\u1ed1i ROSS t\u1ea1i vi\u1ec7t nam<\/p>\n<\/div>\n<\/div>\n","protected":false},"excerpt":{"rendered":"<p>ROSS 837K77 Valve Body Kit 837K77 Includes all parts needed for complete reconditioning of a valve body. Included are spool &amp; sleeve or poppets, spindles, gaskets, seals, and instructions for use. 19, 21, 27, 31, 35, 80, CP, CX, LF, LX, DM2D, W60, W64, W65, W70, &amp; W74 Valve Series&hellip; <\/p>\n","protected":false},"featured_media":1191,"comment_status":"open","ping_status":"closed","template":"","meta":{"om_disable_all_campaigns":false,"_monsterinsights_skip_tracking":false,"_monsterinsights_sitenote_active":false,"_monsterinsights_sitenote_note":"","_monsterinsights_sitenote_category":0},"product_cat":[15],"product_tag":[316,317,315],"class_list":{"0":"post-1190","1":"product","2":"type-product","3":"status-publish","4":"has-post-thumbnail","6":"product_cat-apex","7":"product_tag-dai-ly-ross-viet-nam","8":"product_tag-mieng-dem-cao-su","9":"product_tag-ross-viet-nam","11":"first","12":"instock","13":"shipping-taxable","14":"product-type-simple"},"aioseo_notices":[],"yoast_head":"<!-- This site is optimized with the Yoast SEO plugin v22.8 - https:\/\/yoast.com\/wordpress\/plugins\/seo\/ -->\n<title>ROSS 837K77 - OMANI VI\u1ec6T NAM<\/title>\n<meta name=\"robots\" content=\"index, follow, max-snippet:-1, max-image-preview:large, max-video-preview:-1\" \/>\n<link rel=\"canonical\" href=\"https:\/\/sipin.com.vn\/index.php\/product\/ross-837k77\/\" \/>\n<meta property=\"og:locale\" content=\"vi_VN\" \/>\n<meta property=\"og:type\" content=\"article\" \/>\n<meta property=\"og:title\" content=\"ROSS 837K77 - OMANI VI\u1ec6T NAM\" \/>\n<meta property=\"og:description\" content=\"ROSS 837K77 Valve Body Kit 837K77 Includes all parts needed for complete reconditioning of a valve body. Included are spool &amp; sleeve or poppets, spindles, gaskets, seals, and instructions for use. 19, 21, 27, 31, 35, 80, CP, CX, LF, LX, DM2D, W60, W64, W65, W70, &amp; W74 Valve Series&hellip;\" \/>\n<meta property=\"og:url\" content=\"https:\/\/sipin.com.vn\/index.php\/product\/ross-837k77\/\" \/>\n<meta property=\"og:site_name\" content=\"OMANI VI\u1ec6T NAM\" \/>\n<meta property=\"article:modified_time\" content=\"2024-07-20T22:14:35+00:00\" \/>\n<meta property=\"og:image\" content=\"https:\/\/sipin.com.vn\/wp-content\/uploads\/2024\/07\/837K77.png\" \/>\n\t<meta property=\"og:image:width\" content=\"552\" \/>\n\t<meta property=\"og:image:height\" content=\"385\" \/>\n\t<meta property=\"og:image:type\" content=\"image\/png\" \/>\n<meta name=\"twitter:card\" content=\"summary_large_image\" \/>\n<meta name=\"twitter:label1\" content=\"\u01af\u1edbc t\u00ednh th\u1eddi gian \u0111\u1ecdc\" \/>\n\t<meta name=\"twitter:data1\" content=\"2 ph\u00fat\" \/>\n<script type=\"application\/ld+json\" class=\"yoast-schema-graph\">{\"@context\":\"https:\/\/schema.org\",\"@graph\":[{\"@type\":\"WebPage\",\"@id\":\"https:\/\/sipin.com.vn\/index.php\/product\/ross-837k77\/\",\"url\":\"https:\/\/sipin.com.vn\/index.php\/product\/ross-837k77\/\",\"name\":\"ROSS 837K77 - OMANI VI\u1ec6T NAM\",\"isPartOf\":{\"@id\":\"https:\/\/sipin.com.vn\/#website\"},\"primaryImageOfPage\":{\"@id\":\"https:\/\/sipin.com.vn\/index.php\/product\/ross-837k77\/#primaryimage\"},\"image\":{\"@id\":\"https:\/\/sipin.com.vn\/index.php\/product\/ross-837k77\/#primaryimage\"},\"thumbnailUrl\":\"https:\/\/sipin.com.vn\/wp-content\/uploads\/2024\/07\/837K77.png\",\"datePublished\":\"2024-07-20T22:10:09+00:00\",\"dateModified\":\"2024-07-20T22:14:35+00:00\",\"breadcrumb\":{\"@id\":\"https:\/\/sipin.com.vn\/index.php\/product\/ross-837k77\/#breadcrumb\"},\"inLanguage\":\"vi\",\"potentialAction\":[{\"@type\":\"ReadAction\",\"target\":[\"https:\/\/sipin.com.vn\/index.php\/product\/ross-837k77\/\"]}]},{\"@type\":\"ImageObject\",\"inLanguage\":\"vi\",\"@id\":\"https:\/\/sipin.com.vn\/index.php\/product\/ross-837k77\/#primaryimage\",\"url\":\"https:\/\/sipin.com.vn\/wp-content\/uploads\/2024\/07\/837K77.png\",\"contentUrl\":\"https:\/\/sipin.com.vn\/wp-content\/uploads\/2024\/07\/837K77.png\",\"width\":552,\"height\":385},{\"@type\":\"BreadcrumbList\",\"@id\":\"https:\/\/sipin.com.vn\/index.php\/product\/ross-837k77\/#breadcrumb\",\"itemListElement\":[{\"@type\":\"ListItem\",\"position\":1,\"name\":\"Home\",\"item\":\"https:\/\/sipin.com.vn\/\"},{\"@type\":\"ListItem\",\"position\":2,\"name\":\"S\u1ea2N PH\u1ea8M\",\"item\":\"https:\/\/sipin.com.vn\/index.php\/cua-hang\/\"},{\"@type\":\"ListItem\",\"position\":3,\"name\":\"ROSS 837K77\"}]},{\"@type\":\"WebSite\",\"@id\":\"https:\/\/sipin.com.vn\/#website\",\"url\":\"https:\/\/sipin.com.vn\/\",\"name\":\"OMANI VI\u1ec6T NAM\",\"description\":\"Nh\u00e0 ph\u00e2n ph\u1ed1i thi\u1ebft b\u1ecb kh\u00ed n\u00e9n v\u00e0 thi\u1ebft b\u1ecb t\u1ef1 \u0111\u1ed9ng h\u00f3a trong c\u00f4ng nghi\u1ec7p\",\"publisher\":{\"@id\":\"https:\/\/sipin.com.vn\/#\/schema\/person\/0ad398a980dc3fd696111c2c5c8fa897\"},\"potentialAction\":[{\"@type\":\"SearchAction\",\"target\":{\"@type\":\"EntryPoint\",\"urlTemplate\":\"https:\/\/sipin.com.vn\/?s={search_term_string}\"},\"query-input\":\"required name=search_term_string\"}],\"inLanguage\":\"vi\"},{\"@type\":[\"Person\",\"Organization\"],\"@id\":\"https:\/\/sipin.com.vn\/#\/schema\/person\/0ad398a980dc3fd696111c2c5c8fa897\",\"name\":\"Nguy\u1ec5n V\u0103n Kh\u00e1nh\",\"image\":{\"@type\":\"ImageObject\",\"inLanguage\":\"vi\",\"@id\":\"https:\/\/sipin.com.vn\/#\/schema\/person\/image\/\",\"url\":\"https:\/\/sipin.com.vn\/wp-content\/uploads\/2024\/06\/logo-1024x1024.png\",\"contentUrl\":\"https:\/\/sipin.com.vn\/wp-content\/uploads\/2024\/06\/logo-1024x1024.png\",\"width\":1024,\"height\":1024,\"caption\":\"Nguy\u1ec5n V\u0103n Kh\u00e1nh\"},\"logo\":{\"@id\":\"https:\/\/sipin.com.vn\/#\/schema\/person\/image\/\"},\"sameAs\":[\"https:\/\/sipin.com.vn\"]}]}<\/script>\n<!-- \/ Yoast SEO plugin. -->","yoast_head_json":{"title":"ROSS 837K77 - OMANI VI\u1ec6T NAM","robots":{"index":"index","follow":"follow","max-snippet":"max-snippet:-1","max-image-preview":"max-image-preview:large","max-video-preview":"max-video-preview:-1"},"canonical":"https:\/\/sipin.com.vn\/index.php\/product\/ross-837k77\/","og_locale":"vi_VN","og_type":"article","og_title":"ROSS 837K77 - OMANI VI\u1ec6T NAM","og_description":"ROSS 837K77 Valve Body Kit 837K77 Includes all parts needed for complete reconditioning of a valve body. Included are spool &amp; sleeve or poppets, spindles, gaskets, seals, and instructions for use. 19, 21, 27, 31, 35, 80, CP, CX, LF, LX, DM2D, W60, W64, W65, W70, &amp; W74 Valve Series&hellip;","og_url":"https:\/\/sipin.com.vn\/index.php\/product\/ross-837k77\/","og_site_name":"OMANI VI\u1ec6T NAM","article_modified_time":"2024-07-20T22:14:35+00:00","og_image":[{"width":552,"height":385,"url":"https:\/\/sipin.com.vn\/wp-content\/uploads\/2024\/07\/837K77.png","type":"image\/png"}],"twitter_card":"summary_large_image","twitter_misc":{"\u01af\u1edbc t\u00ednh th\u1eddi gian \u0111\u1ecdc":"2 ph\u00fat"},"schema":{"@context":"https:\/\/schema.org","@graph":[{"@type":"WebPage","@id":"https:\/\/sipin.com.vn\/index.php\/product\/ross-837k77\/","url":"https:\/\/sipin.com.vn\/index.php\/product\/ross-837k77\/","name":"ROSS 837K77 - OMANI VI\u1ec6T NAM","isPartOf":{"@id":"https:\/\/sipin.com.vn\/#website"},"primaryImageOfPage":{"@id":"https:\/\/sipin.com.vn\/index.php\/product\/ross-837k77\/#primaryimage"},"image":{"@id":"https:\/\/sipin.com.vn\/index.php\/product\/ross-837k77\/#primaryimage"},"thumbnailUrl":"https:\/\/sipin.com.vn\/wp-content\/uploads\/2024\/07\/837K77.png","datePublished":"2024-07-20T22:10:09+00:00","dateModified":"2024-07-20T22:14:35+00:00","breadcrumb":{"@id":"https:\/\/sipin.com.vn\/index.php\/product\/ross-837k77\/#breadcrumb"},"inLanguage":"vi","potentialAction":[{"@type":"ReadAction","target":["https:\/\/sipin.com.vn\/index.php\/product\/ross-837k77\/"]}]},{"@type":"ImageObject","inLanguage":"vi","@id":"https:\/\/sipin.com.vn\/index.php\/product\/ross-837k77\/#primaryimage","url":"https:\/\/sipin.com.vn\/wp-content\/uploads\/2024\/07\/837K77.png","contentUrl":"https:\/\/sipin.com.vn\/wp-content\/uploads\/2024\/07\/837K77.png","width":552,"height":385},{"@type":"BreadcrumbList","@id":"https:\/\/sipin.com.vn\/index.php\/product\/ross-837k77\/#breadcrumb","itemListElement":[{"@type":"ListItem","position":1,"name":"Home","item":"https:\/\/sipin.com.vn\/"},{"@type":"ListItem","position":2,"name":"S\u1ea2N PH\u1ea8M","item":"https:\/\/sipin.com.vn\/index.php\/cua-hang\/"},{"@type":"ListItem","position":3,"name":"ROSS 837K77"}]},{"@type":"WebSite","@id":"https:\/\/sipin.com.vn\/#website","url":"https:\/\/sipin.com.vn\/","name":"OMANI VI\u1ec6T NAM","description":"Nh\u00e0 ph\u00e2n ph\u1ed1i thi\u1ebft b\u1ecb kh\u00ed n\u00e9n v\u00e0 thi\u1ebft b\u1ecb t\u1ef1 \u0111\u1ed9ng h\u00f3a trong c\u00f4ng nghi\u1ec7p","publisher":{"@id":"https:\/\/sipin.com.vn\/#\/schema\/person\/0ad398a980dc3fd696111c2c5c8fa897"},"potentialAction":[{"@type":"SearchAction","target":{"@type":"EntryPoint","urlTemplate":"https:\/\/sipin.com.vn\/?s={search_term_string}"},"query-input":"required name=search_term_string"}],"inLanguage":"vi"},{"@type":["Person","Organization"],"@id":"https:\/\/sipin.com.vn\/#\/schema\/person\/0ad398a980dc3fd696111c2c5c8fa897","name":"Nguy\u1ec5n V\u0103n Kh\u00e1nh","image":{"@type":"ImageObject","inLanguage":"vi","@id":"https:\/\/sipin.com.vn\/#\/schema\/person\/image\/","url":"https:\/\/sipin.com.vn\/wp-content\/uploads\/2024\/06\/logo-1024x1024.png","contentUrl":"https:\/\/sipin.com.vn\/wp-content\/uploads\/2024\/06\/logo-1024x1024.png","width":1024,"height":1024,"caption":"Nguy\u1ec5n V\u0103n Kh\u00e1nh"},"logo":{"@id":"https:\/\/sipin.com.vn\/#\/schema\/person\/image\/"},"sameAs":["https:\/\/sipin.com.vn"]}]}},"_links":{"self":[{"href":"https:\/\/sipin.com.vn\/index.php\/wp-json\/wp\/v2\/product\/1190","targetHints":{"allow":["GET"]}}],"collection":[{"href":"https:\/\/sipin.com.vn\/index.php\/wp-json\/wp\/v2\/product"}],"about":[{"href":"https:\/\/sipin.com.vn\/index.php\/wp-json\/wp\/v2\/types\/product"}],"replies":[{"embeddable":true,"href":"https:\/\/sipin.com.vn\/index.php\/wp-json\/wp\/v2\/comments?post=1190"}],"wp:featuredmedia":[{"embeddable":true,"href":"https:\/\/sipin.com.vn\/index.php\/wp-json\/wp\/v2\/media\/1191"}],"wp:attachment":[{"href":"https:\/\/sipin.com.vn\/index.php\/wp-json\/wp\/v2\/media?parent=1190"}],"wp:term":[{"taxonomy":"product_cat","embeddable":true,"href":"https:\/\/sipin.com.vn\/index.php\/wp-json\/wp\/v2\/product_cat?post=1190"},{"taxonomy":"product_tag","embeddable":true,"href":"https:\/\/sipin.com.vn\/index.php\/wp-json\/wp\/v2\/product_tag?post=1190"}],"curies":[{"name":"wp","href":"https:\/\/api.w.org\/{rel}","templated":true}]}}