{"id":1060,"date":"2024-07-11T05:00:16","date_gmt":"2024-07-10T22:00:16","guid":{"rendered":"https:\/\/omanivietnam.com\/?post_type=product&#038;p=1060"},"modified":"2024-07-13T20:42:20","modified_gmt":"2024-07-13T13:42:20","slug":"delta-drl-24v120w1en","status":"publish","type":"product","link":"https:\/\/sipin.com.vn\/index.php\/product\/delta-drl-24v120w1en\/","title":{"rendered":"DELTA DRL-24V120W1EN"},"content":{"rendered":"<p>DELTA DRL-24V120W1EN<\/p>\n<p>Ngu\u1ed3n 24V Delta DRL-24V120W1EN l\u00e0 lo\u1ea1i DIN Rai- g\u00e1 thanh ray.L\u1eafp \u0111\u1eb7t d\u1ec5 d\u00e0ng.Nh\u1ecf g\u1ecdn ti\u1ebft ki\u1ec7m kh\u00f4ng gian.<\/p>\n<p>Th\u00f4ng s\u1ed1 k\u1ef9 thu\u1eadt:<\/p>\n<ul>\n<li>T\u00ean s\u1ea3n ph\u1ea9m: b\u1ed9 ngu\u1ed3n xung.<\/li>\n<li>Ngu\u1ed3n v\u00e0o: 1PHA\/85 VAC \u0111\u1ebfn 264VAC.<\/li>\n<li>Ngu\u1ed3n ra:24VDC ( \u0111i\u1ec7n \u00e1p m\u1ed9t chi\u1ec1u).<\/li>\n<li>C\u00f4ng su\u1ea5t \u0111\u1ea7u ra 120W.<\/li>\n<li>C\u01b0\u1eddng \u0111\u1ed9 d\u00f2ng \u0111i\u1ec7n: 5A.<\/li>\n<li>D\u00f2ng r\u00f2 &lt; 1mA.<\/li>\n<li>T\u1ea7n s\u1ed1 \u0111\u1ea7u v\u00e0o:47-63Hz.<\/li>\n<li>Hi\u1ec7u su\u1ea5t:0.885.<\/li>\n<li>Nhi\u1ec7t \u0111\u1ed9 ho\u1ea1t \u0111\u1ed9ng:-20\u00b0C \u0111\u1ebfn +75\u00b0C.<\/li>\n<li>Nhi\u1ec7t \u0111\u1ed9 l\u01b0u kho:-40\u00b0C-+85\u00b0C.<\/li>\n<li>\u0110\u1ed9 \u1ea7m ho\u1ea1t \u0111\u1ed9ng: 5-95%RH.<\/li>\n<li>Ch\u1ea5t li\u1ec7u v\u1ecf: b\u1eafng nh\u1ef1a c\u1ee9ng.<\/li>\n<li>H\u1ec7 th\u1ed1ng l\u00e0m m\u00e1t: b\u1eb1ng \u0111\u1ed1i l\u01b0u.<\/li>\n<\/ul>\n<p>T\u00ednh n\u0103ng n\u1ed5i b\u1eadc ngu\u1ed3n 24V Delta DRL-24V120W1EN:<\/p>\n<ul>\n<li>Ngu\u1ed3n 24VDC m\u1ed9t chi\u1ec1u cao c\u1ea5p b\u1ea3o h\u00e0nh 1 n\u0103m.<\/li>\n<li>L\u00e0 ngu\u1ed3n cao c\u1ea5p c\u1ee7a Delta \u0110\u01b0\u1ee3c s\u1ea3n xu\u1ea5t t\u1ea1i Th\u00e1i Lan.<\/li>\n<li>\u0110i\u1ec7n \u00e1p ng\u00f5 ra nh\u1ecf 24V,nhi\u1ec7t \u0111\u1ed9 ho\u1ea1t \u0111\u1ed9ng t\u1eeb -20\u00b0C \u0111\u1ebfn +75\u00b0C v\u00e0 l\u1ea7n d\u1eebng nh\u1ecf nh\u1ea5t l\u00e0 20ms.<\/li>\n<li>Thi\u1ebft k\u1ebf th\u00edch nghi v\u1edbi m\u00f4i tr\u01b0\u1eddng kh\u1eafc nghi\u1ec7t.<\/li>\n<li>Th\u00e2n v\u1ecf nh\u1ecf g\u1ecdn, r\u1eafn ch\u1eafc c\u00f3 kh\u1ea3 n\u0103ng ch\u1ed1ng rung s\u00f3c theo ti\u00eau chu\u1ea9n IEC 60068-2.<\/li>\n<li>C\u00f3 kh\u1ea3 n\u0103ng b\u1ea3o v\u1ec7 qu\u00e1 \u00e1p, qu\u00e1 t\u1ea3i v\u00e0 qu\u00e1 nhi\u1ec7t.<\/li>\n<li>D\u00e3y \u0111i\u1ec7n \u00e1p ng\u1ecf v\u00e0o t\u1eeb 85 \u0111\u1ebfn 264VAC (1 pha)<\/li>\n<li>Nhi\u1ec1u ch\u00e2n \u0111\u1ebf gi\u00fap \u0111\u1ea5u d\u00e2y d\u1ec5 d\u00e0ng.<\/li>\n<li>Duy tr\u00ec t\u0103ng t\u1ea3i 150% trong v\u00f2ng 3 gi\u00e2y \u1edf ng\u00f5 ra \u0111i\u1ec7n \u00e1p \u00b15% \u0111\u1ecbnh m\u1ee9c .<\/li>\n<li>T\u1ea3i \u0111\u1ed9ng c\u00f3 th\u1ec3 thay \u0111\u1ed5i t\u1ea3i \u0111\u1ed9ng t\u1eeb 0% \u0111\u1ebfn 100% v\u1edbi \u0111i\u1ec7n \u00e1p ng\u00f5 ra \u00b15% \u0111\u1ecbnh m\u1ee9c.<\/li>\n<li>Thi\u1ebft k\u1ebf nh\u1ecf g\u1ecdn ch\u1eafc ch\u1eafn.<\/li>\n<li>\u0110\u01b0\u1ee3c l\u00e0m t\u1eeb c\u00e1c ch\u1ea5t li\u1ec7u th\u00e2n thi\u1ec7n v\u1edbi m\u00f4i tr\u01b0\u1eddng.<\/li>\n<\/ul>\n<p><strong>\u1ee8ng d\u1ee5ng\u00a0Delta DRL-24V120W1EN:<\/strong><\/p>\n<ul>\n<li>Ngu\u1ed3n 24V Delta DRL-24V120W1EN \u0111\u01b0\u1ee3c \u1ee8ng d\u1ee5ng r\u1ed9ng r\u00e3i, kh\u00e1 ph\u1ed5 bi\u1ebfn, s\u1eed d\u1ee5ng cho c\u00e1c thi\u1ebft b\u1ecb c\u1ea7n ngu\u1ed3n c\u1ea5p 24 VDC nh\u01b0: Sensor \u00e1p su\u1ea5t<\/li>\n<li>\u1ee8ng d\u1ee5ng trong l\u0129nh v\u1ef1c c\u00f4ng ngh\u1ec7 cao, c\u1ea7n c\u00f3 s\u1ef1 ch\u00ednh x\u00e1c,kh\u1ea3 n\u0103ng ch\u1ed1ng nhi\u1ec5u t\u1ed1t, an to\u00e0n cho thi\u1ebft b\u1ecb nh\u01b0:h\u1ec7 th\u1ed1ng SCADA, m\u00e1y CNC,c\u00e1c h\u1ec7 th\u1ed1ng \u0111i\u1ec1u khi\u1ec3n kh\u00e1c v.v.v.<\/li>\n<\/ul>\n<p class=\"text-color-delta mb-2\">Highlights &amp; Features<\/p>\n<div class=\"text-editor\">\n<ul>\n<li>Universal AC input voltage range<\/li>\n<li>Built-in constant current circuit for reactive loads<\/li>\n<li>High power density<\/li>\n<li>Operate from -30\u00b0C to +70\u00b0C with -40\u00b0C Cold Start<\/li>\n<li>Reduced no-load power consumption<\/li>\n<li>Compliance with DOE VI Energy Standard<\/li>\n<li>Compliance to SEMI F47 @ 200Vac<\/li>\n<\/ul>\n<div class=\"row\">\n<div class=\"col-sm-4 box-product-detail\">\n<p class=\"text-color-delta mb-2\">Output Voltage 24V<\/p>\n<\/div>\n<p class=\"text-color-delta mb-2\">Output Power 120W<\/p>\n<p class=\"text-color-delta mb-2\">Output Current 5A<\/p>\n<\/div>\n<div class=\"row\">\n<p class=\"text-color-delta mb-2\">Input Voltage Range 90-264Vac<\/p>\n<p class=\"text-color-delta mb-2\">Dimensions (H x W x D) 123.6 x 30 x 116.8 mm4.87\u201d x 1.18\u201d x 4.60\u201d<\/p>\n<div class=\"col-sm-4 box-product-detail\">\n<p class=\"text-color-delta mb-2\">Unit Weight 0.45 kg (0.99 lb)<\/p>\n<\/div>\n<p>\u0110\u1ea1i l\u00fd DELTA vietnam, DELTA viet nam, DELTA vietnam distributor, Ph\u00e2n ph\u1ed1i DELTA t\u1ea1i vi\u1ec7t nam<\/p>\n<p>\u0110\u1ea1i l\u00fd DELTA vietnam, DELTA viet nam, DELTA vietnam distributor, Ph\u00e2n ph\u1ed1i DELTA t\u1ea1i vi\u1ec7t nam<\/p>\n<p>\u0110\u1ea1i l\u00fd DELTA vietnam, DELTA viet nam, DELTA vietnam distributor, Ph\u00e2n ph\u1ed1i DELTA t\u1ea1i vi\u1ec7t nam<\/p>\n<p>\u0110\u1ea1i l\u00fd DELTA vietnam, DELTA viet nam, DELTA vietnam distributor, Ph\u00e2n ph\u1ed1i DELTA t\u1ea1i vi\u1ec7t nam<\/p>\n<p>\u0110\u1ea1i l\u00fd DELTA vietnam, DELTA viet nam, DELTA vietnam distributor, Ph\u00e2n ph\u1ed1i DELTA t\u1ea1i vi\u1ec7t nam<\/p>\n<div class=\"col-sm-4 box-product-detail\">\n<p>&nbsp;<\/p>\n<\/div>\n<\/div>\n<\/div>\n","protected":false},"excerpt":{"rendered":"<p>DELTA DRL-24V120W1EN Ngu\u1ed3n 24V Delta DRL-24V120W1EN l\u00e0 lo\u1ea1i DIN Rai- g\u00e1 thanh ray.L\u1eafp \u0111\u1eb7t d\u1ec5 d\u00e0ng.Nh\u1ecf g\u1ecdn ti\u1ebft ki\u1ec7m kh\u00f4ng gian. Th\u00f4ng s\u1ed1 k\u1ef9 thu\u1eadt: T\u00ean s\u1ea3n ph\u1ea9m: b\u1ed9 ngu\u1ed3n xung. Ngu\u1ed3n v\u00e0o: 1PHA\/85 VAC \u0111\u1ebfn 264VAC. Ngu\u1ed3n ra:24VDC ( \u0111i\u1ec7n \u00e1p m\u1ed9t chi\u1ec1u). C\u00f4ng su\u1ea5t \u0111\u1ea7u ra 120W. C\u01b0\u1eddng&hellip; <\/p>\n","protected":false},"featured_media":1061,"comment_status":"open","ping_status":"closed","template":"","meta":{"om_disable_all_campaigns":false,"_monsterinsights_skip_tracking":false,"_monsterinsights_sitenote_active":false,"_monsterinsights_sitenote_note":"","_monsterinsights_sitenote_category":0},"product_cat":[15],"product_tag":[221,184,183],"class_list":{"0":"post-1060","1":"product","2":"type-product","3":"status-publish","4":"has-post-thumbnail","6":"product_cat-apex","7":"product_tag-bo-nguon","8":"product_tag-dai-ly-delta-viet-nam","9":"product_tag-delta-viet-nam","11":"first","12":"instock","13":"shipping-taxable","14":"product-type-simple"},"aioseo_notices":[],"yoast_head":"<!-- This site is optimized with the Yoast SEO plugin v22.8 - https:\/\/yoast.com\/wordpress\/plugins\/seo\/ -->\n<title>DELTA DRL-24V120W1EN - OMANI VI\u1ec6T NAM<\/title>\n<meta name=\"robots\" content=\"index, follow, max-snippet:-1, max-image-preview:large, max-video-preview:-1\" \/>\n<link rel=\"canonical\" href=\"https:\/\/sipin.com.vn\/index.php\/product\/delta-drl-24v120w1en\/\" \/>\n<meta property=\"og:locale\" content=\"vi_VN\" \/>\n<meta property=\"og:type\" content=\"article\" \/>\n<meta property=\"og:title\" content=\"DELTA DRL-24V120W1EN - OMANI VI\u1ec6T NAM\" \/>\n<meta property=\"og:description\" content=\"DELTA DRL-24V120W1EN Ngu\u1ed3n 24V Delta DRL-24V120W1EN l\u00e0 lo\u1ea1i DIN Rai- g\u00e1 thanh ray.L\u1eafp \u0111\u1eb7t d\u1ec5 d\u00e0ng.Nh\u1ecf g\u1ecdn ti\u1ebft ki\u1ec7m kh\u00f4ng gian. Th\u00f4ng s\u1ed1 k\u1ef9 thu\u1eadt: T\u00ean s\u1ea3n ph\u1ea9m: b\u1ed9 ngu\u1ed3n xung. Ngu\u1ed3n v\u00e0o: 1PHA\/85 VAC \u0111\u1ebfn 264VAC. Ngu\u1ed3n ra:24VDC ( \u0111i\u1ec7n \u00e1p m\u1ed9t chi\u1ec1u). C\u00f4ng su\u1ea5t \u0111\u1ea7u ra 120W. C\u01b0\u1eddng&hellip;\" \/>\n<meta property=\"og:url\" content=\"https:\/\/sipin.com.vn\/index.php\/product\/delta-drl-24v120w1en\/\" \/>\n<meta property=\"og:site_name\" content=\"OMANI VI\u1ec6T NAM\" \/>\n<meta property=\"article:modified_time\" content=\"2024-07-13T13:42:20+00:00\" \/>\n<meta property=\"og:image\" content=\"https:\/\/sipin.com.vn\/wp-content\/uploads\/2024\/07\/DRL-24V120W1EN.png\" \/>\n\t<meta property=\"og:image:width\" content=\"478\" \/>\n\t<meta property=\"og:image:height\" content=\"290\" \/>\n\t<meta property=\"og:image:type\" content=\"image\/png\" \/>\n<meta name=\"twitter:card\" content=\"summary_large_image\" \/>\n<meta name=\"twitter:label1\" content=\"\u01af\u1edbc t\u00ednh th\u1eddi gian \u0111\u1ecdc\" \/>\n\t<meta name=\"twitter:data1\" content=\"3 ph\u00fat\" \/>\n<script type=\"application\/ld+json\" class=\"yoast-schema-graph\">{\"@context\":\"https:\/\/schema.org\",\"@graph\":[{\"@type\":\"WebPage\",\"@id\":\"https:\/\/sipin.com.vn\/index.php\/product\/delta-drl-24v120w1en\/\",\"url\":\"https:\/\/sipin.com.vn\/index.php\/product\/delta-drl-24v120w1en\/\",\"name\":\"DELTA DRL-24V120W1EN - OMANI VI\u1ec6T NAM\",\"isPartOf\":{\"@id\":\"https:\/\/sipin.com.vn\/#website\"},\"primaryImageOfPage\":{\"@id\":\"https:\/\/sipin.com.vn\/index.php\/product\/delta-drl-24v120w1en\/#primaryimage\"},\"image\":{\"@id\":\"https:\/\/sipin.com.vn\/index.php\/product\/delta-drl-24v120w1en\/#primaryimage\"},\"thumbnailUrl\":\"https:\/\/sipin.com.vn\/wp-content\/uploads\/2024\/07\/DRL-24V120W1EN.png\",\"datePublished\":\"2024-07-10T22:00:16+00:00\",\"dateModified\":\"2024-07-13T13:42:20+00:00\",\"breadcrumb\":{\"@id\":\"https:\/\/sipin.com.vn\/index.php\/product\/delta-drl-24v120w1en\/#breadcrumb\"},\"inLanguage\":\"vi\",\"potentialAction\":[{\"@type\":\"ReadAction\",\"target\":[\"https:\/\/sipin.com.vn\/index.php\/product\/delta-drl-24v120w1en\/\"]}]},{\"@type\":\"ImageObject\",\"inLanguage\":\"vi\",\"@id\":\"https:\/\/sipin.com.vn\/index.php\/product\/delta-drl-24v120w1en\/#primaryimage\",\"url\":\"https:\/\/sipin.com.vn\/wp-content\/uploads\/2024\/07\/DRL-24V120W1EN.png\",\"contentUrl\":\"https:\/\/sipin.com.vn\/wp-content\/uploads\/2024\/07\/DRL-24V120W1EN.png\",\"width\":478,\"height\":290},{\"@type\":\"BreadcrumbList\",\"@id\":\"https:\/\/sipin.com.vn\/index.php\/product\/delta-drl-24v120w1en\/#breadcrumb\",\"itemListElement\":[{\"@type\":\"ListItem\",\"position\":1,\"name\":\"Home\",\"item\":\"https:\/\/sipin.com.vn\/\"},{\"@type\":\"ListItem\",\"position\":2,\"name\":\"S\u1ea2N PH\u1ea8M\",\"item\":\"https:\/\/sipin.com.vn\/index.php\/cua-hang\/\"},{\"@type\":\"ListItem\",\"position\":3,\"name\":\"DELTA DRL-24V120W1EN\"}]},{\"@type\":\"WebSite\",\"@id\":\"https:\/\/sipin.com.vn\/#website\",\"url\":\"https:\/\/sipin.com.vn\/\",\"name\":\"OMANI VI\u1ec6T NAM\",\"description\":\"Nh\u00e0 ph\u00e2n ph\u1ed1i thi\u1ebft b\u1ecb kh\u00ed n\u00e9n v\u00e0 thi\u1ebft b\u1ecb t\u1ef1 \u0111\u1ed9ng h\u00f3a trong c\u00f4ng nghi\u1ec7p\",\"publisher\":{\"@id\":\"https:\/\/sipin.com.vn\/#\/schema\/person\/0ad398a980dc3fd696111c2c5c8fa897\"},\"potentialAction\":[{\"@type\":\"SearchAction\",\"target\":{\"@type\":\"EntryPoint\",\"urlTemplate\":\"https:\/\/sipin.com.vn\/?s={search_term_string}\"},\"query-input\":\"required name=search_term_string\"}],\"inLanguage\":\"vi\"},{\"@type\":[\"Person\",\"Organization\"],\"@id\":\"https:\/\/sipin.com.vn\/#\/schema\/person\/0ad398a980dc3fd696111c2c5c8fa897\",\"name\":\"Nguy\u1ec5n V\u0103n Kh\u00e1nh\",\"image\":{\"@type\":\"ImageObject\",\"inLanguage\":\"vi\",\"@id\":\"https:\/\/sipin.com.vn\/#\/schema\/person\/image\/\",\"url\":\"https:\/\/sipin.com.vn\/wp-content\/uploads\/2024\/06\/logo-1024x1024.png\",\"contentUrl\":\"https:\/\/sipin.com.vn\/wp-content\/uploads\/2024\/06\/logo-1024x1024.png\",\"width\":1024,\"height\":1024,\"caption\":\"Nguy\u1ec5n V\u0103n Kh\u00e1nh\"},\"logo\":{\"@id\":\"https:\/\/sipin.com.vn\/#\/schema\/person\/image\/\"},\"sameAs\":[\"https:\/\/sipin.com.vn\"]}]}<\/script>\n<!-- \/ Yoast SEO plugin. -->","yoast_head_json":{"title":"DELTA DRL-24V120W1EN - OMANI VI\u1ec6T NAM","robots":{"index":"index","follow":"follow","max-snippet":"max-snippet:-1","max-image-preview":"max-image-preview:large","max-video-preview":"max-video-preview:-1"},"canonical":"https:\/\/sipin.com.vn\/index.php\/product\/delta-drl-24v120w1en\/","og_locale":"vi_VN","og_type":"article","og_title":"DELTA DRL-24V120W1EN - OMANI VI\u1ec6T NAM","og_description":"DELTA DRL-24V120W1EN Ngu\u1ed3n 24V Delta DRL-24V120W1EN l\u00e0 lo\u1ea1i DIN Rai- g\u00e1 thanh ray.L\u1eafp \u0111\u1eb7t d\u1ec5 d\u00e0ng.Nh\u1ecf g\u1ecdn ti\u1ebft ki\u1ec7m kh\u00f4ng gian. Th\u00f4ng s\u1ed1 k\u1ef9 thu\u1eadt: T\u00ean s\u1ea3n ph\u1ea9m: b\u1ed9 ngu\u1ed3n xung. Ngu\u1ed3n v\u00e0o: 1PHA\/85 VAC \u0111\u1ebfn 264VAC. Ngu\u1ed3n ra:24VDC ( \u0111i\u1ec7n \u00e1p m\u1ed9t chi\u1ec1u). C\u00f4ng su\u1ea5t \u0111\u1ea7u ra 120W. C\u01b0\u1eddng&hellip;","og_url":"https:\/\/sipin.com.vn\/index.php\/product\/delta-drl-24v120w1en\/","og_site_name":"OMANI VI\u1ec6T NAM","article_modified_time":"2024-07-13T13:42:20+00:00","og_image":[{"width":478,"height":290,"url":"https:\/\/sipin.com.vn\/wp-content\/uploads\/2024\/07\/DRL-24V120W1EN.png","type":"image\/png"}],"twitter_card":"summary_large_image","twitter_misc":{"\u01af\u1edbc t\u00ednh th\u1eddi gian \u0111\u1ecdc":"3 ph\u00fat"},"schema":{"@context":"https:\/\/schema.org","@graph":[{"@type":"WebPage","@id":"https:\/\/sipin.com.vn\/index.php\/product\/delta-drl-24v120w1en\/","url":"https:\/\/sipin.com.vn\/index.php\/product\/delta-drl-24v120w1en\/","name":"DELTA DRL-24V120W1EN - OMANI VI\u1ec6T NAM","isPartOf":{"@id":"https:\/\/sipin.com.vn\/#website"},"primaryImageOfPage":{"@id":"https:\/\/sipin.com.vn\/index.php\/product\/delta-drl-24v120w1en\/#primaryimage"},"image":{"@id":"https:\/\/sipin.com.vn\/index.php\/product\/delta-drl-24v120w1en\/#primaryimage"},"thumbnailUrl":"https:\/\/sipin.com.vn\/wp-content\/uploads\/2024\/07\/DRL-24V120W1EN.png","datePublished":"2024-07-10T22:00:16+00:00","dateModified":"2024-07-13T13:42:20+00:00","breadcrumb":{"@id":"https:\/\/sipin.com.vn\/index.php\/product\/delta-drl-24v120w1en\/#breadcrumb"},"inLanguage":"vi","potentialAction":[{"@type":"ReadAction","target":["https:\/\/sipin.com.vn\/index.php\/product\/delta-drl-24v120w1en\/"]}]},{"@type":"ImageObject","inLanguage":"vi","@id":"https:\/\/sipin.com.vn\/index.php\/product\/delta-drl-24v120w1en\/#primaryimage","url":"https:\/\/sipin.com.vn\/wp-content\/uploads\/2024\/07\/DRL-24V120W1EN.png","contentUrl":"https:\/\/sipin.com.vn\/wp-content\/uploads\/2024\/07\/DRL-24V120W1EN.png","width":478,"height":290},{"@type":"BreadcrumbList","@id":"https:\/\/sipin.com.vn\/index.php\/product\/delta-drl-24v120w1en\/#breadcrumb","itemListElement":[{"@type":"ListItem","position":1,"name":"Home","item":"https:\/\/sipin.com.vn\/"},{"@type":"ListItem","position":2,"name":"S\u1ea2N PH\u1ea8M","item":"https:\/\/sipin.com.vn\/index.php\/cua-hang\/"},{"@type":"ListItem","position":3,"name":"DELTA DRL-24V120W1EN"}]},{"@type":"WebSite","@id":"https:\/\/sipin.com.vn\/#website","url":"https:\/\/sipin.com.vn\/","name":"OMANI VI\u1ec6T NAM","description":"Nh\u00e0 ph\u00e2n ph\u1ed1i thi\u1ebft b\u1ecb kh\u00ed n\u00e9n v\u00e0 thi\u1ebft b\u1ecb t\u1ef1 \u0111\u1ed9ng h\u00f3a trong c\u00f4ng nghi\u1ec7p","publisher":{"@id":"https:\/\/sipin.com.vn\/#\/schema\/person\/0ad398a980dc3fd696111c2c5c8fa897"},"potentialAction":[{"@type":"SearchAction","target":{"@type":"EntryPoint","urlTemplate":"https:\/\/sipin.com.vn\/?s={search_term_string}"},"query-input":"required name=search_term_string"}],"inLanguage":"vi"},{"@type":["Person","Organization"],"@id":"https:\/\/sipin.com.vn\/#\/schema\/person\/0ad398a980dc3fd696111c2c5c8fa897","name":"Nguy\u1ec5n V\u0103n Kh\u00e1nh","image":{"@type":"ImageObject","inLanguage":"vi","@id":"https:\/\/sipin.com.vn\/#\/schema\/person\/image\/","url":"https:\/\/sipin.com.vn\/wp-content\/uploads\/2024\/06\/logo-1024x1024.png","contentUrl":"https:\/\/sipin.com.vn\/wp-content\/uploads\/2024\/06\/logo-1024x1024.png","width":1024,"height":1024,"caption":"Nguy\u1ec5n V\u0103n Kh\u00e1nh"},"logo":{"@id":"https:\/\/sipin.com.vn\/#\/schema\/person\/image\/"},"sameAs":["https:\/\/sipin.com.vn"]}]}},"_links":{"self":[{"href":"https:\/\/sipin.com.vn\/index.php\/wp-json\/wp\/v2\/product\/1060","targetHints":{"allow":["GET"]}}],"collection":[{"href":"https:\/\/sipin.com.vn\/index.php\/wp-json\/wp\/v2\/product"}],"about":[{"href":"https:\/\/sipin.com.vn\/index.php\/wp-json\/wp\/v2\/types\/product"}],"replies":[{"embeddable":true,"href":"https:\/\/sipin.com.vn\/index.php\/wp-json\/wp\/v2\/comments?post=1060"}],"wp:featuredmedia":[{"embeddable":true,"href":"https:\/\/sipin.com.vn\/index.php\/wp-json\/wp\/v2\/media\/1061"}],"wp:attachment":[{"href":"https:\/\/sipin.com.vn\/index.php\/wp-json\/wp\/v2\/media?parent=1060"}],"wp:term":[{"taxonomy":"product_cat","embeddable":true,"href":"https:\/\/sipin.com.vn\/index.php\/wp-json\/wp\/v2\/product_cat?post=1060"},{"taxonomy":"product_tag","embeddable":true,"href":"https:\/\/sipin.com.vn\/index.php\/wp-json\/wp\/v2\/product_tag?post=1060"}],"curies":[{"name":"wp","href":"https:\/\/api.w.org\/{rel}","templated":true}]}}