{"id":1005,"date":"2024-07-05T04:39:26","date_gmt":"2024-07-04T21:39:26","guid":{"rendered":"https:\/\/omanivietnam.com\/?post_type=product&#038;p=1005"},"modified":"2024-07-15T05:19:18","modified_gmt":"2024-07-14T22:19:18","slug":"keyence-fs-v21r","status":"publish","type":"product","link":"https:\/\/sipin.com.vn\/index.php\/product\/keyence-fs-v21r\/","title":{"rendered":"KEYENCE FS-V21R"},"content":{"rendered":"<p>KEYENCE FS-V21R<\/p>\n<p>B\u1ed9 khu\u1ebfch \u0111\u1ea1i s\u1ee3i quang, lo\u1ea1i c\u00e1p, Thi\u1ebft b\u1ecb ch\u00ednh, NPN<\/p>\n<h2 class=\"prd-utility-heading-3 prd-utility-marginBottom-7\">Th\u00f4ng s\u1ed1 k\u1ef9 thu\u1eadt<\/h2>\n<div class=\"prd-specsTable prd-utility-focusRing\" style=\"padding: 0px;margin: 0px;color: #484b4c;font-family: myriad-pro, helvetica, Arial, meiryo, sans-serif;font-size: 17px;font-style: normal;font-weight: 400;letter-spacing: normal;text-align: left;text-indent: 0px;text-transform: none;background-color: #fafafa\" data-controller=\"horizontal-scroll-state scroll-to-coord\" data-action=\"resize@window-&gt;horizontal-scroll-state#setOverflowing scroll-&gt;horizontal-scroll-state#setScrolled\" data-horizontal-scroll-state-target=\"container\" data-horizontal-scroll-state-overflowing-class=\"is-overflowing\" data-horizontal-scroll-state-has-scrolled-class=\"is-hasScrolled\" data-scroll-to-coord-target=\"container\">\n<div class=\"prd-utility-body-small\">\n<div class=\"specTable-block\">\n<table class=\"specTable-stibo-3282397\">\n<tbody>\n<tr class=\"specTable-row\">\n<td class=\"specTable-clm-0\" colspan=\"4\">M\u1eabu<\/td>\n<td class=\"specTable-clm-4\">FS-V21<\/td>\n<\/tr>\n<tr class=\"specTable-row\">\n<td class=\"specTable-clm-0\" colspan=\"4\">Lo\u1ea1i<\/td>\n<td class=\"specTable-clm-4\">Thi\u1ebft b\u1ecb ch\u00ednh<\/td>\n<\/tr>\n<tr class=\"specTable-row\">\n<td class=\"specTable-clm-0\" colspan=\"4\">\u0110\u00e8n LED ngu\u1ed3n s\u00e1ng<\/td>\n<td class=\"specTable-clm-4\">M\u00e0u \u0111\u1ecf<\/td>\n<\/tr>\n<tr class=\"specTable-row\">\n<td class=\"specTable-clm-0\" colspan=\"4\">Th\u1eddi gian \u0111\u00e1p \u1ee9ng<\/td>\n<td class=\"specTable-clm-4\">250 \u00b5s (FINE) \/500 \u00b5s (TURBO) \/1 ms (SUPER TURBO) \/4 ms (ULTRA TURBO) \/500 \u00b5s (HIGH RESOLUTION) \/50 \u00b5s (HIGH SPEED)<\/td>\n<\/tr>\n<tr class=\"specTable-row\">\n<td class=\"specTable-clm-0\" colspan=\"4\">L\u1ef1a ch\u1ecdn ng\u00f5 ra<\/td>\n<td class=\"specTable-clm-4\">B\u1eacT-S\u00c1NG\/B\u1eacT-T\u1ed0I (c\u00f4ng t\u1eafc c\u00f3 th\u1ec3 l\u1ef1a ch\u1ecdn)<\/td>\n<\/tr>\n<tr class=\"specTable-row\">\n<td class=\"specTable-clm-0\" colspan=\"4\">Ch\u1ebf \u0111\u1ed9 ph\u00e1t hi\u1ec7n<\/td>\n<td class=\"specTable-clm-4\">C\u01b0\u1eddng \u0111\u1ed9 \u00e1nh s\u00e1ng\/s\u01b0\u1eddn \u0111i\u1ec7n \u00e1p l\u00ean\/s\u01b0\u1eddn \u0111i\u1ec7n \u00e1p xu\u1ed1ng<\/td>\n<\/tr>\n<tr class=\"specTable-row\">\n<td class=\"specTable-clm-0\" colspan=\"4\">Ch\u1ee9c n\u0103ng chuy\u1ec3n \u0111\u1ed5i<\/td>\n<td class=\"specTable-clm-4\">T\u1ed1i \u0111a \u00b11,999 (c\u00f3 th\u1ec3 l\u1ef1a ch\u1ecdn nhi\u1ec1u)<\/td>\n<\/tr>\n<tr class=\"specTable-row\">\n<td class=\"specTable-clm-0\" rowspan=\"3\">Ch\u1ee9c n\u0103ng h\u1eb9n gi\u1edd<\/td>\n<td class=\"specTable-clm-1\" colspan=\"3\">Ch\u1ebf \u0111\u1ed9<\/td>\n<td class=\"specTable-clm-4\">B\u1ed9 h\u1eb9n gi\u1edd T\u1eaeT\/T\u1eaeT-B\u1ed9 h\u1eb9n gi\u1edd tr\u1ec5\/B\u1eacT-B\u1ed9 h\u1eb9n gi\u1edd tr\u1ec5\/B\u1ed9 h\u1eb9n gi\u1edd m\u1ed9t xung, c\u00f3 th\u1ec3 l\u1ef1a ch\u1ecdn<\/td>\n<\/tr>\n<tr class=\"specTable-row\">\n<td class=\"specTable-clm-1\" colspan=\"3\">Ph\u1ea1m vi c\u00f3 th\u1ec3 \u0111i\u1ec1u ch\u1ec9nh<\/td>\n<td class=\"specTable-clm-4\">1 \u0111\u1ebfn 30 ms (trong kho\u1ea3ng t\u0103ng 1 ms), 30 \u0111\u1ebfn 50 ms (trong kho\u1ea3ng t\u0103ng 2 ms), 50 \u0111\u1ebfn 200 ms (trong kho\u1ea3ng t\u0103ng 10 ms), 200 \u0111\u1ebfn 500 ms (trong kho\u1ea3ng t\u0103ng 50 ms),<\/td>\n<\/tr>\n<tr class=\"specTable-row\">\n<td class=\"specTable-clm-1\" colspan=\"3\">\u0110\u1ed9 ch\u00ednh x\u00e1c<\/td>\n<td class=\"specTable-clm-4\">\u00b110 % c\u1ee7a gi\u00e1 tr\u1ecb thi\u1ebft l\u1eadp tr\u01b0\u1edbc<\/td>\n<\/tr>\n<tr class=\"specTable-row\">\n<td class=\"specTable-clm-0\" colspan=\"4\">Ng\u00f5 ra \u0111i\u1ec1u khi\u1ec3n<\/td>\n<td class=\"specTable-clm-4\">NPN c\u1ef1c thu \u0111\u1ec3 h\u1edf c\u1ef1c \u0111\u1ea1i 100 mA (t\u1ed1i \u0111a 40 VDC)<sup>*1<\/sup>, \u0110i\u1ec7n \u00e1p d\u01b0: T\u1ed1i \u0111a 1 V<\/td>\n<\/tr>\n<tr class=\"specTable-row\">\n<td class=\"specTable-clm-0\" colspan=\"4\">Kh\u1ed1i m\u1edf r\u1ed9ng<\/td>\n<td class=\"specTable-clm-4\">L\u00ean t\u1edbi 16 kh\u1ed1i m\u1edf r\u1ed9ng c\u00f3 th\u1ec3 \u0111\u01b0\u1ee3c k\u1ebft n\u1ed1i (t\u1ed5ng c\u1ed9ng 17 kh\u1ed1i).<sup>*2<\/sup><\/td>\n<\/tr>\n<tr class=\"specTable-row\">\n<td class=\"specTable-clm-0\" colspan=\"4\">Tri\u1ec7t nhi\u1ec5u t\u01b0\u01a1ng h\u1ed7<\/td>\n<td class=\"specTable-clm-4\">HIGH SPEED\/HIGH RESOLUTION: 0, FINE: 4, TURBO\/SUPER\/ULTRA: 8<\/td>\n<\/tr>\n<tr class=\"specTable-row\">\n<td class=\"specTable-clm-0\" rowspan=\"4\">\u0110\u1ecbnh m\u1ee9c<\/td>\n<td class=\"specTable-clm-1\" colspan=\"3\">\u0110i\u1ec7n \u00e1p ngu\u1ed3n<\/td>\n<td class=\"specTable-clm-4\">12 \u0111\u1ebfn 24 VDC \u00b110 %, \u0111\u1ed9 g\u1ee3n (P-P) t\u1eeb 10 % tr\u1edf xu\u1ed1ng<\/td>\n<\/tr>\n<tr class=\"specTable-row\">\n<td class=\"specTable-clm-1\" rowspan=\"3\">D\u00f2ng \u0111i\u1ec7n ti\u00eau th\u1ee5<\/td>\n<td class=\"specTable-clm-2\" colspan=\"2\">B\u00ecnh th\u01b0\u1eddng<\/td>\n<td class=\"specTable-clm-4\">S-APC T\u1eaeT: t\u1ed1i \u0111a 580 mW (c\u1ef1c \u0111\u1ea1i 24 mA t\u1ea1i 24 VDC), S-APC B\u1eacT: t\u1ed1i \u0111a 720 mW (c\u1ef1c \u0111\u1ea1i 30 mA t\u1ea1i 24 VDC)<\/td>\n<\/tr>\n<tr class=\"specTable-row\">\n<td class=\"specTable-clm-2\" colspan=\"2\">ECO m\u1ed9t n\u1eeda<\/td>\n<td class=\"specTable-clm-4\">S-APC T\u1eaeT: t\u1ed1i \u0111a 480 mW (c\u1ef1c \u0111\u1ea1i 20 mA t\u1ea1i 24 VDC), S-APC B\u1eacT: t\u1ed1i \u0111a 600 mW (c\u1ef1c \u0111\u1ea1i 25 mA t\u1ea1i 24 VDC)<\/td>\n<\/tr>\n<tr class=\"specTable-row\">\n<td class=\"specTable-clm-2\" colspan=\"2\">ECO to\u00e0n b\u1ed9<\/td>\n<td class=\"specTable-clm-4\">S-APC T\u1eaeT: t\u1ed1i \u0111a 430 mW (c\u1ef1c \u0111\u1ea1i 18 mA t\u1ea1i 24 VDC), S-APC B\u1eacT: t\u1ed1i \u0111a 550 mW (c\u1ef1c \u0111\u1ea1i 23 mA t\u1ea1i 24 VDC)<\/td>\n<\/tr>\n<tr class=\"specTable-row\">\n<td class=\"specTable-clm-0\" rowspan=\"5\">Kh\u1ea3 n\u0103ng ch\u1ed1ng ch\u1ecbu v\u1edbi m\u00f4i tr\u01b0\u1eddng<\/td>\n<td class=\"specTable-clm-1\" colspan=\"3\">\u00c1nh s\u00e1ng m\u00f4i tr\u01b0\u1eddng xung quanh<\/td>\n<td class=\"specTable-clm-4\">\u0110\u00e8n b\u00f3ng tr\u00f2n: T\u1ed1i \u0111a 20,000 lux, \u00c1nh s\u00e1ng m\u1eb7t tr\u1eddi: T\u1ed1i \u0111a 30,000 lux<\/td>\n<\/tr>\n<tr class=\"specTable-row\">\n<td class=\"specTable-clm-1\" colspan=\"3\">Nhi\u1ec7t \u0111\u1ed9 m\u00f4i tr\u01b0\u1eddng xung quanh<\/td>\n<td class=\"specTable-clm-4\">-10 \u0111\u1ebfn +55 \u00b0C (Kh\u00f4ng \u0111\u00f3ng b\u0103ng)<sup>*3<\/sup><\/td>\n<\/tr>\n<tr class=\"specTable-row\">\n<td class=\"specTable-clm-1\" colspan=\"3\">\u0110\u1ed9 \u1ea9m m\u00f4i tr\u01b0\u1eddng xung quanh<\/td>\n<td class=\"specTable-clm-4\">35 \u0111\u1ebfn 85 % RH (Kh\u00f4ng ng\u01b0ng t\u1ee5)<\/td>\n<\/tr>\n<tr class=\"specTable-row\">\n<td class=\"specTable-clm-1\" colspan=\"3\">Ch\u1ed1ng ch\u1ecbu rung<\/td>\n<td class=\"specTable-clm-4\">10 \u0111\u1ebfn 55 Hz, 1,5 mm Bi\u00ean \u0111\u1ed9 k\u00e9p theo c\u00e1c h\u01b0\u1edbng X, Y, Z t\u01b0\u01a1ng \u1ee9ng, 2 gi\u1edd<\/td>\n<\/tr>\n<tr class=\"specTable-row\">\n<td class=\"specTable-clm-1\" colspan=\"3\">Ch\u1ed1ng ch\u1ecbu va \u0111\u1eadp<\/td>\n<td class=\"specTable-clm-4\">500 m\/s<sup>2<\/sup>, 3 l\u1ea7n theo c\u00e1c h\u01b0\u1edbng X, Y, v\u00e0 Z<\/td>\n<\/tr>\n<tr class=\"specTable-row\">\n<td class=\"specTable-clm-0\" colspan=\"4\">V\u1ecf b\u1ecdc<\/td>\n<td class=\"specTable-clm-4\">Polycarbonate<\/td>\n<\/tr>\n<tr class=\"specTable-row\">\n<td class=\"specTable-clm-0\" colspan=\"4\">K\u00edch th\u01b0\u1edbc<\/td>\n<td class=\"specTable-clm-4\">Cao 30 mm x R\u1ed9ng 9 mm x D\u00e0i 70 mm<\/td>\n<\/tr>\n<tr class=\"specTable-row\">\n<td class=\"specTable-clm-0\" colspan=\"4\">Kh\u1ed1i l\u01b0\u1ee3ng<\/td>\n<td class=\"specTable-clm-4\">X\u1ea5p x\u1ec9 80 g (g\u1ed3m c\u00e1p 2-m)<\/td>\n<\/tr>\n<tr class=\"specTable-foot\">\n<td class=\"specTable-clm-0\" colspan=\"5\"><sup>*1<\/sup>\u00a020 mA t\u1ea1i ng\u01b0\u1ee1ng t\u1ed1i \u0111a cho kh\u1ed1i m\u1edf r\u1ed9ng.<br \/>\n<sup>*2<\/sup>\u00a0N\u1ebfu c\u00f3 nhi\u1ec1u h\u01a1n m\u1ed9t kh\u1ed1i \u0111\u01b0\u1ee3c s\u1eed d\u1ee5ng v\u1edbi nhau, nhi\u1ec7t \u0111\u1ed9 m\u00f4i tr\u01b0\u1eddng xung quanh s\u1ebd thay \u0111\u1ed5i theo c\u00e1c \u0111i\u1ec1u ki\u1ec7n d\u01b0\u1edbi \u0111\u00e2y. L\u1eafp \u0111\u1eb7t c\u00e1c kh\u1ed1i tr\u00ean thanh ngang DIN rail b\u1eb1ng gi\u00e1 l\u1eafp \u0111\u1eb7t v\u00e0 ki\u1ec3m tra d\u00f2ng \u0111i\u1ec7n ng\u00f5 ra l\u00e0 20 mA ho\u1eb7c nh\u1ecf h\u01a1n.<br \/>\n1 ho\u1eb7c 2 Kh\u1ed1i: -10 \u0111\u1ebfn 55 \u00b0C, 3 \u0111\u1ebfn 10 Kh\u1ed1i: -10 \u0111\u1ebfn 50 \u00b0C, 11 \u0111\u1ebfn 16 kh\u1ed1i: -10 \u0111\u1ebfn 45 \u00b0C<br \/>\n<sup>*3<\/sup>\u00a0\u0110\u1ec3 k\u1ebft n\u1ed1i nhi\u1ec1u kh\u1ed1i, ph\u1ea3i l\u1eafp c\u00e1c kh\u1ed1i l\u00ean thanh ngang (DIN-rail) KIM LO\u1ea0I. \u0110\u1ea3m b\u1ea3o d\u00f2ng \u0111i\u1ec7n ng\u00f5 ra ph\u1ea3i \u0111\u1ea1t c\u1ef1c \u0111\u1ea1i l\u00e0 20 mA. N\u1ebfu k\u1ebft n\u1ed1i nhi\u1ec1u kh\u1ed1i, ph\u1ea1m vi nhi\u1ec7t \u0111\u1ed9 m\u00f4i tr\u01b0\u1eddng xung quanh cho ph\u00e9p s\u1ebd thay \u0111\u1ed5i nh\u01b0 sau:<br \/>\nK\u1ebft n\u1ed1i 1 \u0111\u1ebfn 2 kh\u1ed1i: -10 \u0111\u1ebfn +55 \u00b0C, K\u1ebft n\u1ed1i 3 \u0111\u1ebfn 10 kh\u1ed1i: -10 \u0111\u1ebfn +50 \u00b0C, K\u1ebft n\u1ed1i 11 \u0111\u1ebfn 16 kh\u1ed1i: -10 \u0111\u1ebfn +45 \u00b0C<\/td>\n<\/tr>\n<\/tbody>\n<\/table>\n<\/div>\n<\/div>\n<h2 class=\"title-product item_name\">C\u1ea3m bi\u1ebfn Keyence FS-V21R<\/h2>\n<h3>1.C\u1ea3m bi\u1ebfn FS-V21R<\/h3>\n<figure id=\"attachment_15744\" class=\"wp-caption alignright\" aria-describedby=\"caption-attachment-15744\"><figcaption id=\"caption-attachment-15744\" class=\"wp-caption-text\"><\/figcaption><\/figure>\n<p>Lo\u1ea1i Module: Main unit.<br \/>\nNgu\u1ed3n s\u00e1ng: Red LED<br \/>\nTh\u1eddi gian \u0111\u00e1p \u1ee9ng: FINE\u00a0 \u00a0250\u03bcs.<br \/>\nTURBO\u00a0 500\u03bcs.<br \/>\nSUPER TURBO\u00a0 1ms.<br \/>\nULTRA TURBO\u00a0 4ms.<br \/>\nHIGH RESOLUTION\u00a0 500\u03bcs.<br \/>\nHIGH SPEED\u00a0 50\u03bcs.<br \/>\nCh\u1ebf \u0111\u1ed9 ho\u1ea1t \u0111\u1ed9ng: LIGHT ON\/DARK ON.<br \/>\nNg\u00f5 ra \u0111i\u1ec1u khi\u1ec3n: NPN 100 mA max.<br \/>\nNgu\u1ed3n c\u1ea5p: 12 \u2013 24 VDC \u00b1 10%.<br \/>\nD\u00f2ng ti\u00eau th\u1ee5:\u00a0 Normal: S-APC OFF: 650 mW max.(27mA max at 24VDC)<br \/>\nS-APC ON: (720mA max. at 24VDC)<br \/>\nECO all: S-APC OFF: 480 mW max.(20mA max at 24VDC)<br \/>\nS-APC ON: ( 550mA max. at 24VDC )<br \/>\nECO half: S-APC OFF: 530 mW max(22mA max at 24VDC)<br \/>\nS-APC ON: (600mA max. at 24VDC)<br \/>\nNhi\u1ec7t \u0111\u1ed9 m\u00f4i tr\u01b0\u1eddng: -10 \u0111\u1ebfn +55\u00b0C.<br \/>\n\u0110\u1ed9 \u1ea9m t\u01b0\u01a1ng \u0111\u1ed1i: 35 \u2013 85%.<br \/>\nTr\u1ecdng l\u01b0\u1ee3ng: 80 g.<\/p>\n<h3>2. C\u00e1c m\u00e3 h\u00e0ng t\u01b0\u01a1ng \u0111\u01b0\u01a1ng<\/h3>\n<table width=\"858\">\n<tbody>\n<tr>\n<td width=\"192\">Keyence FS2-60<\/td>\n<td width=\"214\">\u00a0Keyence FS-V21RP<\/td>\n<td width=\"168\">\u00a0Keyence FS-N13N<\/td>\n<\/tr>\n<tr>\n<td width=\"192\">Keyence FS2-60G<\/td>\n<td>\u00a0Keyence FS-V21X<\/td>\n<td>\u00a0Keyence FS-N13P<\/td>\n<\/tr>\n<tr>\n<td width=\"192\">Keyence FS2-60P<\/td>\n<td>\u00a0Keyence FS-V22<\/td>\n<td>\u00a0Keyence FS-N14CP<\/td>\n<\/tr>\n<tr>\n<td width=\"192\">Keyence FS2-62<\/td>\n<td>\u00a0Keyence FS-V22G<\/td>\n<td>\u00a0Keyence FS-N14N<\/td>\n<\/tr>\n<tr>\n<td width=\"192\">Keyence FS2-62P<\/td>\n<td>\u00a0Keyence FS-V22R<\/td>\n<td>\u00a0Keyence FS-N14P<\/td>\n<\/tr>\n<tr>\n<td width=\"192\">Keyence FS2-65P<\/td>\n<td>\u00a0Keyence FS-V22RP<\/td>\n<td>\u00a0Keyence FS-N15CN<\/td>\n<\/tr>\n<tr>\n<td width=\"192\">Keyence FS-M0<\/td>\n<td>\u00a0Keyence FS-V22X<\/td>\n<td>\u00a0Keyence FS-N15CP<\/td>\n<\/tr>\n<tr>\n<td width=\"192\">Keyence FS-M1<\/td>\n<td>\u00a0Keyence FS-V30<\/td>\n<td>\u00a0Keyence FS-N18N<\/td>\n<\/tr>\n<tr>\n<td width=\"192\">Keyence FS-M1H<\/td>\n<td>\u00a0Keyence FS-V31<\/td>\n<td>\u00a0Keyence FS-T1<\/td>\n<\/tr>\n<tr>\n<td width=\"192\">Keyence FS-M1P<\/td>\n<td>\u00a0Keyence FS-V31C<\/td>\n<td>\u00a0Keyence FS-T1G<\/td>\n<\/tr>\n<tr>\n<td width=\"192\">Keyence FS-M2<\/td>\n<td>\u00a0Keyence FS-V31CP<\/td>\n<td>\u00a0Keyence FS-T1P<\/td>\n<\/tr>\n<tr>\n<td width=\"192\">Keyence FS-M2P<\/td>\n<td>\u00a0Keyence FS-V31M<\/td>\n<td>\u00a0Keyence FS-T2<\/td>\n<\/tr>\n<tr>\n<td width=\"192\">Keyence FS-N10<\/td>\n<td>\u00a0Keyence FS-V31P<\/td>\n<td>\u00a0Keyence FS-T2P<\/td>\n<\/tr>\n<tr>\n<td width=\"192\">Keyence FS-N11CN<\/td>\n<td>\u00a0Keyence FS-V32<\/td>\n<td>\u00a0Keyence FS-TO<\/td>\n<\/tr>\n<tr>\n<td width=\"192\">Keyence FS-N11CP<\/td>\n<td>\u00a0Keyence FS-V32C<\/td>\n<td>\u00a0Keyence FS-V1<\/td>\n<\/tr>\n<tr>\n<td width=\"192\">Keyence FS-N11EN<\/td>\n<td>\u00a0Keyence FS-V32CP<\/td>\n<td>\u00a0Keyence FS-V10<\/td>\n<\/tr>\n<tr>\n<td width=\"192\">Keyence FS-N11MN<\/td>\n<td>\u00a0Keyence FS-V32P<\/td>\n<td>\u00a0Keyence FS-V11<\/td>\n<\/tr>\n<tr>\n<td width=\"192\">Keyence FS-N11N<\/td>\n<td>\u00a0Keyence FS-V33<\/td>\n<td>\u00a0Keyence FS-V11P<\/td>\n<\/tr>\n<tr>\n<td width=\"192\">Keyence FS-N11P<\/td>\n<td>\u00a0Keyence FS-V33C<\/td>\n<td>\u00a0Keyence FS-V12<\/td>\n<\/tr>\n<tr>\n<td width=\"192\">Keyence FS-N12CN<\/td>\n<td>\u00a0Keyence FS-V33CP<\/td>\n<td>\u00a0Keyence FS-V1P<\/td>\n<\/tr>\n<tr>\n<td width=\"192\">Keyence FS-N12CP<\/td>\n<td>\u00a0Keyence FS-V33P<\/td>\n<td>\u00a0Keyence FS-V20R<\/td>\n<\/tr>\n<tr>\n<td width=\"192\">Keyence FS-N12EN<\/td>\n<td>\u00a0Keyence FS-V34<\/td>\n<td>\u00a0Keyence FS-V21<\/td>\n<\/tr>\n<tr>\n<td width=\"192\">Keyence FS-N12N<\/td>\n<td>\u00a0Keyence FS-V34C<\/td>\n<td>\u00a0Keyence FS-V21G<\/td>\n<\/tr>\n<tr>\n<td width=\"192\">Keyence FS-N12P<\/td>\n<td>\u00a0Keyence FS-V34CP<\/td>\n<td>\u00a0Keyence FS-V21R<\/td>\n<\/tr>\n<tr>\n<td width=\"192\">Keyence FS-N13CP<\/td>\n<td>\u00a0Keyence FS-V34P<\/td>\n<td>\u00a0Keyence FS-V21RM<\/td>\n<\/tr>\n<\/tbody>\n<\/table>\n<\/div>\n<p>\u0110\u1ea1i l\u00fd Keyence vietnam, Keyence viet nam, Keyence vietnam distributor, Ph\u00e2n ph\u1ed1i Keyence t\u1ea1i vi\u1ec7t nam<\/p>\n<p>\u0110\u1ea1i l\u00fd Keyence vietnam, Keyence viet nam, Keyence vietnam distributor, Ph\u00e2n ph\u1ed1i Keyence t\u1ea1i vi\u1ec7t nam<\/p>\n<p>\u0110\u1ea1i l\u00fd Keyence vietnam, Keyence viet nam, Keyence vietnam distributor, Ph\u00e2n ph\u1ed1i Keyence t\u1ea1i vi\u1ec7t nam<\/p>\n<p>\u0110\u1ea1i l\u00fd Keyence vietnam, Keyence viet nam, Keyence vietnam distributor, Ph\u00e2n ph\u1ed1i Keyence t\u1ea1i vi\u1ec7t nam<\/p>\n<p>\u0110\u1ea1i l\u00fd Keyence vietnam, Keyence viet nam, Keyence vietnam distributor, Ph\u00e2n ph\u1ed1i Keyence t\u1ea1i vi\u1ec7t nam<\/p>\n","protected":false},"excerpt":{"rendered":"<p>KEYENCE FS-V21R B\u1ed9 khu\u1ebfch \u0111\u1ea1i s\u1ee3i quang, lo\u1ea1i c\u00e1p, Thi\u1ebft b\u1ecb ch\u00ednh, NPN Th\u00f4ng s\u1ed1 k\u1ef9 thu\u1eadt M\u1eabu FS-V21 Lo\u1ea1i Thi\u1ebft b\u1ecb ch\u00ednh \u0110\u00e8n LED ngu\u1ed3n s\u00e1ng M\u00e0u \u0111\u1ecf Th\u1eddi gian \u0111\u00e1p \u1ee9ng 250 \u00b5s (FINE) \/500 \u00b5s (TURBO) \/1 ms (SUPER TURBO) \/4 ms (ULTRA TURBO) \/500 \u00b5s (HIGH&hellip; <\/p>\n","protected":false},"featured_media":1006,"comment_status":"open","ping_status":"closed","template":"","meta":{"om_disable_all_campaigns":false,"_monsterinsights_skip_tracking":false,"_monsterinsights_sitenote_active":false,"_monsterinsights_sitenote_note":"","_monsterinsights_sitenote_category":0},"product_cat":[15],"product_tag":[88,114,113],"class_list":{"0":"post-1005","1":"product","2":"type-product","3":"status-publish","4":"has-post-thumbnail","6":"product_cat-apex","7":"product_tag-cam-bien","8":"product_tag-dai-ly-keyence-viet-nam","9":"product_tag-keyence-viet-nam","11":"first","12":"instock","13":"shipping-taxable","14":"product-type-simple"},"aioseo_notices":[],"yoast_head":"<!-- This site is optimized with the Yoast SEO plugin v22.8 - https:\/\/yoast.com\/wordpress\/plugins\/seo\/ -->\n<title>KEYENCE FS-V21R - OMANI VI\u1ec6T NAM<\/title>\n<meta name=\"robots\" content=\"index, follow, max-snippet:-1, max-image-preview:large, max-video-preview:-1\" \/>\n<link rel=\"canonical\" href=\"https:\/\/sipin.com.vn\/index.php\/product\/keyence-fs-v21r\/\" \/>\n<meta property=\"og:locale\" content=\"vi_VN\" \/>\n<meta property=\"og:type\" content=\"article\" \/>\n<meta property=\"og:title\" content=\"KEYENCE FS-V21R - OMANI VI\u1ec6T NAM\" \/>\n<meta property=\"og:description\" content=\"KEYENCE FS-V21R B\u1ed9 khu\u1ebfch \u0111\u1ea1i s\u1ee3i quang, lo\u1ea1i c\u00e1p, Thi\u1ebft b\u1ecb ch\u00ednh, NPN Th\u00f4ng s\u1ed1 k\u1ef9 thu\u1eadt M\u1eabu FS-V21 Lo\u1ea1i Thi\u1ebft b\u1ecb ch\u00ednh \u0110\u00e8n LED ngu\u1ed3n s\u00e1ng M\u00e0u \u0111\u1ecf Th\u1eddi gian \u0111\u00e1p \u1ee9ng 250 \u00b5s (FINE) \/500 \u00b5s (TURBO) \/1 ms (SUPER TURBO) \/4 ms (ULTRA TURBO) \/500 \u00b5s (HIGH&hellip;\" \/>\n<meta property=\"og:url\" content=\"https:\/\/sipin.com.vn\/index.php\/product\/keyence-fs-v21r\/\" \/>\n<meta property=\"og:site_name\" content=\"OMANI VI\u1ec6T NAM\" \/>\n<meta property=\"article:modified_time\" content=\"2024-07-14T22:19:18+00:00\" \/>\n<meta property=\"og:image\" content=\"https:\/\/sipin.com.vn\/wp-content\/uploads\/2024\/07\/FS-V21R.png\" \/>\n\t<meta property=\"og:image:width\" content=\"573\" \/>\n\t<meta property=\"og:image:height\" content=\"439\" \/>\n\t<meta property=\"og:image:type\" content=\"image\/png\" \/>\n<meta name=\"twitter:card\" content=\"summary_large_image\" \/>\n<meta name=\"twitter:label1\" content=\"\u01af\u1edbc t\u00ednh th\u1eddi gian \u0111\u1ecdc\" \/>\n\t<meta name=\"twitter:data1\" content=\"6 ph\u00fat\" \/>\n<script type=\"application\/ld+json\" class=\"yoast-schema-graph\">{\"@context\":\"https:\/\/schema.org\",\"@graph\":[{\"@type\":\"WebPage\",\"@id\":\"https:\/\/sipin.com.vn\/index.php\/product\/keyence-fs-v21r\/\",\"url\":\"https:\/\/sipin.com.vn\/index.php\/product\/keyence-fs-v21r\/\",\"name\":\"KEYENCE FS-V21R - OMANI VI\u1ec6T NAM\",\"isPartOf\":{\"@id\":\"https:\/\/sipin.com.vn\/#website\"},\"primaryImageOfPage\":{\"@id\":\"https:\/\/sipin.com.vn\/index.php\/product\/keyence-fs-v21r\/#primaryimage\"},\"image\":{\"@id\":\"https:\/\/sipin.com.vn\/index.php\/product\/keyence-fs-v21r\/#primaryimage\"},\"thumbnailUrl\":\"https:\/\/sipin.com.vn\/wp-content\/uploads\/2024\/07\/FS-V21R.png\",\"datePublished\":\"2024-07-04T21:39:26+00:00\",\"dateModified\":\"2024-07-14T22:19:18+00:00\",\"breadcrumb\":{\"@id\":\"https:\/\/sipin.com.vn\/index.php\/product\/keyence-fs-v21r\/#breadcrumb\"},\"inLanguage\":\"vi\",\"potentialAction\":[{\"@type\":\"ReadAction\",\"target\":[\"https:\/\/sipin.com.vn\/index.php\/product\/keyence-fs-v21r\/\"]}]},{\"@type\":\"ImageObject\",\"inLanguage\":\"vi\",\"@id\":\"https:\/\/sipin.com.vn\/index.php\/product\/keyence-fs-v21r\/#primaryimage\",\"url\":\"https:\/\/sipin.com.vn\/wp-content\/uploads\/2024\/07\/FS-V21R.png\",\"contentUrl\":\"https:\/\/sipin.com.vn\/wp-content\/uploads\/2024\/07\/FS-V21R.png\",\"width\":573,\"height\":439},{\"@type\":\"BreadcrumbList\",\"@id\":\"https:\/\/sipin.com.vn\/index.php\/product\/keyence-fs-v21r\/#breadcrumb\",\"itemListElement\":[{\"@type\":\"ListItem\",\"position\":1,\"name\":\"Home\",\"item\":\"https:\/\/sipin.com.vn\/\"},{\"@type\":\"ListItem\",\"position\":2,\"name\":\"S\u1ea2N PH\u1ea8M\",\"item\":\"https:\/\/sipin.com.vn\/index.php\/cua-hang\/\"},{\"@type\":\"ListItem\",\"position\":3,\"name\":\"KEYENCE FS-V21R\"}]},{\"@type\":\"WebSite\",\"@id\":\"https:\/\/sipin.com.vn\/#website\",\"url\":\"https:\/\/sipin.com.vn\/\",\"name\":\"OMANI VI\u1ec6T NAM\",\"description\":\"Nh\u00e0 ph\u00e2n ph\u1ed1i thi\u1ebft b\u1ecb kh\u00ed n\u00e9n v\u00e0 thi\u1ebft b\u1ecb t\u1ef1 \u0111\u1ed9ng h\u00f3a trong c\u00f4ng nghi\u1ec7p\",\"publisher\":{\"@id\":\"https:\/\/sipin.com.vn\/#\/schema\/person\/0ad398a980dc3fd696111c2c5c8fa897\"},\"potentialAction\":[{\"@type\":\"SearchAction\",\"target\":{\"@type\":\"EntryPoint\",\"urlTemplate\":\"https:\/\/sipin.com.vn\/?s={search_term_string}\"},\"query-input\":\"required name=search_term_string\"}],\"inLanguage\":\"vi\"},{\"@type\":[\"Person\",\"Organization\"],\"@id\":\"https:\/\/sipin.com.vn\/#\/schema\/person\/0ad398a980dc3fd696111c2c5c8fa897\",\"name\":\"Nguy\u1ec5n V\u0103n Kh\u00e1nh\",\"image\":{\"@type\":\"ImageObject\",\"inLanguage\":\"vi\",\"@id\":\"https:\/\/sipin.com.vn\/#\/schema\/person\/image\/\",\"url\":\"https:\/\/sipin.com.vn\/wp-content\/uploads\/2024\/06\/logo-1024x1024.png\",\"contentUrl\":\"https:\/\/sipin.com.vn\/wp-content\/uploads\/2024\/06\/logo-1024x1024.png\",\"width\":1024,\"height\":1024,\"caption\":\"Nguy\u1ec5n V\u0103n Kh\u00e1nh\"},\"logo\":{\"@id\":\"https:\/\/sipin.com.vn\/#\/schema\/person\/image\/\"},\"sameAs\":[\"https:\/\/sipin.com.vn\"]}]}<\/script>\n<!-- \/ Yoast SEO plugin. -->","yoast_head_json":{"title":"KEYENCE FS-V21R - OMANI VI\u1ec6T NAM","robots":{"index":"index","follow":"follow","max-snippet":"max-snippet:-1","max-image-preview":"max-image-preview:large","max-video-preview":"max-video-preview:-1"},"canonical":"https:\/\/sipin.com.vn\/index.php\/product\/keyence-fs-v21r\/","og_locale":"vi_VN","og_type":"article","og_title":"KEYENCE FS-V21R - OMANI VI\u1ec6T NAM","og_description":"KEYENCE FS-V21R B\u1ed9 khu\u1ebfch \u0111\u1ea1i s\u1ee3i quang, lo\u1ea1i c\u00e1p, Thi\u1ebft b\u1ecb ch\u00ednh, NPN Th\u00f4ng s\u1ed1 k\u1ef9 thu\u1eadt M\u1eabu FS-V21 Lo\u1ea1i Thi\u1ebft b\u1ecb ch\u00ednh \u0110\u00e8n LED ngu\u1ed3n s\u00e1ng M\u00e0u \u0111\u1ecf Th\u1eddi gian \u0111\u00e1p \u1ee9ng 250 \u00b5s (FINE) \/500 \u00b5s (TURBO) \/1 ms (SUPER TURBO) \/4 ms (ULTRA TURBO) \/500 \u00b5s (HIGH&hellip;","og_url":"https:\/\/sipin.com.vn\/index.php\/product\/keyence-fs-v21r\/","og_site_name":"OMANI VI\u1ec6T NAM","article_modified_time":"2024-07-14T22:19:18+00:00","og_image":[{"width":573,"height":439,"url":"https:\/\/sipin.com.vn\/wp-content\/uploads\/2024\/07\/FS-V21R.png","type":"image\/png"}],"twitter_card":"summary_large_image","twitter_misc":{"\u01af\u1edbc t\u00ednh th\u1eddi gian \u0111\u1ecdc":"6 ph\u00fat"},"schema":{"@context":"https:\/\/schema.org","@graph":[{"@type":"WebPage","@id":"https:\/\/sipin.com.vn\/index.php\/product\/keyence-fs-v21r\/","url":"https:\/\/sipin.com.vn\/index.php\/product\/keyence-fs-v21r\/","name":"KEYENCE FS-V21R - OMANI VI\u1ec6T NAM","isPartOf":{"@id":"https:\/\/sipin.com.vn\/#website"},"primaryImageOfPage":{"@id":"https:\/\/sipin.com.vn\/index.php\/product\/keyence-fs-v21r\/#primaryimage"},"image":{"@id":"https:\/\/sipin.com.vn\/index.php\/product\/keyence-fs-v21r\/#primaryimage"},"thumbnailUrl":"https:\/\/sipin.com.vn\/wp-content\/uploads\/2024\/07\/FS-V21R.png","datePublished":"2024-07-04T21:39:26+00:00","dateModified":"2024-07-14T22:19:18+00:00","breadcrumb":{"@id":"https:\/\/sipin.com.vn\/index.php\/product\/keyence-fs-v21r\/#breadcrumb"},"inLanguage":"vi","potentialAction":[{"@type":"ReadAction","target":["https:\/\/sipin.com.vn\/index.php\/product\/keyence-fs-v21r\/"]}]},{"@type":"ImageObject","inLanguage":"vi","@id":"https:\/\/sipin.com.vn\/index.php\/product\/keyence-fs-v21r\/#primaryimage","url":"https:\/\/sipin.com.vn\/wp-content\/uploads\/2024\/07\/FS-V21R.png","contentUrl":"https:\/\/sipin.com.vn\/wp-content\/uploads\/2024\/07\/FS-V21R.png","width":573,"height":439},{"@type":"BreadcrumbList","@id":"https:\/\/sipin.com.vn\/index.php\/product\/keyence-fs-v21r\/#breadcrumb","itemListElement":[{"@type":"ListItem","position":1,"name":"Home","item":"https:\/\/sipin.com.vn\/"},{"@type":"ListItem","position":2,"name":"S\u1ea2N PH\u1ea8M","item":"https:\/\/sipin.com.vn\/index.php\/cua-hang\/"},{"@type":"ListItem","position":3,"name":"KEYENCE FS-V21R"}]},{"@type":"WebSite","@id":"https:\/\/sipin.com.vn\/#website","url":"https:\/\/sipin.com.vn\/","name":"OMANI VI\u1ec6T NAM","description":"Nh\u00e0 ph\u00e2n ph\u1ed1i thi\u1ebft b\u1ecb kh\u00ed n\u00e9n v\u00e0 thi\u1ebft b\u1ecb t\u1ef1 \u0111\u1ed9ng h\u00f3a trong c\u00f4ng nghi\u1ec7p","publisher":{"@id":"https:\/\/sipin.com.vn\/#\/schema\/person\/0ad398a980dc3fd696111c2c5c8fa897"},"potentialAction":[{"@type":"SearchAction","target":{"@type":"EntryPoint","urlTemplate":"https:\/\/sipin.com.vn\/?s={search_term_string}"},"query-input":"required name=search_term_string"}],"inLanguage":"vi"},{"@type":["Person","Organization"],"@id":"https:\/\/sipin.com.vn\/#\/schema\/person\/0ad398a980dc3fd696111c2c5c8fa897","name":"Nguy\u1ec5n V\u0103n Kh\u00e1nh","image":{"@type":"ImageObject","inLanguage":"vi","@id":"https:\/\/sipin.com.vn\/#\/schema\/person\/image\/","url":"https:\/\/sipin.com.vn\/wp-content\/uploads\/2024\/06\/logo-1024x1024.png","contentUrl":"https:\/\/sipin.com.vn\/wp-content\/uploads\/2024\/06\/logo-1024x1024.png","width":1024,"height":1024,"caption":"Nguy\u1ec5n V\u0103n Kh\u00e1nh"},"logo":{"@id":"https:\/\/sipin.com.vn\/#\/schema\/person\/image\/"},"sameAs":["https:\/\/sipin.com.vn"]}]}},"_links":{"self":[{"href":"https:\/\/sipin.com.vn\/index.php\/wp-json\/wp\/v2\/product\/1005","targetHints":{"allow":["GET"]}}],"collection":[{"href":"https:\/\/sipin.com.vn\/index.php\/wp-json\/wp\/v2\/product"}],"about":[{"href":"https:\/\/sipin.com.vn\/index.php\/wp-json\/wp\/v2\/types\/product"}],"replies":[{"embeddable":true,"href":"https:\/\/sipin.com.vn\/index.php\/wp-json\/wp\/v2\/comments?post=1005"}],"wp:featuredmedia":[{"embeddable":true,"href":"https:\/\/sipin.com.vn\/index.php\/wp-json\/wp\/v2\/media\/1006"}],"wp:attachment":[{"href":"https:\/\/sipin.com.vn\/index.php\/wp-json\/wp\/v2\/media?parent=1005"}],"wp:term":[{"taxonomy":"product_cat","embeddable":true,"href":"https:\/\/sipin.com.vn\/index.php\/wp-json\/wp\/v2\/product_cat?post=1005"},{"taxonomy":"product_tag","embeddable":true,"href":"https:\/\/sipin.com.vn\/index.php\/wp-json\/wp\/v2\/product_tag?post=1005"}],"curies":[{"name":"wp","href":"https:\/\/api.w.org\/{rel}","templated":true}]}}